{"id":9730,"date":"2024-06-11T12:03:01","date_gmt":"2024-06-11T11:03:01","guid":{"rendered":"https:\/\/flokardinal.org\/?page_id=9730"},"modified":"2025-06-13T16:23:33","modified_gmt":"2025-06-13T15:23:33","slug":"esprit-cheval-ceremonie-chamanique","status":"publish","type":"page","link":"https:\/\/flokardinal.org\/?page_id=9730","title":{"rendered":"ESPRIT CHEVAL : c\u00e9r\u00e9monie chamanique"},"content":{"rendered":"\n<p><strong>CELEBRATION et RECONNEXION<\/strong><\/p>\n\n\n\n<figure class=\"wp-block-image size-full\"><a href=\"http:\/\/flokardinal.org\/wp-content\/uploads\/2024\/06\/683e0d41-f878-4bfe-8efa-10228bfa15f3.jpeg\"><img loading=\"lazy\" decoding=\"async\" width=\"500\" height=\"580\" src=\"http:\/\/flokardinal.org\/wp-content\/uploads\/2024\/06\/683e0d41-f878-4bfe-8efa-10228bfa15f3.jpeg\" alt=\"\" class=\"wp-image-9731\" srcset=\"https:\/\/flokardinal.org\/wp-content\/uploads\/2024\/06\/683e0d41-f878-4bfe-8efa-10228bfa15f3.jpeg 500w, https:\/\/flokardinal.org\/wp-content\/uploads\/2024\/06\/683e0d41-f878-4bfe-8efa-10228bfa15f3-259x300.jpeg 259w\" sizes=\"auto, (max-width: 500px) 100vw, 500px\" \/><\/a><\/figure>\n\n\n\n<p><strong>C\u00e9l\u00e9bration et reconnexion<\/strong><\/p>\n\n\n\n<ul class=\"wp-block-list\">\n<li><strong>Cercle de gu\u00e9rison et soin collectif, en pr\u00e9sence des chevaux libres de la Tribu de Kanthaka<\/strong><\/li>\n\n\n\n<li><strong>Tambours, danse-transe, chants intuitifs<\/strong><\/li>\n\n\n\n<li><strong>C\u00e9r\u00e9monie des offrandes<\/strong><\/li>\n<\/ul>\n\n\n\n<p><strong>Au Domaine Equestre de Kanthaka \u2013 <\/strong><\/p>\n\n\n\n<p><strong>Juillet 2024<\/strong><\/p>\n\n\n\n<p><strong>Route de Moul\u00e9zan \u2013 30260 Montmirat<\/strong> (35 kms de N\u00eemes)<\/p>\n\n\n\n<div class=\"wp-block-group\"><div class=\"wp-block-group__inner-container is-layout-constrained wp-block-group-is-layout-constrained\">\n<figure class=\"wp-block-image size-large is-resized\"><a href=\"http:\/\/flokardinal.org\/wp-content\/uploads\/2024\/06\/IMG_20240510_175423_097-1.jpg\"><img loading=\"lazy\" decoding=\"async\" width=\"1024\" height=\"768\" src=\"https:\/\/flokardinal.org\/wp-content\/uploads\/2024\/06\/IMG_20240510_175423_097-1-1024x768.jpg\" alt=\"\" class=\"wp-image-9747\" style=\"width:400px\" srcset=\"https:\/\/flokardinal.org\/wp-content\/uploads\/2024\/06\/IMG_20240510_175423_097-1-1024x768.jpg 1024w, https:\/\/flokardinal.org\/wp-content\/uploads\/2024\/06\/IMG_20240510_175423_097-1-300x225.jpg 300w, https:\/\/flokardinal.org\/wp-content\/uploads\/2024\/06\/IMG_20240510_175423_097-1-768x576.jpg 768w\" sizes=\"auto, (max-width: 1024px) 100vw, 1024px\" \/><\/a><\/figure>\n\n\n\n<figure class=\"wp-block-image size-large is-resized\"><a href=\"http:\/\/flokardinal.org\/wp-content\/uploads\/2024\/06\/440859092_25619794407636564_7672012400665792128_n.jpg\"><img loading=\"lazy\" decoding=\"async\" width=\"577\" height=\"1024\" src=\"http:\/\/flokardinal.org\/wp-content\/uploads\/2024\/06\/440859092_25619794407636564_7672012400665792128_n-577x1024.jpg\" alt=\"\" class=\"wp-image-9744\" style=\"width:400px\" srcset=\"https:\/\/flokardinal.org\/wp-content\/uploads\/2024\/06\/440859092_25619794407636564_7672012400665792128_n-577x1024.jpg 577w, https:\/\/flokardinal.org\/wp-content\/uploads\/2024\/06\/440859092_25619794407636564_7672012400665792128_n-169x300.jpg 169w, https:\/\/flokardinal.org\/wp-content\/uploads\/2024\/06\/440859092_25619794407636564_7672012400665792128_n-768x1364.jpg 768w, https:\/\/flokardinal.org\/wp-content\/uploads\/2024\/06\/440859092_25619794407636564_7672012400665792128_n-865x1536.jpg 865w, https:\/\/flokardinal.org\/wp-content\/uploads\/2024\/06\/440859092_25619794407636564_7672012400665792128_n.jpg 901w\" sizes=\"auto, (max-width: 577px) 100vw, 577px\" \/><\/a><\/figure>\n<\/div><\/div>\n\n\n\n<p><strong>Claire MORIN, <\/strong>psycho-praticienne en accompagnement de l\u2019Etre par le cheval, m\u00e9diatrice \u00e9quine et equi-coach<\/p>\n\n\n\n<p>et<\/p>\n\n\n\n<p><strong>Flo KARDINAL, <\/strong>artiste chor\u00e9graphe ,  Femme M\u00e9decine et enseignante<\/p>\n\n\n\n<p><strong>Participation libre et consciente \u00e0 partir de&nbsp;: <\/strong><strong>50 \u20ac<\/strong><\/p>\n\n\n\n<p><strong>Flo vous fera \u00ab&nbsp;<em>traverser la Roue de M\u00e9decine en corps, en voix et transes, gr\u00e2ce \u00e0 des outils sp\u00e9cifiques, afin de vous rapprocher de l\u2019\u00ab&nbsp;Esprit du cheval&nbsp;\u00bb, pour communiquer dans les champs subtils avec lui, et entrer dans LA DANSE ensembles<\/em>&nbsp;\u00bb.<\/strong><\/p>\n\n\n\n<p><strong>Gr\u00e2ce \u00e0 une mise en relation consciente et \u00e0 un accompagnement structur\u00e9 et bienveillant, Claire vous invitera sur \u00ab&nbsp;<em>la \u00ab&nbsp;voie du cheval&nbsp;\u00bb, pour vivre une connexion authentique avec les chevaux, source de gu\u00e9rison profonde. Entrez dans le monde des chevaux et laissez-vous porter par leur m\u00e9decine.&nbsp;\u00bb<\/em><\/strong><\/p>\n\n\n\n<p>Le travail prend appui sur la transe&nbsp;: usage du tambour, chants, voyages chamaniques.<\/p>\n\n\n\n<p>Vous serez accompagn\u00e9s et guid\u00e9s par nos partenaires&nbsp;: onze chevaux gu\u00e9risseurs, \u00e0 la fois puissants et bienveillants, et familiaris\u00e9s \u00e0 l\u2019approche chamanique&nbsp;:<\/p>\n\n\n\n<p><strong>Tipi, Misty, Tanaka, Queen, So Glad, Anaya, Aventure, Chamanie, Fa\u00efga, Petit-Jour et Loungta\u2026.<\/strong><\/p>\n\n\n\n<p><strong>Informations pratiques<\/strong><strong><\/strong><\/p>\n\n\n\n<p><strong>D\u00e9but de la c\u00e9r\u00e9monie \u00e0 17h30<\/strong><\/p>\n\n\n\n<p><strong>Accueil \u00e0 partir de 17h15<\/strong><\/p>\n\n\n\n<p><strong>Fin vers 20h30<\/strong><\/p>\n\n\n\n<p>Suivi d\u2019un repas partag\u00e9 en mode auberge espagnole pour celle.eux qui le souhaitent<\/p>\n\n\n\n<p>Possibilit\u00e9 de rester camper sur place le samedi soir pour participer \u00e0 l\u2019atelier du lendemain matin<\/p>\n\n\n\n<p><strong>C\u00e9r\u00e9monie seule&nbsp;: 50 \u20ac<\/strong><\/p>\n\n\n\n<p><strong>Atelier dimanche&nbsp;: 80 \u20ac<\/strong><\/p>\n\n\n\n<p><strong>Combo c\u00e9r\u00e9monie + atelier&nbsp;: 110 \u20ac<\/strong><\/p>\n\n\n\n<p><strong>H\u00e9bergement en sus<\/strong><\/p>\n\n\n\n<ul class=\"wp-block-list\">\n<li><strong>10 \u20ac avec votre propre mat\u00e9riel<\/strong><\/li>\n\n\n\n<li><strong>15 \u20ac tente collective avec matelas<\/strong><\/li>\n<\/ul>\n\n\n\n<p><strong>CONDITIONS D\u2019INSCRIPTION<\/strong><\/p>\n\n\n\n<p>C\u00e9r\u00e9monie ouverte \u00e0 toute personne majeure et aux ados \u00e0 partir de 15 ans accompagn\u00e9 d\u2019un adulte,<\/p>\n\n\n\n<p>Aucun pr\u00e9-requis. Il faut simplement \u00eatre ouvert.e aux principes de la transe, de la danse et du chamanisme.<\/p>\n\n\n\n<p>Aucune connaissance des chevaux n\u2019est n\u00e9cessaire. Toutes les pratiques ont lieu \u00e0 pied. Les cavaliers sont les bienvenus.<\/p>\n\n\n\n<p>Amenez  votre tambour ou instrument percussif, une tenue ad\u00e9quate pour ext\u00e9rieur et en m\u00eame temps \u00ab\u00a0de c\u00e9r\u00e9monie \u00a0\u00bb  avec les chevaux  et le cercle, des offrandes rituelles ( cela vous sera pr\u00e9cis\u00e9 apr\u00e8s inscription) <\/p>\n\n\n\n<p>Votre place est assur\u00e9e par l&rsquo;inscription au pr\u00e9alable .<\/p>\n\n\n\n<p>Vous pouvez choisir le paiement par virement bancaire (RIB fourni sur demande) ou par le lien ci dessous <\/p>\n\n\n\n<p><strong>LIEN DE RESERVATION PAIEMENT<\/strong> <a href=\"https:\/\/my.weezevent.com\/esprit-cheval\">https:\/\/my.weezevent.com\/esprit-cheval<\/a><\/p>\n\n\n\n<p><strong>LES INTERVENANTES<\/strong> :<\/p>\n\n\n\n<p><strong>FLO KARDINAL \/ Flo White Wolf &nbsp;<\/strong><\/p>\n\n\n\n<p>\u00ab&nbsp;<em>La&nbsp;danse est le cahier d\u2019histoire de ma vie, elle m\u2019a apport\u00e9e la connaissance de moi-m\u00eame et de mes limites, l\u2019\u00e9ternelle volont\u00e9 de conna\u00eetre l\u2019autre au travers de ses cultures et pratiques artistiques. C\u2019est un langage universel qui me ram\u00e8ne toujours \u00e0 l\u2019essentiel qu\u2019est le partage .Je suis &nbsp;moi parce que je danse<\/em>\u00bb \u00ab&nbsp;<em>Depuis 25 ans j\u2019ai trouv\u00e9 dans la pratique rituelle de la transe la danse organique libre et intuitive qui a transcend\u00e9 mon instinct cr\u00e9ateur et dans ma connexion \u00e0 la Nature j\u2019ai d\u00e9crypt\u00e9 le lien archa\u00efque et ancestral qui me reliait aux cycles de l\u2019univers .Depuis que je suis enfant je m&rsquo;inspire de l&rsquo;Esprit des Animaux, de la Symbolique de la Nature et d&rsquo;une&nbsp;\u00ab&nbsp;Roue de M\u00e9decine personnelle et singuli\u00e8re<\/em>&nbsp;\u00bb<em>.Petite fille de coupeuse de feu , j\u2019ai \u00e9t\u00e9 initi\u00e9e tr\u00e8s jeune aux espaces subtils et lorsque j\u2019ai voyag\u00e9 au gr\u00e9e de mes chantiers artistiques je me suis reconnect\u00e9e au Jeu des Dimensions sans savoir que j\u2019allais rencontr\u00e9 mon \u00eatre gu\u00e9risseur\/\u00eatre m\u00e9decine&nbsp;\u00bb.<\/em><\/p>\n\n\n\n<p>Flo Kardinal est initi\u00e9e \u00e0 la m\u00e9decine des Native Am\u00e9rindiens. En Afrique elle est baptis\u00e9e par les gu\u00e9risseurs maliens. En Mongolie, elle rencontre Enkhetuya et traverse une initiation forte en for\u00eat avec ses guides et anc\u00eatres.&nbsp; Cette qu\u00eate de vision impromptue la fera s\u2019engager encore plus profond\u00e9ment dans la voie qui est aussi la sienne celle des gu\u00e9risseuses.<br>L\u2019artiste fonde le cursus d\u2019enseignement de pratique chamanique&nbsp; LES DANSES DE LA CHAMANE \u00ae\u2122( Un concept Art et Chamanisme\u00a9) , elle y enseigne une m\u00e9thode singuli\u00e8re et sp\u00e9cifique de \u00ab&nbsp;cr\u00e9ation de gu\u00e9rison&nbsp;\u00bb .<\/p>\n\n\n\n<p>Flo Kardinal est chor\u00e9graphe de la Cie Tir Group\u00e9 , titulaire du dipl\u00f4me d&rsquo;enseignement de la danse , transmetteuse de la Planetary Danse selon Anna Halprin , initi\u00e9e \u00e0 la tradition ancestrale mongole par Enkhtuya Ragchaa<\/p>\n\n\n\n<p><strong><a href=\"http:\/\/flokardinal.org\/\">http:\/\/flokardinal.org\/<\/a><\/strong><\/p>\n\n\n\n<p><strong>CLAIRE MORIN \u2013 Caval\u2019essence<\/strong><\/p>\n\n\n\n<p><em>Depuis toujours les chevaux guident mon parcours de vie et m\u2019enseignent.<br>En cheminant \u00e0 leurs c\u00f4t\u00e9s depuis plus de 40 ans, je m\u2019\u00e9merveille chaque jour de constater comment, si on les \u00e9coute vraiment, les chevaux nous guident vers notre v\u00e9ritable essence. Ils nous permettent d\u2019acc\u00e9der \u00e0 la puissance et \u00e0 la sagesse de notre Etre et d\u2019aller \u00e0 la rencontre de qui nous sommes vraiment. A chaque instant, je d\u00e9couvre gr\u00e2ce \u00e0 eux un acc\u00e8s \u00e0 une spiritualit\u00e9 incarn\u00e9e : La \u00ab\u00a0voie du cheval\u00a0\u00bb Aujourd\u2019hui transmettre le message des chevaux et accompagner les humains sur ce profond chemin de connaissance de Soi est devenu ma mission de vie. A travers le concept Caval\u2019essence, j&rsquo;ai \u00e9labor\u00e9 ma propre m\u00e9thode d\u2019accompagnement de l\u2019Etre par et avec le cheval. Je suis la gardienne d\u2019un espace naturel enti\u00e8rement d\u00e9di\u00e9 \u00e0 la relation homme-cheval et \u00e0 l\u2019agro-\u00e9cologie \u00e9quine, le Domaine \u00e9questre de Kanthaka, dans le pi\u00e9mont C\u00e9v\u00e9nol (Montmirat \u2013 Gard<\/em>)&nbsp;\u00bb<\/p>\n\n\n\n<p>Claire Morin est<br>Equi-coach \u2013 Psycho-praticienne en m\u00e9diation \u00e9quine<br>Enseignante d\u2019Equitation dipl\u00f4m\u00e9e, sp\u00e9cialis\u00e9e en \u00e9quitation comportementale.<br>Titulaire d\u2019un dipl\u00f4me de Relation d\u2019Aide &#8211; Form\u00e9e la C.N.V\u00ae et \u00e0 l\u2019IFS<\/p>\n\n\n\n<figure class=\"wp-block-image size-large\"><a href=\"http:\/\/flokardinal.org\/wp-content\/uploads\/2024\/06\/IMG_20240511_121038_678.jpg\"><img loading=\"lazy\" decoding=\"async\" width=\"1024\" height=\"768\" src=\"http:\/\/flokardinal.org\/wp-content\/uploads\/2024\/06\/IMG_20240511_121038_678-1024x768.jpg\" alt=\"\" class=\"wp-image-9756\" srcset=\"https:\/\/flokardinal.org\/wp-content\/uploads\/2024\/06\/IMG_20240511_121038_678-1024x768.jpg 1024w, https:\/\/flokardinal.org\/wp-content\/uploads\/2024\/06\/IMG_20240511_121038_678-300x225.jpg 300w, https:\/\/flokardinal.org\/wp-content\/uploads\/2024\/06\/IMG_20240511_121038_678-768x576.jpg 768w\" sizes=\"auto, (max-width: 1024px) 100vw, 1024px\" \/><\/a><\/figure>\n\n\n\n<p>NOTA :<strong><u>Conditions g\u00e9n\u00e9rales de vente&nbsp;:<\/u>Cas g\u00e9n\u00e9ral <\/strong>pour rappel <\/p>\n\n\n\n<p>En cas d\u2019annulation du fait du Client&nbsp;plus de 30 jours avant le d\u00e9but de la prestation, 50% du montant de la prestation sont rembours\u00e9s et 50% restent dus par le Client,&nbsp;<\/p>\n\n\n\n<p>En cas d&rsquo;annulation moins&nbsp;de 30 jours&nbsp;avant la date pr\u00e9vue, du non-respect par un participant de la charte \u00e9thique (fournie en annexe de l\u2019inscription), d\u2019omissions ou de donn\u00e9es inexactes apport\u00e9es par un participant lors des \u00e9changes pr\u00e9c\u00e9dant les stages et emp\u00eachant la faisabilit\u00e9 de l\u2019activit\u00e9, ou de l\u2019impossibilit\u00e9 pour un participant d\u2019achever la totalit\u00e9 d\u2019une activit\u00e9 organis\u00e9e, aucun remboursement des frais engag\u00e9s par le participant ne pourra \u00eatre effectu\u00e9<\/p>\n\n\n\n<p>En cas d\u2019impossibilit\u00e9 d\u2019organiser une activit\u00e9 aux dates pr\u00e9vues entrainant l\u2019annulation de l\u2019activit\u00e9, d\u2019un partenaire ou d\u2019un organisateur, les participations d\u00e9j\u00e0 vers\u00e9es seront int\u00e9gralement rembours\u00e9es<\/p>\n","protected":false},"excerpt":{"rendered":"<p>CELEBRATION et RECONNEXION C\u00e9l\u00e9bration et reconnexion Au Domaine Equestre de Kanthaka \u2013 Juillet 2024 Route de Moul\u00e9zan \u2013 30260 Montmirat (35 kms de N\u00eemes) Claire MORIN, psycho-praticienne en accompagnement de l\u2019Etre par le cheval, m\u00e9diatrice \u00e9quine et equi-coach et Flo KARDINAL, artiste chor\u00e9graphe , Femme M\u00e9decine et enseignante Participation libre et consciente \u00e0 partir de&nbsp;: &hellip; <a href=\"https:\/\/flokardinal.org\/?page_id=9730\" class=\"more-link\">Continuer la lecture de <span class=\"screen-reader-text\">ESPRIT CHEVAL : c\u00e9r\u00e9monie chamanique<\/span>  <span class=\"meta-nav\">&rarr;<\/span><\/a><\/p>\n","protected":false},"author":1,"featured_media":9731,"parent":7001,"menu_order":8,"comment_status":"closed","ping_status":"closed","template":"","meta":{"footnotes":""},"class_list":["post-9730","page","type-page","status-publish","has-post-thumbnail","hentry"],"yoast_head":"<!-- This site is optimized with the Yoast SEO plugin v27.3 - https:\/\/yoast.com\/product\/yoast-seo-wordpress\/ -->\n<title>ESPRIT CHEVAL : c\u00e9r\u00e9monie chamanique - Les danses de la chamane<\/title>\n<meta name=\"robots\" content=\"index, follow, max-snippet:-1, max-image-preview:large, max-video-preview:-1\" \/>\n<link rel=\"canonical\" href=\"https:\/\/flokardinal.org\/?page_id=9730\" \/>\n<meta property=\"og:locale\" content=\"fr_FR\" \/>\n<meta property=\"og:type\" content=\"article\" \/>\n<meta property=\"og:title\" content=\"ESPRIT CHEVAL : c\u00e9r\u00e9monie chamanique - Les danses de la chamane\" \/>\n<meta property=\"og:description\" content=\"CELEBRATION et RECONNEXION C\u00e9l\u00e9bration et reconnexion Au Domaine Equestre de Kanthaka \u2013 Juillet 2024 Route de Moul\u00e9zan \u2013 30260 Montmirat (35 kms de N\u00eemes) Claire MORIN, psycho-praticienne en accompagnement de l\u2019Etre par le cheval, m\u00e9diatrice \u00e9quine et equi-coach et Flo KARDINAL, artiste chor\u00e9graphe , Femme M\u00e9decine et enseignante Participation libre et consciente \u00e0 partir de&nbsp;: &hellip; Continuer la lecture de ESPRIT CHEVAL : c\u00e9r\u00e9monie chamanique &rarr;\" \/>\n<meta property=\"og:url\" content=\"https:\/\/flokardinal.org\/?page_id=9730\" \/>\n<meta property=\"og:site_name\" content=\"Les danses de la chamane\" \/>\n<meta property=\"article:modified_time\" content=\"2025-06-13T15:23:33+00:00\" \/>\n<meta property=\"og:image\" content=\"https:\/\/flokardinal.org\/wp-content\/uploads\/2024\/06\/683e0d41-f878-4bfe-8efa-10228bfa15f3.jpeg\" \/>\n\t<meta property=\"og:image:width\" content=\"500\" \/>\n\t<meta property=\"og:image:height\" content=\"580\" \/>\n\t<meta property=\"og:image:type\" content=\"image\/jpeg\" \/>\n<meta name=\"twitter:card\" content=\"summary_large_image\" \/>\n<meta name=\"twitter:site\" content=\"@kardinal93\" \/>\n<meta name=\"twitter:label1\" content=\"Dur\u00e9e de lecture estim\u00e9e\" \/>\n\t<meta name=\"twitter:data1\" content=\"7 minutes\" \/>\n<script type=\"application\/ld+json\" class=\"yoast-schema-graph\">{\"@context\":\"https:\\\/\\\/schema.org\",\"@graph\":[{\"@type\":\"WebPage\",\"@id\":\"https:\\\/\\\/flokardinal.org\\\/?page_id=9730\",\"url\":\"https:\\\/\\\/flokardinal.org\\\/?page_id=9730\",\"name\":\"ESPRIT CHEVAL : c\u00e9r\u00e9monie chamanique - Les danses de la chamane\",\"isPartOf\":{\"@id\":\"https:\\\/\\\/flokardinal.org\\\/#website\"},\"primaryImageOfPage\":{\"@id\":\"https:\\\/\\\/flokardinal.org\\\/?page_id=9730#primaryimage\"},\"image\":{\"@id\":\"https:\\\/\\\/flokardinal.org\\\/?page_id=9730#primaryimage\"},\"thumbnailUrl\":\"https:\\\/\\\/flokardinal.org\\\/wp-content\\\/uploads\\\/2024\\\/06\\\/683e0d41-f878-4bfe-8efa-10228bfa15f3.jpeg\",\"datePublished\":\"2024-06-11T11:03:01+00:00\",\"dateModified\":\"2025-06-13T15:23:33+00:00\",\"breadcrumb\":{\"@id\":\"https:\\\/\\\/flokardinal.org\\\/?page_id=9730#breadcrumb\"},\"inLanguage\":\"fr-FR\",\"potentialAction\":[{\"@type\":\"ReadAction\",\"target\":[\"https:\\\/\\\/flokardinal.org\\\/?page_id=9730\"]}]},{\"@type\":\"ImageObject\",\"inLanguage\":\"fr-FR\",\"@id\":\"https:\\\/\\\/flokardinal.org\\\/?page_id=9730#primaryimage\",\"url\":\"https:\\\/\\\/flokardinal.org\\\/wp-content\\\/uploads\\\/2024\\\/06\\\/683e0d41-f878-4bfe-8efa-10228bfa15f3.jpeg\",\"contentUrl\":\"https:\\\/\\\/flokardinal.org\\\/wp-content\\\/uploads\\\/2024\\\/06\\\/683e0d41-f878-4bfe-8efa-10228bfa15f3.jpeg\",\"width\":500,\"height\":580},{\"@type\":\"BreadcrumbList\",\"@id\":\"https:\\\/\\\/flokardinal.org\\\/?page_id=9730#breadcrumb\",\"itemListElement\":[{\"@type\":\"ListItem\",\"position\":1,\"name\":\"Accueil\",\"item\":\"https:\\\/\\\/flokardinal.org\\\/\"},{\"@type\":\"ListItem\",\"position\":2,\"name\":\"LA PRATIQUE CORPORELLE :La Secousse Libre\",\"item\":\"https:\\\/\\\/flokardinal.org\\\/?page_id=7001\"},{\"@type\":\"ListItem\",\"position\":3,\"name\":\"ESPRIT CHEVAL : c\u00e9r\u00e9monie chamanique\"}]},{\"@type\":\"WebSite\",\"@id\":\"https:\\\/\\\/flokardinal.org\\\/#website\",\"url\":\"https:\\\/\\\/flokardinal.org\\\/\",\"name\":\"Les danses de la chamane\",\"description\":\"Le corps cr\u00e9ateur gu\u00e9risseur salvateur\",\"potentialAction\":[{\"@type\":\"SearchAction\",\"target\":{\"@type\":\"EntryPoint\",\"urlTemplate\":\"https:\\\/\\\/flokardinal.org\\\/?s={search_term_string}\"},\"query-input\":{\"@type\":\"PropertyValueSpecification\",\"valueRequired\":true,\"valueName\":\"search_term_string\"}}],\"inLanguage\":\"fr-FR\"}]}<\/script>\n<!-- \/ Yoast SEO plugin. -->","yoast_head_json":{"title":"ESPRIT CHEVAL : c\u00e9r\u00e9monie chamanique - Les danses de la chamane","robots":{"index":"index","follow":"follow","max-snippet":"max-snippet:-1","max-image-preview":"max-image-preview:large","max-video-preview":"max-video-preview:-1"},"canonical":"https:\/\/flokardinal.org\/?page_id=9730","og_locale":"fr_FR","og_type":"article","og_title":"ESPRIT CHEVAL : c\u00e9r\u00e9monie chamanique - Les danses de la chamane","og_description":"CELEBRATION et RECONNEXION C\u00e9l\u00e9bration et reconnexion Au Domaine Equestre de Kanthaka \u2013 Juillet 2024 Route de Moul\u00e9zan \u2013 30260 Montmirat (35 kms de N\u00eemes) Claire MORIN, psycho-praticienne en accompagnement de l\u2019Etre par le cheval, m\u00e9diatrice \u00e9quine et equi-coach et Flo KARDINAL, artiste chor\u00e9graphe , Femme M\u00e9decine et enseignante Participation libre et consciente \u00e0 partir de&nbsp;: &hellip; Continuer la lecture de ESPRIT CHEVAL : c\u00e9r\u00e9monie chamanique &rarr;","og_url":"https:\/\/flokardinal.org\/?page_id=9730","og_site_name":"Les danses de la chamane","article_modified_time":"2025-06-13T15:23:33+00:00","og_image":[{"width":500,"height":580,"url":"https:\/\/flokardinal.org\/wp-content\/uploads\/2024\/06\/683e0d41-f878-4bfe-8efa-10228bfa15f3.jpeg","type":"image\/jpeg"}],"twitter_card":"summary_large_image","twitter_site":"@kardinal93","twitter_misc":{"Dur\u00e9e de lecture estim\u00e9e":"7 minutes"},"schema":{"@context":"https:\/\/schema.org","@graph":[{"@type":"WebPage","@id":"https:\/\/flokardinal.org\/?page_id=9730","url":"https:\/\/flokardinal.org\/?page_id=9730","name":"ESPRIT CHEVAL : c\u00e9r\u00e9monie chamanique - Les danses de la chamane","isPartOf":{"@id":"https:\/\/flokardinal.org\/#website"},"primaryImageOfPage":{"@id":"https:\/\/flokardinal.org\/?page_id=9730#primaryimage"},"image":{"@id":"https:\/\/flokardinal.org\/?page_id=9730#primaryimage"},"thumbnailUrl":"https:\/\/flokardinal.org\/wp-content\/uploads\/2024\/06\/683e0d41-f878-4bfe-8efa-10228bfa15f3.jpeg","datePublished":"2024-06-11T11:03:01+00:00","dateModified":"2025-06-13T15:23:33+00:00","breadcrumb":{"@id":"https:\/\/flokardinal.org\/?page_id=9730#breadcrumb"},"inLanguage":"fr-FR","potentialAction":[{"@type":"ReadAction","target":["https:\/\/flokardinal.org\/?page_id=9730"]}]},{"@type":"ImageObject","inLanguage":"fr-FR","@id":"https:\/\/flokardinal.org\/?page_id=9730#primaryimage","url":"https:\/\/flokardinal.org\/wp-content\/uploads\/2024\/06\/683e0d41-f878-4bfe-8efa-10228bfa15f3.jpeg","contentUrl":"https:\/\/flokardinal.org\/wp-content\/uploads\/2024\/06\/683e0d41-f878-4bfe-8efa-10228bfa15f3.jpeg","width":500,"height":580},{"@type":"BreadcrumbList","@id":"https:\/\/flokardinal.org\/?page_id=9730#breadcrumb","itemListElement":[{"@type":"ListItem","position":1,"name":"Accueil","item":"https:\/\/flokardinal.org\/"},{"@type":"ListItem","position":2,"name":"LA PRATIQUE CORPORELLE :La Secousse Libre","item":"https:\/\/flokardinal.org\/?page_id=7001"},{"@type":"ListItem","position":3,"name":"ESPRIT CHEVAL : c\u00e9r\u00e9monie chamanique"}]},{"@type":"WebSite","@id":"https:\/\/flokardinal.org\/#website","url":"https:\/\/flokardinal.org\/","name":"Les danses de la chamane","description":"Le corps cr\u00e9ateur gu\u00e9risseur salvateur","potentialAction":[{"@type":"SearchAction","target":{"@type":"EntryPoint","urlTemplate":"https:\/\/flokardinal.org\/?s={search_term_string}"},"query-input":{"@type":"PropertyValueSpecification","valueRequired":true,"valueName":"search_term_string"}}],"inLanguage":"fr-FR"}]}},"_links":{"self":[{"href":"https:\/\/flokardinal.org\/index.php?rest_route=\/wp\/v2\/pages\/9730","targetHints":{"allow":["GET"]}}],"collection":[{"href":"https:\/\/flokardinal.org\/index.php?rest_route=\/wp\/v2\/pages"}],"about":[{"href":"https:\/\/flokardinal.org\/index.php?rest_route=\/wp\/v2\/types\/page"}],"author":[{"embeddable":true,"href":"https:\/\/flokardinal.org\/index.php?rest_route=\/wp\/v2\/users\/1"}],"replies":[{"embeddable":true,"href":"https:\/\/flokardinal.org\/index.php?rest_route=%2Fwp%2Fv2%2Fcomments&post=9730"}],"version-history":[{"count":14,"href":"https:\/\/flokardinal.org\/index.php?rest_route=\/wp\/v2\/pages\/9730\/revisions"}],"predecessor-version":[{"id":9973,"href":"https:\/\/flokardinal.org\/index.php?rest_route=\/wp\/v2\/pages\/9730\/revisions\/9973"}],"up":[{"embeddable":true,"href":"https:\/\/flokardinal.org\/index.php?rest_route=\/wp\/v2\/pages\/7001"}],"wp:featuredmedia":[{"embeddable":true,"href":"https:\/\/flokardinal.org\/index.php?rest_route=\/wp\/v2\/media\/9731"}],"wp:attachment":[{"href":"https:\/\/flokardinal.org\/index.php?rest_route=%2Fwp%2Fv2%2Fmedia&parent=9730"}],"curies":[{"name":"wp","href":"https:\/\/api.w.org\/{rel}","templated":true}]}}