{"id":8511,"date":"2022-06-15T18:51:18","date_gmt":"2022-06-15T17:51:18","guid":{"rendered":"http:\/\/flokardinal.org\/wordpress\/?page_id=8511"},"modified":"2025-06-13T16:33:33","modified_gmt":"2025-06-13T15:33:33","slug":"celebrez-la-danse-inter-especes","status":"publish","type":"page","link":"https:\/\/flokardinal.org\/?page_id=8511","title":{"rendered":"C\u00e9lebrez la danse inter esp\u00e9ces"},"content":{"rendered":"\n<p>CHEVAUCHER LE ROUE DE MEDECINE -UNE DANSE RITUELLE AVEC LE CHEVAL LIBRE  au domaine de Kanthaka \/2025<\/p>\n\n\n\n<p>Cela fait maintenant 7 ans que j&rsquo;ai ouvert une voie de communication sensible entre l&rsquo;\u00eatre humain et \u00ab\u00a0l&rsquo;\u00eatre cheval\u00a0\u00bb pour ouvrir un espace de cr\u00e9ation individuel et collectif inter-esp\u00e8ces car mon r\u00eave \u00e9tait de danser avec le cheval et que je suis chor\u00e9graphe et pas cavali\u00e8re ou \u00e9thologue , d&rsquo;o\u00f9 un pont \u00e0 construire, je l&rsquo;ai trouv\u00e9 dans les outils que j&rsquo;utilise. Ce processus se d\u00e9cline autour de la roue m\u00e9decine et de la transe pour envisager un dialogue unique<\/p>\n\n\n\n<p>Je vous propose pour la 4 eme fois de l&rsquo;explorer au domaine de Kanthaka avec ma partenaire Claire Morin et son troupeau de 11 chevaux dans un cadre sauvage et exceptionnel o\u00f9 Claire a am\u00e9nag\u00e9 les espaces pour une relation avec les cheval libre.<\/p>\n\n\n\n<p>Vous pouvez nous y rejoindre , l&rsquo;espace est ouvert \u00e0 un groupe de 10 \u00e0 12 personnes : vous pouvez vous reconnaitre : amoureux des chevaux , de la danse, (professionnels ou amateurs) , personnes int\u00e9ress\u00e9es par la roue de m\u00e9decine et l&rsquo;esprit du tambour et le corps en mouvement, toutes personnes d\u00e9sireuses d&rsquo;explorer son potentiel cr\u00e9atif dans le cadre d&rsquo;un \u00e9change inter-esp\u00e8ces  <\/p>\n\n\n\n<p> L&rsquo;exploration se fera \u00e0 plusieurs niveaux : quand on parle de communication, on envisage le dialogue , celui du corps en particulier. Nous vous proposerons dans ce stage  un laboratoire autour du geste : un espace d&rsquo;exploration  en duo avec le cheval qui vous aura choisi et aussi avec vous m\u00eames et le groupe d&rsquo;humains et de chevaux  afin d&rsquo;entrer dans la structure performative d&rsquo;une danse rituelle telle que je vous l&rsquo;enseignerai .<\/p>\n\n\n\n<p>Inscriptions ouvertes lasecousselibre@gmail.com<\/p>\n\n\n\n<p><a href=\"https:\/\/www.facebook.com\/events\/3042430866020483\/?__cft__[0]=AZUUfixAReFta-0hsJOQqbtzJFgCT9nsGfSW8UdqXyS5Mc17-aDeNC53U8VJD346gt9O6I_QbQlng3CKWpq9g0G0sfVAcZXc54EChf9O8hiXs4Pl_lVF5-cTr0kg4yUigXs&amp;__tn__=-UK-R\">https:\/\/www.facebook.com\/events\/3042430866020483<\/a> vous y trouverez les infos et liens pour vous inscrire. <\/p>\n\n\n\n<p>Vous recevrez une liste d&rsquo;affaires \u00e0 amener fin juillet quand je rentre de Mongolie , si vous d\u00e9sirez des renseignements autour de ce stage lors de mon absence, vous pouvez contacter Claire directement et vous inscrire aupr\u00e8s d&rsquo;elle cavalessence@gmail.com <\/p>\n\n\n\n<p>A bient\u00f4t de vous retrouver sur la piste <\/p>\n\n\n\n<figure class=\"wp-block-image\"><img loading=\"lazy\" decoding=\"async\" width=\"734\" height=\"1024\" src=\"http:\/\/flokardinal.org\/wordpress\/wp-content\/uploads\/2022\/04\/CHEVAUCHER-LA-ROUE-DE-MEDECINE-medium-734x1024.jpg\" alt=\"\" class=\"wp-image-8422\" srcset=\"https:\/\/flokardinal.org\/wp-content\/uploads\/2022\/04\/CHEVAUCHER-LA-ROUE-DE-MEDECINE-medium-734x1024.jpg 734w, https:\/\/flokardinal.org\/wp-content\/uploads\/2022\/04\/CHEVAUCHER-LA-ROUE-DE-MEDECINE-medium-215x300.jpg 215w, https:\/\/flokardinal.org\/wp-content\/uploads\/2022\/04\/CHEVAUCHER-LA-ROUE-DE-MEDECINE-medium-768x1071.jpg 768w, https:\/\/flokardinal.org\/wp-content\/uploads\/2022\/04\/CHEVAUCHER-LA-ROUE-DE-MEDECINE-medium.jpg 909w\" sizes=\"auto, (max-width: 734px) 100vw, 734px\" \/><\/figure>\n\n\n\n<p class=\"has-small-font-size\">Les concepts cr\u00e9es par Flo Kardinal et la Cie Tir Group\u00e9 autour de la technique LA SECOUSSE LIBRE sont d\u00e9pos\u00e9s et prot\u00e9g\u00e9s par les lois en vigueur dans leur \u00e9nonc\u00e9, leur contenu et leur titre @2017  <\/p>\n","protected":false},"excerpt":{"rendered":"<p>CHEVAUCHER LE ROUE DE MEDECINE -UNE DANSE RITUELLE AVEC LE CHEVAL LIBRE au domaine de Kanthaka \/2025 Cela fait maintenant 7 ans que j&rsquo;ai ouvert une voie de communication sensible entre l&rsquo;\u00eatre humain et \u00ab\u00a0l&rsquo;\u00eatre cheval\u00a0\u00bb pour ouvrir un espace de cr\u00e9ation individuel et collectif inter-esp\u00e8ces car mon r\u00eave \u00e9tait de danser avec le cheval &hellip; <a href=\"https:\/\/flokardinal.org\/?page_id=8511\" class=\"more-link\">Continuer la lecture de <span class=\"screen-reader-text\">C\u00e9lebrez la danse inter esp\u00e9ces<\/span>  <span class=\"meta-nav\">&rarr;<\/span><\/a><\/p>\n","protected":false},"author":1,"featured_media":6599,"parent":8421,"menu_order":0,"comment_status":"closed","ping_status":"closed","template":"","meta":{"footnotes":""},"class_list":["post-8511","page","type-page","status-publish","has-post-thumbnail","hentry"],"yoast_head":"<!-- This site is optimized with the Yoast SEO plugin v27.5 - https:\/\/yoast.com\/product\/yoast-seo-wordpress\/ -->\n<title>C\u00e9lebrez la danse inter esp\u00e9ces - Les danses de la chamane<\/title>\n<meta name=\"robots\" content=\"index, follow, max-snippet:-1, max-image-preview:large, max-video-preview:-1\" \/>\n<link rel=\"canonical\" href=\"https:\/\/flokardinal.org\/?page_id=8511\" \/>\n<meta property=\"og:locale\" content=\"fr_FR\" \/>\n<meta property=\"og:type\" content=\"article\" \/>\n<meta property=\"og:title\" content=\"C\u00e9lebrez la danse inter esp\u00e9ces - Les danses de la chamane\" \/>\n<meta property=\"og:description\" content=\"CHEVAUCHER LE ROUE DE MEDECINE -UNE DANSE RITUELLE AVEC LE CHEVAL LIBRE au domaine de Kanthaka \/2025 Cela fait maintenant 7 ans que j&rsquo;ai ouvert une voie de communication sensible entre l&rsquo;\u00eatre humain et \u00ab\u00a0l&rsquo;\u00eatre cheval\u00a0\u00bb pour ouvrir un espace de cr\u00e9ation individuel et collectif inter-esp\u00e8ces car mon r\u00eave \u00e9tait de danser avec le cheval &hellip; Continuer la lecture de C\u00e9lebrez la danse inter esp\u00e9ces &rarr;\" \/>\n<meta property=\"og:url\" content=\"https:\/\/flokardinal.org\/?page_id=8511\" \/>\n<meta property=\"og:site_name\" content=\"Les danses de la chamane\" \/>\n<meta property=\"article:modified_time\" content=\"2025-06-13T15:33:33+00:00\" \/>\n<meta property=\"og:image\" content=\"https:\/\/flokardinal.org\/wp-content\/uploads\/2020\/05\/La-danse-rituelle-verso-LOW-DEFINITION.jpg\" \/>\n\t<meta property=\"og:image:width\" content=\"909\" \/>\n\t<meta property=\"og:image:height\" content=\"1268\" \/>\n\t<meta property=\"og:image:type\" content=\"image\/jpeg\" \/>\n<meta name=\"twitter:card\" content=\"summary_large_image\" \/>\n<meta name=\"twitter:site\" content=\"@kardinal93\" \/>\n<meta name=\"twitter:label1\" content=\"Dur\u00e9e de lecture estim\u00e9e\" \/>\n\t<meta name=\"twitter:data1\" content=\"3 minutes\" \/>\n<script type=\"application\/ld+json\" class=\"yoast-schema-graph\">{\"@context\":\"https:\\\/\\\/schema.org\",\"@graph\":[{\"@type\":\"WebPage\",\"@id\":\"https:\\\/\\\/flokardinal.org\\\/?page_id=8511\",\"url\":\"https:\\\/\\\/flokardinal.org\\\/?page_id=8511\",\"name\":\"C\u00e9lebrez la danse inter esp\u00e9ces - Les danses de la chamane\",\"isPartOf\":{\"@id\":\"https:\\\/\\\/flokardinal.org\\\/#website\"},\"primaryImageOfPage\":{\"@id\":\"https:\\\/\\\/flokardinal.org\\\/?page_id=8511#primaryimage\"},\"image\":{\"@id\":\"https:\\\/\\\/flokardinal.org\\\/?page_id=8511#primaryimage\"},\"thumbnailUrl\":\"https:\\\/\\\/flokardinal.org\\\/wp-content\\\/uploads\\\/2020\\\/05\\\/La-danse-rituelle-verso-LOW-DEFINITION.jpg\",\"datePublished\":\"2022-06-15T17:51:18+00:00\",\"dateModified\":\"2025-06-13T15:33:33+00:00\",\"breadcrumb\":{\"@id\":\"https:\\\/\\\/flokardinal.org\\\/?page_id=8511#breadcrumb\"},\"inLanguage\":\"fr-FR\",\"potentialAction\":[{\"@type\":\"ReadAction\",\"target\":[\"https:\\\/\\\/flokardinal.org\\\/?page_id=8511\"]}]},{\"@type\":\"ImageObject\",\"inLanguage\":\"fr-FR\",\"@id\":\"https:\\\/\\\/flokardinal.org\\\/?page_id=8511#primaryimage\",\"url\":\"https:\\\/\\\/flokardinal.org\\\/wp-content\\\/uploads\\\/2020\\\/05\\\/La-danse-rituelle-verso-LOW-DEFINITION.jpg\",\"contentUrl\":\"https:\\\/\\\/flokardinal.org\\\/wp-content\\\/uploads\\\/2020\\\/05\\\/La-danse-rituelle-verso-LOW-DEFINITION.jpg\",\"width\":909,\"height\":1268},{\"@type\":\"BreadcrumbList\",\"@id\":\"https:\\\/\\\/flokardinal.org\\\/?page_id=8511#breadcrumb\",\"itemListElement\":[{\"@type\":\"ListItem\",\"position\":1,\"name\":\"Accueil\",\"item\":\"https:\\\/\\\/flokardinal.org\\\/\"},{\"@type\":\"ListItem\",\"position\":2,\"name\":\"LA PRATIQUE CORPORELLE :La Secousse Libre\",\"item\":\"https:\\\/\\\/flokardinal.org\\\/?page_id=7001\"},{\"@type\":\"ListItem\",\"position\":3,\"name\":\"Chevaucher La Roue M\u00e9decine \u00a9 Une Danse Rituelle avec le cheval libre\",\"item\":\"http:\\\/\\\/flokardinal.org\\\/?page_id=8421\"},{\"@type\":\"ListItem\",\"position\":4,\"name\":\"C\u00e9lebrez la danse inter esp\u00e9ces\"}]},{\"@type\":\"WebSite\",\"@id\":\"https:\\\/\\\/flokardinal.org\\\/#website\",\"url\":\"https:\\\/\\\/flokardinal.org\\\/\",\"name\":\"Les danses de la chamane\",\"description\":\"Le corps cr\u00e9ateur gu\u00e9risseur salvateur\",\"potentialAction\":[{\"@type\":\"SearchAction\",\"target\":{\"@type\":\"EntryPoint\",\"urlTemplate\":\"https:\\\/\\\/flokardinal.org\\\/?s={search_term_string}\"},\"query-input\":{\"@type\":\"PropertyValueSpecification\",\"valueRequired\":true,\"valueName\":\"search_term_string\"}}],\"inLanguage\":\"fr-FR\"}]}<\/script>\n<!-- \/ Yoast SEO plugin. -->","yoast_head_json":{"title":"C\u00e9lebrez la danse inter esp\u00e9ces - Les danses de la chamane","robots":{"index":"index","follow":"follow","max-snippet":"max-snippet:-1","max-image-preview":"max-image-preview:large","max-video-preview":"max-video-preview:-1"},"canonical":"https:\/\/flokardinal.org\/?page_id=8511","og_locale":"fr_FR","og_type":"article","og_title":"C\u00e9lebrez la danse inter esp\u00e9ces - Les danses de la chamane","og_description":"CHEVAUCHER LE ROUE DE MEDECINE -UNE DANSE RITUELLE AVEC LE CHEVAL LIBRE au domaine de Kanthaka \/2025 Cela fait maintenant 7 ans que j&rsquo;ai ouvert une voie de communication sensible entre l&rsquo;\u00eatre humain et \u00ab\u00a0l&rsquo;\u00eatre cheval\u00a0\u00bb pour ouvrir un espace de cr\u00e9ation individuel et collectif inter-esp\u00e8ces car mon r\u00eave \u00e9tait de danser avec le cheval &hellip; Continuer la lecture de C\u00e9lebrez la danse inter esp\u00e9ces &rarr;","og_url":"https:\/\/flokardinal.org\/?page_id=8511","og_site_name":"Les danses de la chamane","article_modified_time":"2025-06-13T15:33:33+00:00","og_image":[{"width":909,"height":1268,"url":"https:\/\/flokardinal.org\/wp-content\/uploads\/2020\/05\/La-danse-rituelle-verso-LOW-DEFINITION.jpg","type":"image\/jpeg"}],"twitter_card":"summary_large_image","twitter_site":"@kardinal93","twitter_misc":{"Dur\u00e9e de lecture estim\u00e9e":"3 minutes"},"schema":{"@context":"https:\/\/schema.org","@graph":[{"@type":"WebPage","@id":"https:\/\/flokardinal.org\/?page_id=8511","url":"https:\/\/flokardinal.org\/?page_id=8511","name":"C\u00e9lebrez la danse inter esp\u00e9ces - Les danses de la chamane","isPartOf":{"@id":"https:\/\/flokardinal.org\/#website"},"primaryImageOfPage":{"@id":"https:\/\/flokardinal.org\/?page_id=8511#primaryimage"},"image":{"@id":"https:\/\/flokardinal.org\/?page_id=8511#primaryimage"},"thumbnailUrl":"https:\/\/flokardinal.org\/wp-content\/uploads\/2020\/05\/La-danse-rituelle-verso-LOW-DEFINITION.jpg","datePublished":"2022-06-15T17:51:18+00:00","dateModified":"2025-06-13T15:33:33+00:00","breadcrumb":{"@id":"https:\/\/flokardinal.org\/?page_id=8511#breadcrumb"},"inLanguage":"fr-FR","potentialAction":[{"@type":"ReadAction","target":["https:\/\/flokardinal.org\/?page_id=8511"]}]},{"@type":"ImageObject","inLanguage":"fr-FR","@id":"https:\/\/flokardinal.org\/?page_id=8511#primaryimage","url":"https:\/\/flokardinal.org\/wp-content\/uploads\/2020\/05\/La-danse-rituelle-verso-LOW-DEFINITION.jpg","contentUrl":"https:\/\/flokardinal.org\/wp-content\/uploads\/2020\/05\/La-danse-rituelle-verso-LOW-DEFINITION.jpg","width":909,"height":1268},{"@type":"BreadcrumbList","@id":"https:\/\/flokardinal.org\/?page_id=8511#breadcrumb","itemListElement":[{"@type":"ListItem","position":1,"name":"Accueil","item":"https:\/\/flokardinal.org\/"},{"@type":"ListItem","position":2,"name":"LA PRATIQUE CORPORELLE :La Secousse Libre","item":"https:\/\/flokardinal.org\/?page_id=7001"},{"@type":"ListItem","position":3,"name":"Chevaucher La Roue M\u00e9decine \u00a9 Une Danse Rituelle avec le cheval libre","item":"http:\/\/flokardinal.org\/?page_id=8421"},{"@type":"ListItem","position":4,"name":"C\u00e9lebrez la danse inter esp\u00e9ces"}]},{"@type":"WebSite","@id":"https:\/\/flokardinal.org\/#website","url":"https:\/\/flokardinal.org\/","name":"Les danses de la chamane","description":"Le corps cr\u00e9ateur gu\u00e9risseur salvateur","potentialAction":[{"@type":"SearchAction","target":{"@type":"EntryPoint","urlTemplate":"https:\/\/flokardinal.org\/?s={search_term_string}"},"query-input":{"@type":"PropertyValueSpecification","valueRequired":true,"valueName":"search_term_string"}}],"inLanguage":"fr-FR"}]}},"_links":{"self":[{"href":"https:\/\/flokardinal.org\/index.php?rest_route=\/wp\/v2\/pages\/8511","targetHints":{"allow":["GET"]}}],"collection":[{"href":"https:\/\/flokardinal.org\/index.php?rest_route=\/wp\/v2\/pages"}],"about":[{"href":"https:\/\/flokardinal.org\/index.php?rest_route=\/wp\/v2\/types\/page"}],"author":[{"embeddable":true,"href":"https:\/\/flokardinal.org\/index.php?rest_route=\/wp\/v2\/users\/1"}],"replies":[{"embeddable":true,"href":"https:\/\/flokardinal.org\/index.php?rest_route=%2Fwp%2Fv2%2Fcomments&post=8511"}],"version-history":[{"count":3,"href":"https:\/\/flokardinal.org\/index.php?rest_route=\/wp\/v2\/pages\/8511\/revisions"}],"predecessor-version":[{"id":9976,"href":"https:\/\/flokardinal.org\/index.php?rest_route=\/wp\/v2\/pages\/8511\/revisions\/9976"}],"up":[{"embeddable":true,"href":"https:\/\/flokardinal.org\/index.php?rest_route=\/wp\/v2\/pages\/8421"}],"wp:featuredmedia":[{"embeddable":true,"href":"https:\/\/flokardinal.org\/index.php?rest_route=\/wp\/v2\/media\/6599"}],"wp:attachment":[{"href":"https:\/\/flokardinal.org\/index.php?rest_route=%2Fwp%2Fv2%2Fmedia&parent=8511"}],"curies":[{"name":"wp","href":"https:\/\/api.w.org\/{rel}","templated":true}]}}