{"id":6677,"date":"2020-06-17T15:22:54","date_gmt":"2020-06-17T14:22:54","guid":{"rendered":"http:\/\/flokardinal.org\/wordpress\/?page_id=6677"},"modified":"2025-06-14T08:10:41","modified_gmt":"2025-06-14T07:10:41","slug":"theatre-de-la-guerison","status":"publish","type":"page","link":"https:\/\/flokardinal.org\/?page_id=6677","title":{"rendered":"Th\u00e9\u00e2tre de la Gu\u00e9rison"},"content":{"rendered":"\n<p>Le Th\u00e9\u00e2tre de la Gu\u00e9rison  est un espace artistique ouvert \u00e0 la synergie Art et Chamanisme .C&rsquo;est en particulier un espace de collaborations autour du corps et de la somatique via le processus chamanique Les intervenants seront tous des artistes rompus \u00e0 leur m\u00e9tier et praticiens dans la sph\u00e8re de l&rsquo;accompagnement \u00e0 la personne dans des techniques \u00e9nerg\u00e9tiques. Des sessions y sont mises en place en pr\u00e9sentiel ou virtuel pour oeuvrer \u00e0 la r\u00e9solution de nos intentions gr\u00e2ce \u00e0 la synergie corps, geste et repr\u00e9sentation ritualis\u00e9e. Les th\u00e8mes seront les objectifs. La transe en est le vecteur fondamental.<\/p>\n\n\n\n<p>Dans les traditions des danses sacr\u00e9es et magiques l&rsquo;\u00eatre traverse gr\u00e2ce aux Maitres de C\u00e9r\u00e9monie un parcours en \u00e9tat de transe qui lui permettra de retourner au collectif et \u00e0 la relation \u00e0 l&rsquo;environnement en ayant dissiper ses peurs , ses doutes, ses col\u00e8res, ses \u00e9tats d&rsquo;\u00e2me. Le corps reprends sa place biologique et organique de v\u00e9hicule du vivant et permet aux tissus cellulaires d&rsquo;\u00e9liminer les traces et m\u00e9moires des affects et chocs par la mise en espace et en mouvement C&rsquo;est le moment cathartique . C&rsquo;est aussi le m\u00e9canisme  du point d&rsquo;orgue chamanique nomm\u00e9 recouvrement d&rsquo;\u00e2me.<\/p>\n\n\n\n<p>Depuis longtemps la m\u00e9decine des hommes et du vivant se relie aux cycles et plus pr\u00e9cisement au fonctionnement biologique spatio- temporel du corps .<\/p>\n\n\n\n<p>Flo kardinal pratique l&rsquo;art et le chamanisme dans son \u00e9tat d&rsquo;artiste initialement reli\u00e9e \u00e0 la cr\u00e9ation.Elle met en sc\u00e8ne en tant que chor\u00e9graphe cet espace de rencontre avec soi,avec le corps , avec la gu\u00e9rison .Elle ouvre avec le Th\u00e9\u00e2tre de la Gu\u00e9rison un espace pr\u00e9sentiel et virtuel de r\u00e9solution des intentions gr\u00e2ce \u00e0 une synergie entre les s\u00e9ances personnalis\u00e9es dans le spectre des pratiques propos\u00e9es, la corporalisation du moment intime et la restitution ritualis\u00e9e personnelle Elle s&rsquo; associe avec des chercheurs en gu\u00e9rison, artistes et praticiens confirm\u00e9s dans des disciplines holistiques .<\/p>\n\n\n\n<p>Dans la premi\u00e8re session SE RASSEMBLER POUR AGIR @ propos\u00e9e par Le Th\u00e9\u00e2tre de la Gu\u00e9rison , elle accueille Laetitia Viallet danseuse com\u00e9dienne et praticienne en shiatsu .<\/p>\n\n\n\n<figure class=\"wp-block-image\"><img loading=\"lazy\" decoding=\"async\" width=\"600\" height=\"400\" src=\"http:\/\/flokardinal.org\/wordpress\/wp-content\/uploads\/2020\/06\/420563_195674783867688_1802581781_n.jpg\" alt=\"\" class=\"wp-image-6686\" srcset=\"https:\/\/flokardinal.org\/wp-content\/uploads\/2020\/06\/420563_195674783867688_1802581781_n.jpg 600w, https:\/\/flokardinal.org\/wp-content\/uploads\/2020\/06\/420563_195674783867688_1802581781_n-300x200.jpg 300w\" sizes=\"auto, (max-width: 600px) 100vw, 600px\" \/><\/figure>\n\n\n\n<p class=\"has-small-font-size\">Le th\u00e9\u00e2tre de La Gu\u00e9rison @ copyrights Cie Tir Group\u00e9 \/2020\/Tous droits r\u00e9serv\u00e9s \/M\u00e9thode et concept d\u00e9pos\u00e9s\/2020<\/p>\n","protected":false},"excerpt":{"rendered":"<p>Le Th\u00e9\u00e2tre de la Gu\u00e9rison est un espace artistique ouvert \u00e0 la synergie Art et Chamanisme .C&rsquo;est en particulier un espace de collaborations autour du corps et de la somatique via le processus chamanique Les intervenants seront tous des artistes rompus \u00e0 leur m\u00e9tier et praticiens dans la sph\u00e8re de l&rsquo;accompagnement \u00e0 la personne dans &hellip; <a href=\"https:\/\/flokardinal.org\/?page_id=6677\" class=\"more-link\">Continuer la lecture de <span class=\"screen-reader-text\">Th\u00e9\u00e2tre de la Gu\u00e9rison<\/span>  <span class=\"meta-nav\">&rarr;<\/span><\/a><\/p>\n","protected":false},"author":1,"featured_media":6679,"parent":1412,"menu_order":2,"comment_status":"closed","ping_status":"closed","template":"","meta":{"footnotes":""},"class_list":["post-6677","page","type-page","status-publish","has-post-thumbnail","hentry"],"yoast_head":"<!-- This site is optimized with the Yoast SEO plugin v27.6 - https:\/\/yoast.com\/product\/yoast-seo-wordpress\/ -->\n<title>Th\u00e9\u00e2tre de la Gu\u00e9rison - Les danses de la chamane<\/title>\n<meta name=\"robots\" content=\"index, follow, max-snippet:-1, max-image-preview:large, max-video-preview:-1\" \/>\n<link rel=\"canonical\" href=\"http:\/\/flokardinal.org\/?page_id=6677\" \/>\n<meta property=\"og:locale\" content=\"fr_FR\" \/>\n<meta property=\"og:type\" content=\"article\" \/>\n<meta property=\"og:title\" content=\"Th\u00e9\u00e2tre de la Gu\u00e9rison - Les danses de la chamane\" \/>\n<meta property=\"og:description\" content=\"Le Th\u00e9\u00e2tre de la Gu\u00e9rison est un espace artistique ouvert \u00e0 la synergie Art et Chamanisme .C&rsquo;est en particulier un espace de collaborations autour du corps et de la somatique via le processus chamanique Les intervenants seront tous des artistes rompus \u00e0 leur m\u00e9tier et praticiens dans la sph\u00e8re de l&rsquo;accompagnement \u00e0 la personne dans &hellip; Continuer la lecture de Th\u00e9\u00e2tre de la Gu\u00e9rison &rarr;\" \/>\n<meta property=\"og:url\" content=\"http:\/\/flokardinal.org\/?page_id=6677\" \/>\n<meta property=\"og:site_name\" content=\"Les danses de la chamane\" \/>\n<meta property=\"article:modified_time\" content=\"2025-06-14T07:10:41+00:00\" \/>\n<meta property=\"og:image\" content=\"http:\/\/flokardinal.org\/wp-content\/uploads\/2020\/06\/422353_195677383867428_1929117526_n.jpg\" \/>\n\t<meta property=\"og:image:width\" content=\"600\" \/>\n\t<meta property=\"og:image:height\" content=\"400\" \/>\n\t<meta property=\"og:image:type\" content=\"image\/jpeg\" \/>\n<meta name=\"twitter:card\" content=\"summary_large_image\" \/>\n<meta name=\"twitter:site\" content=\"@kardinal93\" \/>\n<meta name=\"twitter:label1\" content=\"Dur\u00e9e de lecture estim\u00e9e\" \/>\n\t<meta name=\"twitter:data1\" content=\"3 minutes\" \/>\n<script type=\"application\/ld+json\" class=\"yoast-schema-graph\">{\"@context\":\"https:\\\/\\\/schema.org\",\"@graph\":[{\"@type\":\"WebPage\",\"@id\":\"http:\\\/\\\/flokardinal.org\\\/?page_id=6677\",\"url\":\"http:\\\/\\\/flokardinal.org\\\/?page_id=6677\",\"name\":\"Th\u00e9\u00e2tre de la Gu\u00e9rison - Les danses de la chamane\",\"isPartOf\":{\"@id\":\"https:\\\/\\\/flokardinal.org\\\/#website\"},\"primaryImageOfPage\":{\"@id\":\"http:\\\/\\\/flokardinal.org\\\/?page_id=6677#primaryimage\"},\"image\":{\"@id\":\"http:\\\/\\\/flokardinal.org\\\/?page_id=6677#primaryimage\"},\"thumbnailUrl\":\"https:\\\/\\\/flokardinal.org\\\/wp-content\\\/uploads\\\/2020\\\/06\\\/422353_195677383867428_1929117526_n.jpg\",\"datePublished\":\"2020-06-17T14:22:54+00:00\",\"dateModified\":\"2025-06-14T07:10:41+00:00\",\"breadcrumb\":{\"@id\":\"http:\\\/\\\/flokardinal.org\\\/?page_id=6677#breadcrumb\"},\"inLanguage\":\"fr-FR\",\"potentialAction\":[{\"@type\":\"ReadAction\",\"target\":[\"http:\\\/\\\/flokardinal.org\\\/?page_id=6677\"]}]},{\"@type\":\"ImageObject\",\"inLanguage\":\"fr-FR\",\"@id\":\"http:\\\/\\\/flokardinal.org\\\/?page_id=6677#primaryimage\",\"url\":\"https:\\\/\\\/flokardinal.org\\\/wp-content\\\/uploads\\\/2020\\\/06\\\/422353_195677383867428_1929117526_n.jpg\",\"contentUrl\":\"https:\\\/\\\/flokardinal.org\\\/wp-content\\\/uploads\\\/2020\\\/06\\\/422353_195677383867428_1929117526_n.jpg\",\"width\":600,\"height\":400},{\"@type\":\"BreadcrumbList\",\"@id\":\"http:\\\/\\\/flokardinal.org\\\/?page_id=6677#breadcrumb\",\"itemListElement\":[{\"@type\":\"ListItem\",\"position\":1,\"name\":\"Accueil\",\"item\":\"https:\\\/\\\/flokardinal.org\\\/\"},{\"@type\":\"ListItem\",\"position\":2,\"name\":\"ART et GUERISON:les S\u00e9ances d&rsquo;Accompagnement de l&rsquo;\u00eatre\",\"item\":\"https:\\\/\\\/flokardinal.org\\\/?page_id=1412\"},{\"@type\":\"ListItem\",\"position\":3,\"name\":\"Th\u00e9\u00e2tre de la Gu\u00e9rison\"}]},{\"@type\":\"WebSite\",\"@id\":\"https:\\\/\\\/flokardinal.org\\\/#website\",\"url\":\"https:\\\/\\\/flokardinal.org\\\/\",\"name\":\"Les danses de la chamane\",\"description\":\"Le corps cr\u00e9ateur gu\u00e9risseur salvateur\",\"potentialAction\":[{\"@type\":\"SearchAction\",\"target\":{\"@type\":\"EntryPoint\",\"urlTemplate\":\"https:\\\/\\\/flokardinal.org\\\/?s={search_term_string}\"},\"query-input\":{\"@type\":\"PropertyValueSpecification\",\"valueRequired\":true,\"valueName\":\"search_term_string\"}}],\"inLanguage\":\"fr-FR\"}]}<\/script>\n<!-- \/ Yoast SEO plugin. -->","yoast_head_json":{"title":"Th\u00e9\u00e2tre de la Gu\u00e9rison - Les danses de la chamane","robots":{"index":"index","follow":"follow","max-snippet":"max-snippet:-1","max-image-preview":"max-image-preview:large","max-video-preview":"max-video-preview:-1"},"canonical":"http:\/\/flokardinal.org\/?page_id=6677","og_locale":"fr_FR","og_type":"article","og_title":"Th\u00e9\u00e2tre de la Gu\u00e9rison - Les danses de la chamane","og_description":"Le Th\u00e9\u00e2tre de la Gu\u00e9rison est un espace artistique ouvert \u00e0 la synergie Art et Chamanisme .C&rsquo;est en particulier un espace de collaborations autour du corps et de la somatique via le processus chamanique Les intervenants seront tous des artistes rompus \u00e0 leur m\u00e9tier et praticiens dans la sph\u00e8re de l&rsquo;accompagnement \u00e0 la personne dans &hellip; Continuer la lecture de Th\u00e9\u00e2tre de la Gu\u00e9rison &rarr;","og_url":"http:\/\/flokardinal.org\/?page_id=6677","og_site_name":"Les danses de la chamane","article_modified_time":"2025-06-14T07:10:41+00:00","og_image":[{"width":600,"height":400,"url":"http:\/\/flokardinal.org\/wp-content\/uploads\/2020\/06\/422353_195677383867428_1929117526_n.jpg","type":"image\/jpeg"}],"twitter_card":"summary_large_image","twitter_site":"@kardinal93","twitter_misc":{"Dur\u00e9e de lecture estim\u00e9e":"3 minutes"},"schema":{"@context":"https:\/\/schema.org","@graph":[{"@type":"WebPage","@id":"http:\/\/flokardinal.org\/?page_id=6677","url":"http:\/\/flokardinal.org\/?page_id=6677","name":"Th\u00e9\u00e2tre de la Gu\u00e9rison - Les danses de la chamane","isPartOf":{"@id":"https:\/\/flokardinal.org\/#website"},"primaryImageOfPage":{"@id":"http:\/\/flokardinal.org\/?page_id=6677#primaryimage"},"image":{"@id":"http:\/\/flokardinal.org\/?page_id=6677#primaryimage"},"thumbnailUrl":"https:\/\/flokardinal.org\/wp-content\/uploads\/2020\/06\/422353_195677383867428_1929117526_n.jpg","datePublished":"2020-06-17T14:22:54+00:00","dateModified":"2025-06-14T07:10:41+00:00","breadcrumb":{"@id":"http:\/\/flokardinal.org\/?page_id=6677#breadcrumb"},"inLanguage":"fr-FR","potentialAction":[{"@type":"ReadAction","target":["http:\/\/flokardinal.org\/?page_id=6677"]}]},{"@type":"ImageObject","inLanguage":"fr-FR","@id":"http:\/\/flokardinal.org\/?page_id=6677#primaryimage","url":"https:\/\/flokardinal.org\/wp-content\/uploads\/2020\/06\/422353_195677383867428_1929117526_n.jpg","contentUrl":"https:\/\/flokardinal.org\/wp-content\/uploads\/2020\/06\/422353_195677383867428_1929117526_n.jpg","width":600,"height":400},{"@type":"BreadcrumbList","@id":"http:\/\/flokardinal.org\/?page_id=6677#breadcrumb","itemListElement":[{"@type":"ListItem","position":1,"name":"Accueil","item":"https:\/\/flokardinal.org\/"},{"@type":"ListItem","position":2,"name":"ART et GUERISON:les S\u00e9ances d&rsquo;Accompagnement de l&rsquo;\u00eatre","item":"https:\/\/flokardinal.org\/?page_id=1412"},{"@type":"ListItem","position":3,"name":"Th\u00e9\u00e2tre de la Gu\u00e9rison"}]},{"@type":"WebSite","@id":"https:\/\/flokardinal.org\/#website","url":"https:\/\/flokardinal.org\/","name":"Les danses de la chamane","description":"Le corps cr\u00e9ateur gu\u00e9risseur salvateur","potentialAction":[{"@type":"SearchAction","target":{"@type":"EntryPoint","urlTemplate":"https:\/\/flokardinal.org\/?s={search_term_string}"},"query-input":{"@type":"PropertyValueSpecification","valueRequired":true,"valueName":"search_term_string"}}],"inLanguage":"fr-FR"}]}},"_links":{"self":[{"href":"https:\/\/flokardinal.org\/index.php?rest_route=\/wp\/v2\/pages\/6677","targetHints":{"allow":["GET"]}}],"collection":[{"href":"https:\/\/flokardinal.org\/index.php?rest_route=\/wp\/v2\/pages"}],"about":[{"href":"https:\/\/flokardinal.org\/index.php?rest_route=\/wp\/v2\/types\/page"}],"author":[{"embeddable":true,"href":"https:\/\/flokardinal.org\/index.php?rest_route=\/wp\/v2\/users\/1"}],"replies":[{"embeddable":true,"href":"https:\/\/flokardinal.org\/index.php?rest_route=%2Fwp%2Fv2%2Fcomments&post=6677"}],"version-history":[{"count":15,"href":"https:\/\/flokardinal.org\/index.php?rest_route=\/wp\/v2\/pages\/6677\/revisions"}],"predecessor-version":[{"id":9984,"href":"https:\/\/flokardinal.org\/index.php?rest_route=\/wp\/v2\/pages\/6677\/revisions\/9984"}],"up":[{"embeddable":true,"href":"https:\/\/flokardinal.org\/index.php?rest_route=\/wp\/v2\/pages\/1412"}],"wp:featuredmedia":[{"embeddable":true,"href":"https:\/\/flokardinal.org\/index.php?rest_route=\/wp\/v2\/media\/6679"}],"wp:attachment":[{"href":"https:\/\/flokardinal.org\/index.php?rest_route=%2Fwp%2Fv2%2Fmedia&parent=6677"}],"curies":[{"name":"wp","href":"https:\/\/api.w.org\/{rel}","templated":true}]}}