{"id":4660,"date":"2019-05-08T10:01:17","date_gmt":"2019-05-08T09:01:17","guid":{"rendered":"http:\/\/flokardinal.org\/wordpress\/?page_id=4660"},"modified":"2025-06-13T16:34:33","modified_gmt":"2025-06-13T15:34:33","slug":"letre-cheval","status":"publish","type":"page","link":"https:\/\/flokardinal.org\/?page_id=4660","title":{"rendered":"l&rsquo;ETRE CHEVAL"},"content":{"rendered":"\n<figure class=\"wp-block-image\"><img loading=\"lazy\" decoding=\"async\" width=\"893\" height=\"748\" src=\"http:\/\/flokardinal.org\/wordpress\/wp-content\/uploads\/2019\/05\/151e0de61f119c60685f4d4c9c109aaa.jpg\" alt=\"\" class=\"wp-image-4663\" srcset=\"https:\/\/flokardinal.org\/wp-content\/uploads\/2019\/05\/151e0de61f119c60685f4d4c9c109aaa.jpg 893w, https:\/\/flokardinal.org\/wp-content\/uploads\/2019\/05\/151e0de61f119c60685f4d4c9c109aaa-300x251.jpg 300w, https:\/\/flokardinal.org\/wp-content\/uploads\/2019\/05\/151e0de61f119c60685f4d4c9c109aaa-768x643.jpg 768w\" sizes=\"auto, (max-width: 893px) 100vw, 893px\" \/><\/figure>\n\n\n\n<p>Le concept ETRE CHEVAL @ est une cr\u00e9ation de Flo Kardinal dans le cadre de ses travaux artistiques et p\u00e9dagogiques issus de la technique LA SECOUSSE LIBRE . Il s&rsquo;accompagne de l&rsquo;outil sp\u00e9cifique d&rsquo;un RITUEL d&rsquo;une roue de m\u00e9decine que l&rsquo;artiste \u00e0 canalis\u00e9 et qui fonde son approche de la Relation au Cheval <br>L&rsquo;ETRE CHEVAL est un protocole pour envisager l&rsquo;espace de la rencontre avec l&rsquo;\u00e2me de votre Alli\u00e9&nbsp; Cheval dans les dimensions plurielles et la r\u00e9alit\u00e9 organique.<\/p>\n\n\n\n<p>La chor\u00e9graphe utilise ce m\u00e9dium pour mettre en place une synergie de transformation et de communication sp\u00e9cifique dans le cadre des protocoles Danse Sensorielle Avec Le cheval , Danse Rituelle Avec Le Cheval , Chevaucher la Roue de m\u00e9decine, Le Cheval et le R\u00eave qu&rsquo;elle a cr\u00e9\u00e9s.<\/p>\n\n\n\n<p>Ce principe clair permet une connexion directement ancr\u00e9e dans la r\u00e9alit\u00e9 de l&rsquo;\u00eatre entre l&rsquo;intention et le corps \u00e0 travers une recherche somatique .C&rsquo;est un regard port\u00e9 avec le coeur \u00e0 l&rsquo;ALLI\u00e9 Cheval , \u00e0 soi m\u00eame et \u00e0 l&rsquo;environnement C&rsquo;est une danse de communion entre le corps et le coeur. C&rsquo;est la vibration chamanique.<\/p>\n\n\n\n<p class=\"has-small-font-size\"> <br><em>Les termes ETRE CHEVAL ,Danse Sensorielle Avec le Cheval , Danse Rituelle Avec le Cheval ,Chevaucher La roue de M\u00e9decine , le Cheval et le R\u00eave  font partie de la m\u00e9thode La Secousse Libre et sont \u00e0 ce titre utilisables seulement par leur auteure dans ce cadre. Ils sont d\u00e9pos\u00e9s et prot\u00e9g\u00e9s selon les lois en vigueur \u00e0 ce titr<\/em>e.\/2017-2022 <br><em><br><br><\/em><\/p>\n\n\n\n<p><\/p>\n","protected":false},"excerpt":{"rendered":"<p>Le concept ETRE CHEVAL @ est une cr\u00e9ation de Flo Kardinal dans le cadre de ses travaux artistiques et p\u00e9dagogiques issus de la technique LA SECOUSSE LIBRE . Il s&rsquo;accompagne de l&rsquo;outil sp\u00e9cifique d&rsquo;un RITUEL d&rsquo;une roue de m\u00e9decine que l&rsquo;artiste \u00e0 canalis\u00e9 et qui fonde son approche de la Relation au Cheval L&rsquo;ETRE CHEVAL &hellip; <a href=\"https:\/\/flokardinal.org\/?page_id=4660\" class=\"more-link\">Continuer la lecture de <span class=\"screen-reader-text\">l&rsquo;ETRE CHEVAL<\/span>  <span class=\"meta-nav\">&rarr;<\/span><\/a><\/p>\n","protected":false},"author":1,"featured_media":6344,"parent":6335,"menu_order":1,"comment_status":"closed","ping_status":"closed","template":"","meta":{"footnotes":""},"class_list":["post-4660","page","type-page","status-publish","has-post-thumbnail","hentry"],"yoast_head":"<!-- This site is optimized with the Yoast SEO plugin v27.5 - https:\/\/yoast.com\/product\/yoast-seo-wordpress\/ -->\n<title>l&#039;ETRE CHEVAL - Les danses de la chamane<\/title>\n<meta name=\"robots\" content=\"index, follow, max-snippet:-1, max-image-preview:large, max-video-preview:-1\" \/>\n<link rel=\"canonical\" href=\"https:\/\/flokardinal.org\/?page_id=4660\" \/>\n<meta property=\"og:locale\" content=\"fr_FR\" \/>\n<meta property=\"og:type\" content=\"article\" \/>\n<meta property=\"og:title\" content=\"l&#039;ETRE CHEVAL - Les danses de la chamane\" \/>\n<meta property=\"og:description\" content=\"Le concept ETRE CHEVAL @ est une cr\u00e9ation de Flo Kardinal dans le cadre de ses travaux artistiques et p\u00e9dagogiques issus de la technique LA SECOUSSE LIBRE . Il s&rsquo;accompagne de l&rsquo;outil sp\u00e9cifique d&rsquo;un RITUEL d&rsquo;une roue de m\u00e9decine que l&rsquo;artiste \u00e0 canalis\u00e9 et qui fonde son approche de la Relation au Cheval L&rsquo;ETRE CHEVAL &hellip; Continuer la lecture de l&rsquo;ETRE CHEVAL &rarr;\" \/>\n<meta property=\"og:url\" content=\"https:\/\/flokardinal.org\/?page_id=4660\" \/>\n<meta property=\"og:site_name\" content=\"Les danses de la chamane\" \/>\n<meta property=\"article:modified_time\" content=\"2025-06-13T15:34:33+00:00\" \/>\n<meta property=\"og:image\" content=\"https:\/\/flokardinal.org\/wp-content\/uploads\/2020\/01\/c445fcaa31fc2f8a46ef5e32f43d77a5-2.jpg\" \/>\n\t<meta property=\"og:image:width\" content=\"600\" \/>\n\t<meta property=\"og:image:height\" content=\"404\" \/>\n\t<meta property=\"og:image:type\" content=\"image\/jpeg\" \/>\n<meta name=\"twitter:card\" content=\"summary_large_image\" \/>\n<meta name=\"twitter:site\" content=\"@kardinal93\" \/>\n<meta name=\"twitter:label1\" content=\"Dur\u00e9e de lecture estim\u00e9e\" \/>\n\t<meta name=\"twitter:data1\" content=\"2 minutes\" \/>\n<script type=\"application\/ld+json\" class=\"yoast-schema-graph\">{\"@context\":\"https:\\\/\\\/schema.org\",\"@graph\":[{\"@type\":\"WebPage\",\"@id\":\"https:\\\/\\\/flokardinal.org\\\/?page_id=4660\",\"url\":\"https:\\\/\\\/flokardinal.org\\\/?page_id=4660\",\"name\":\"l'ETRE CHEVAL - Les danses de la chamane\",\"isPartOf\":{\"@id\":\"http:\\\/\\\/flokardinal.org\\\/#website\"},\"primaryImageOfPage\":{\"@id\":\"https:\\\/\\\/flokardinal.org\\\/?page_id=4660#primaryimage\"},\"image\":{\"@id\":\"https:\\\/\\\/flokardinal.org\\\/?page_id=4660#primaryimage\"},\"thumbnailUrl\":\"https:\\\/\\\/flokardinal.org\\\/wp-content\\\/uploads\\\/2020\\\/01\\\/c445fcaa31fc2f8a46ef5e32f43d77a5-2.jpg\",\"datePublished\":\"2019-05-08T09:01:17+00:00\",\"dateModified\":\"2025-06-13T15:34:33+00:00\",\"breadcrumb\":{\"@id\":\"https:\\\/\\\/flokardinal.org\\\/?page_id=4660#breadcrumb\"},\"inLanguage\":\"fr-FR\",\"potentialAction\":[{\"@type\":\"ReadAction\",\"target\":[\"https:\\\/\\\/flokardinal.org\\\/?page_id=4660\"]}]},{\"@type\":\"ImageObject\",\"inLanguage\":\"fr-FR\",\"@id\":\"https:\\\/\\\/flokardinal.org\\\/?page_id=4660#primaryimage\",\"url\":\"https:\\\/\\\/flokardinal.org\\\/wp-content\\\/uploads\\\/2020\\\/01\\\/c445fcaa31fc2f8a46ef5e32f43d77a5-2.jpg\",\"contentUrl\":\"https:\\\/\\\/flokardinal.org\\\/wp-content\\\/uploads\\\/2020\\\/01\\\/c445fcaa31fc2f8a46ef5e32f43d77a5-2.jpg\",\"width\":600,\"height\":404},{\"@type\":\"BreadcrumbList\",\"@id\":\"https:\\\/\\\/flokardinal.org\\\/?page_id=4660#breadcrumb\",\"itemListElement\":[{\"@type\":\"ListItem\",\"position\":1,\"name\":\"Accueil\",\"item\":\"http:\\\/\\\/flokardinal.org\\\/\"},{\"@type\":\"ListItem\",\"position\":2,\"name\":\"LA PRATIQUE CORPORELLE :La Secousse Libre\",\"item\":\"http:\\\/\\\/flokardinal.org\\\/?page_id=7001\"},{\"@type\":\"ListItem\",\"position\":3,\"name\":\"Chevaucher La Roue M\u00e9decine \u00a9 Une Danse Rituelle avec le cheval libre\",\"item\":\"https:\\\/\\\/flokardinal.org\\\/?page_id=8421\"},{\"@type\":\"ListItem\",\"position\":4,\"name\":\"DANSE RITUELLE AVEC LE CHEVAL\",\"item\":\"https:\\\/\\\/flokardinal.org\\\/?page_id=6335\"},{\"@type\":\"ListItem\",\"position\":5,\"name\":\"l&rsquo;ETRE CHEVAL\"}]},{\"@type\":\"WebSite\",\"@id\":\"http:\\\/\\\/flokardinal.org\\\/#website\",\"url\":\"http:\\\/\\\/flokardinal.org\\\/\",\"name\":\"Les danses de la chamane\",\"description\":\"Le corps cr\u00e9ateur gu\u00e9risseur salvateur\",\"potentialAction\":[{\"@type\":\"SearchAction\",\"target\":{\"@type\":\"EntryPoint\",\"urlTemplate\":\"http:\\\/\\\/flokardinal.org\\\/?s={search_term_string}\"},\"query-input\":{\"@type\":\"PropertyValueSpecification\",\"valueRequired\":true,\"valueName\":\"search_term_string\"}}],\"inLanguage\":\"fr-FR\"}]}<\/script>\n<!-- \/ Yoast SEO plugin. -->","yoast_head_json":{"title":"l'ETRE CHEVAL - Les danses de la chamane","robots":{"index":"index","follow":"follow","max-snippet":"max-snippet:-1","max-image-preview":"max-image-preview:large","max-video-preview":"max-video-preview:-1"},"canonical":"https:\/\/flokardinal.org\/?page_id=4660","og_locale":"fr_FR","og_type":"article","og_title":"l'ETRE CHEVAL - Les danses de la chamane","og_description":"Le concept ETRE CHEVAL @ est une cr\u00e9ation de Flo Kardinal dans le cadre de ses travaux artistiques et p\u00e9dagogiques issus de la technique LA SECOUSSE LIBRE . Il s&rsquo;accompagne de l&rsquo;outil sp\u00e9cifique d&rsquo;un RITUEL d&rsquo;une roue de m\u00e9decine que l&rsquo;artiste \u00e0 canalis\u00e9 et qui fonde son approche de la Relation au Cheval L&rsquo;ETRE CHEVAL &hellip; Continuer la lecture de l&rsquo;ETRE CHEVAL &rarr;","og_url":"https:\/\/flokardinal.org\/?page_id=4660","og_site_name":"Les danses de la chamane","article_modified_time":"2025-06-13T15:34:33+00:00","og_image":[{"width":600,"height":404,"url":"https:\/\/flokardinal.org\/wp-content\/uploads\/2020\/01\/c445fcaa31fc2f8a46ef5e32f43d77a5-2.jpg","type":"image\/jpeg"}],"twitter_card":"summary_large_image","twitter_site":"@kardinal93","twitter_misc":{"Dur\u00e9e de lecture estim\u00e9e":"2 minutes"},"schema":{"@context":"https:\/\/schema.org","@graph":[{"@type":"WebPage","@id":"https:\/\/flokardinal.org\/?page_id=4660","url":"https:\/\/flokardinal.org\/?page_id=4660","name":"l'ETRE CHEVAL - Les danses de la chamane","isPartOf":{"@id":"http:\/\/flokardinal.org\/#website"},"primaryImageOfPage":{"@id":"https:\/\/flokardinal.org\/?page_id=4660#primaryimage"},"image":{"@id":"https:\/\/flokardinal.org\/?page_id=4660#primaryimage"},"thumbnailUrl":"https:\/\/flokardinal.org\/wp-content\/uploads\/2020\/01\/c445fcaa31fc2f8a46ef5e32f43d77a5-2.jpg","datePublished":"2019-05-08T09:01:17+00:00","dateModified":"2025-06-13T15:34:33+00:00","breadcrumb":{"@id":"https:\/\/flokardinal.org\/?page_id=4660#breadcrumb"},"inLanguage":"fr-FR","potentialAction":[{"@type":"ReadAction","target":["https:\/\/flokardinal.org\/?page_id=4660"]}]},{"@type":"ImageObject","inLanguage":"fr-FR","@id":"https:\/\/flokardinal.org\/?page_id=4660#primaryimage","url":"https:\/\/flokardinal.org\/wp-content\/uploads\/2020\/01\/c445fcaa31fc2f8a46ef5e32f43d77a5-2.jpg","contentUrl":"https:\/\/flokardinal.org\/wp-content\/uploads\/2020\/01\/c445fcaa31fc2f8a46ef5e32f43d77a5-2.jpg","width":600,"height":404},{"@type":"BreadcrumbList","@id":"https:\/\/flokardinal.org\/?page_id=4660#breadcrumb","itemListElement":[{"@type":"ListItem","position":1,"name":"Accueil","item":"http:\/\/flokardinal.org\/"},{"@type":"ListItem","position":2,"name":"LA PRATIQUE CORPORELLE :La Secousse Libre","item":"http:\/\/flokardinal.org\/?page_id=7001"},{"@type":"ListItem","position":3,"name":"Chevaucher La Roue M\u00e9decine \u00a9 Une Danse Rituelle avec le cheval libre","item":"https:\/\/flokardinal.org\/?page_id=8421"},{"@type":"ListItem","position":4,"name":"DANSE RITUELLE AVEC LE CHEVAL","item":"https:\/\/flokardinal.org\/?page_id=6335"},{"@type":"ListItem","position":5,"name":"l&rsquo;ETRE CHEVAL"}]},{"@type":"WebSite","@id":"http:\/\/flokardinal.org\/#website","url":"http:\/\/flokardinal.org\/","name":"Les danses de la chamane","description":"Le corps cr\u00e9ateur gu\u00e9risseur salvateur","potentialAction":[{"@type":"SearchAction","target":{"@type":"EntryPoint","urlTemplate":"http:\/\/flokardinal.org\/?s={search_term_string}"},"query-input":{"@type":"PropertyValueSpecification","valueRequired":true,"valueName":"search_term_string"}}],"inLanguage":"fr-FR"}]}},"_links":{"self":[{"href":"https:\/\/flokardinal.org\/index.php?rest_route=\/wp\/v2\/pages\/4660","targetHints":{"allow":["GET"]}}],"collection":[{"href":"https:\/\/flokardinal.org\/index.php?rest_route=\/wp\/v2\/pages"}],"about":[{"href":"https:\/\/flokardinal.org\/index.php?rest_route=\/wp\/v2\/types\/page"}],"author":[{"embeddable":true,"href":"https:\/\/flokardinal.org\/index.php?rest_route=\/wp\/v2\/users\/1"}],"replies":[{"embeddable":true,"href":"https:\/\/flokardinal.org\/index.php?rest_route=%2Fwp%2Fv2%2Fcomments&post=4660"}],"version-history":[{"count":20,"href":"https:\/\/flokardinal.org\/index.php?rest_route=\/wp\/v2\/pages\/4660\/revisions"}],"predecessor-version":[{"id":8515,"href":"https:\/\/flokardinal.org\/index.php?rest_route=\/wp\/v2\/pages\/4660\/revisions\/8515"}],"up":[{"embeddable":true,"href":"https:\/\/flokardinal.org\/index.php?rest_route=\/wp\/v2\/pages\/6335"}],"wp:featuredmedia":[{"embeddable":true,"href":"https:\/\/flokardinal.org\/index.php?rest_route=\/wp\/v2\/media\/6344"}],"wp:attachment":[{"href":"https:\/\/flokardinal.org\/index.php?rest_route=%2Fwp%2Fv2%2Fmedia&parent=4660"}],"curies":[{"name":"wp","href":"https:\/\/api.w.org\/{rel}","templated":true}]}}