{"id":3426,"date":"2018-08-27T09:35:58","date_gmt":"2018-08-27T08:35:58","guid":{"rendered":"http:\/\/flokardinal.org\/wordpress\/?page_id=3426"},"modified":"2020-08-09T20:41:49","modified_gmt":"2020-08-09T19:41:49","slug":"dame-lune","status":"publish","type":"page","link":"https:\/\/flokardinal.org\/?page_id=3426","title":{"rendered":"DAME LUNE"},"content":{"rendered":"<figure id=\"attachment_3427\" aria-describedby=\"caption-attachment-3427\" style=\"width: 300px\" class=\"wp-caption alignnone\"><a href=\"http:\/\/flokardinal.org\/wordpress\/wp-content\/uploads\/2018\/08\/dv0021-soleil-lune.jpg\"><img loading=\"lazy\" decoding=\"async\" class=\"size-medium wp-image-3427\" src=\"http:\/\/flokardinal.org\/wordpress\/wp-content\/uploads\/2018\/08\/dv0021-soleil-lune-300x225.jpg\" alt=\"\" width=\"300\" height=\"225\" srcset=\"https:\/\/flokardinal.org\/wp-content\/uploads\/2018\/08\/dv0021-soleil-lune-300x225.jpg 300w, https:\/\/flokardinal.org\/wp-content\/uploads\/2018\/08\/dv0021-soleil-lune.jpg 422w\" sizes=\"auto, (max-width: 300px) 100vw, 300px\" \/><\/a><figcaption id=\"caption-attachment-3427\" class=\"wp-caption-text\">Soleil Lune<\/figcaption><\/figure>\n<p><span style=\"color: #2b2b2b; font-size: 16px;\">\u00ab\u00a0Je suis sous l&rsquo;influence de La Lune , Dame Lune ,miroir de l&rsquo; \u00e9toile Soleil et satellite de laTerre , reli\u00e9e aux R\u00eaves , et \u00e0 l&#8217;empreinte de la Louve mill\u00e9naire, sensuelle, impermanente, sensible dans le cycle lent du mouvement perp\u00e9tuel Je suis le Miroir de la psych\u00e9, l&rsquo;ombre des jours et la lumi\u00e8re des songes .Dans cette rotation lente et extatique j&rsquo;envisage le temps en unit\u00e9 de cycles,qui reviennent inlassablement .Ma source est faite d&rsquo;une mer profonde, de cascades vives et de lacs mythiques Je suis l&rsquo;ONDE , LA VIBRATION intergalactique , l&rsquo;ESPACE ENTRE : L&rsquo;INTERVALLE Cette ann\u00e9e je suis le son profond de la nuit des temps, insaisissable et myst\u00e9rieuse Je suis le reflet des pens\u00e9es\u00a0\u00bb\u00a9opyrights Flo kardinal\/Recueil po\u00e9tique de Cin Amon\/Tous droitsr\u00e9serv\u00e9s\/2018.<\/span><\/p>\n<pre><span style=\"color: #0000ff;\"><span style=\"color: #000000;\"><span style=\"color: #0000ff;\"><b>@ Dame Lune\u00a0<\/b><\/span><\/span><span style=\"color: #000000;\">\/Cie Tir Group\u00e9 \/tous droits r\u00e9serv\u00e9s \/extrait tir\u00e9 du Manuel\u00a0 \"Chants Inspir\u00e9s et Rituels m\u00e9decines \"\/Flo Kardinal \/2020\u00a0<\/span><\/span><span style=\"color: #000000;\">Technique et m\u00e9thode LA SECOUSSE LIBRE\u00ae\u2122\u00a0<\/span><\/pre>\n<p><strong>CONTACT<\/strong> <a href=\"mailto:lasecousselibre@gmail.com\">lasecousselibre@gmail.com<\/a><\/p>\n","protected":false},"excerpt":{"rendered":"<p>\u00ab\u00a0Je suis sous l&rsquo;influence de La Lune , Dame Lune ,miroir de l&rsquo; \u00e9toile Soleil et satellite de laTerre , reli\u00e9e aux R\u00eaves , et \u00e0 l&#8217;empreinte de la Louve mill\u00e9naire, sensuelle, impermanente, sensible dans le cycle lent du mouvement perp\u00e9tuel Je suis le Miroir de la psych\u00e9, l&rsquo;ombre des jours et la lumi\u00e8re des &hellip; <a href=\"https:\/\/flokardinal.org\/?page_id=3426\" class=\"more-link\">Continuer la lecture de <span class=\"screen-reader-text\">DAME LUNE<\/span>  <span class=\"meta-nav\">&rarr;<\/span><\/a><\/p>\n","protected":false},"author":1,"featured_media":7033,"parent":18,"menu_order":1,"comment_status":"closed","ping_status":"closed","template":"","meta":{"footnotes":""},"class_list":["post-3426","page","type-page","status-publish","has-post-thumbnail","hentry"],"yoast_head":"<!-- This site is optimized with the Yoast SEO plugin v27.3 - https:\/\/yoast.com\/product\/yoast-seo-wordpress\/ -->\n<title>DAME LUNE - Les danses de la chamane<\/title>\n<meta name=\"robots\" content=\"index, follow, max-snippet:-1, max-image-preview:large, max-video-preview:-1\" \/>\n<link rel=\"canonical\" href=\"https:\/\/flokardinal.org\/?page_id=3426\" \/>\n<meta property=\"og:locale\" content=\"fr_FR\" \/>\n<meta property=\"og:type\" content=\"article\" \/>\n<meta property=\"og:title\" content=\"DAME LUNE - Les danses de la chamane\" \/>\n<meta property=\"og:description\" content=\"\u00ab\u00a0Je suis sous l&rsquo;influence de La Lune , Dame Lune ,miroir de l&rsquo; \u00e9toile Soleil et satellite de laTerre , reli\u00e9e aux R\u00eaves , et \u00e0 l&#8217;empreinte de la Louve mill\u00e9naire, sensuelle, impermanente, sensible dans le cycle lent du mouvement perp\u00e9tuel Je suis le Miroir de la psych\u00e9, l&rsquo;ombre des jours et la lumi\u00e8re des &hellip; Continuer la lecture de DAME LUNE &rarr;\" \/>\n<meta property=\"og:url\" content=\"https:\/\/flokardinal.org\/?page_id=3426\" \/>\n<meta property=\"og:site_name\" content=\"Les danses de la chamane\" \/>\n<meta property=\"article:modified_time\" content=\"2020-08-09T19:41:49+00:00\" \/>\n<meta property=\"og:image\" content=\"https:\/\/flokardinal.org\/wp-content\/uploads\/2020\/08\/9205_739086522859842_3161995161194623370_n.jpg\" \/>\n\t<meta property=\"og:image:width\" content=\"924\" \/>\n\t<meta property=\"og:image:height\" content=\"537\" \/>\n\t<meta property=\"og:image:type\" content=\"image\/jpeg\" \/>\n<meta name=\"twitter:card\" content=\"summary_large_image\" \/>\n<meta name=\"twitter:site\" content=\"@kardinal93\" \/>\n<meta name=\"twitter:label1\" content=\"Dur\u00e9e de lecture estim\u00e9e\" \/>\n\t<meta name=\"twitter:data1\" content=\"1 minute\" \/>\n<script type=\"application\/ld+json\" class=\"yoast-schema-graph\">{\"@context\":\"https:\\\/\\\/schema.org\",\"@graph\":[{\"@type\":\"WebPage\",\"@id\":\"https:\\\/\\\/flokardinal.org\\\/?page_id=3426\",\"url\":\"https:\\\/\\\/flokardinal.org\\\/?page_id=3426\",\"name\":\"DAME LUNE - Les danses de la chamane\",\"isPartOf\":{\"@id\":\"https:\\\/\\\/flokardinal.org\\\/#website\"},\"primaryImageOfPage\":{\"@id\":\"https:\\\/\\\/flokardinal.org\\\/?page_id=3426#primaryimage\"},\"image\":{\"@id\":\"https:\\\/\\\/flokardinal.org\\\/?page_id=3426#primaryimage\"},\"thumbnailUrl\":\"https:\\\/\\\/flokardinal.org\\\/wp-content\\\/uploads\\\/2020\\\/08\\\/9205_739086522859842_3161995161194623370_n.jpg\",\"datePublished\":\"2018-08-27T08:35:58+00:00\",\"dateModified\":\"2020-08-09T19:41:49+00:00\",\"breadcrumb\":{\"@id\":\"https:\\\/\\\/flokardinal.org\\\/?page_id=3426#breadcrumb\"},\"inLanguage\":\"fr-FR\",\"potentialAction\":[{\"@type\":\"ReadAction\",\"target\":[\"https:\\\/\\\/flokardinal.org\\\/?page_id=3426\"]}]},{\"@type\":\"ImageObject\",\"inLanguage\":\"fr-FR\",\"@id\":\"https:\\\/\\\/flokardinal.org\\\/?page_id=3426#primaryimage\",\"url\":\"https:\\\/\\\/flokardinal.org\\\/wp-content\\\/uploads\\\/2020\\\/08\\\/9205_739086522859842_3161995161194623370_n.jpg\",\"contentUrl\":\"https:\\\/\\\/flokardinal.org\\\/wp-content\\\/uploads\\\/2020\\\/08\\\/9205_739086522859842_3161995161194623370_n.jpg\",\"width\":924,\"height\":537},{\"@type\":\"BreadcrumbList\",\"@id\":\"https:\\\/\\\/flokardinal.org\\\/?page_id=3426#breadcrumb\",\"itemListElement\":[{\"@type\":\"ListItem\",\"position\":1,\"name\":\"Accueil\",\"item\":\"https:\\\/\\\/flokardinal.org\\\/\"},{\"@type\":\"ListItem\",\"position\":2,\"name\":\"Inspirations\",\"item\":\"https:\\\/\\\/flokardinal.org\\\/?page_id=18\"},{\"@type\":\"ListItem\",\"position\":3,\"name\":\"DAME LUNE\"}]},{\"@type\":\"WebSite\",\"@id\":\"https:\\\/\\\/flokardinal.org\\\/#website\",\"url\":\"https:\\\/\\\/flokardinal.org\\\/\",\"name\":\"Les danses de la chamane\",\"description\":\"Le corps cr\u00e9ateur gu\u00e9risseur salvateur\",\"potentialAction\":[{\"@type\":\"SearchAction\",\"target\":{\"@type\":\"EntryPoint\",\"urlTemplate\":\"https:\\\/\\\/flokardinal.org\\\/?s={search_term_string}\"},\"query-input\":{\"@type\":\"PropertyValueSpecification\",\"valueRequired\":true,\"valueName\":\"search_term_string\"}}],\"inLanguage\":\"fr-FR\"}]}<\/script>\n<!-- \/ Yoast SEO plugin. -->","yoast_head_json":{"title":"DAME LUNE - Les danses de la chamane","robots":{"index":"index","follow":"follow","max-snippet":"max-snippet:-1","max-image-preview":"max-image-preview:large","max-video-preview":"max-video-preview:-1"},"canonical":"https:\/\/flokardinal.org\/?page_id=3426","og_locale":"fr_FR","og_type":"article","og_title":"DAME LUNE - Les danses de la chamane","og_description":"\u00ab\u00a0Je suis sous l&rsquo;influence de La Lune , Dame Lune ,miroir de l&rsquo; \u00e9toile Soleil et satellite de laTerre , reli\u00e9e aux R\u00eaves , et \u00e0 l&#8217;empreinte de la Louve mill\u00e9naire, sensuelle, impermanente, sensible dans le cycle lent du mouvement perp\u00e9tuel Je suis le Miroir de la psych\u00e9, l&rsquo;ombre des jours et la lumi\u00e8re des &hellip; Continuer la lecture de DAME LUNE &rarr;","og_url":"https:\/\/flokardinal.org\/?page_id=3426","og_site_name":"Les danses de la chamane","article_modified_time":"2020-08-09T19:41:49+00:00","og_image":[{"width":924,"height":537,"url":"https:\/\/flokardinal.org\/wp-content\/uploads\/2020\/08\/9205_739086522859842_3161995161194623370_n.jpg","type":"image\/jpeg"}],"twitter_card":"summary_large_image","twitter_site":"@kardinal93","twitter_misc":{"Dur\u00e9e de lecture estim\u00e9e":"1 minute"},"schema":{"@context":"https:\/\/schema.org","@graph":[{"@type":"WebPage","@id":"https:\/\/flokardinal.org\/?page_id=3426","url":"https:\/\/flokardinal.org\/?page_id=3426","name":"DAME LUNE - Les danses de la chamane","isPartOf":{"@id":"https:\/\/flokardinal.org\/#website"},"primaryImageOfPage":{"@id":"https:\/\/flokardinal.org\/?page_id=3426#primaryimage"},"image":{"@id":"https:\/\/flokardinal.org\/?page_id=3426#primaryimage"},"thumbnailUrl":"https:\/\/flokardinal.org\/wp-content\/uploads\/2020\/08\/9205_739086522859842_3161995161194623370_n.jpg","datePublished":"2018-08-27T08:35:58+00:00","dateModified":"2020-08-09T19:41:49+00:00","breadcrumb":{"@id":"https:\/\/flokardinal.org\/?page_id=3426#breadcrumb"},"inLanguage":"fr-FR","potentialAction":[{"@type":"ReadAction","target":["https:\/\/flokardinal.org\/?page_id=3426"]}]},{"@type":"ImageObject","inLanguage":"fr-FR","@id":"https:\/\/flokardinal.org\/?page_id=3426#primaryimage","url":"https:\/\/flokardinal.org\/wp-content\/uploads\/2020\/08\/9205_739086522859842_3161995161194623370_n.jpg","contentUrl":"https:\/\/flokardinal.org\/wp-content\/uploads\/2020\/08\/9205_739086522859842_3161995161194623370_n.jpg","width":924,"height":537},{"@type":"BreadcrumbList","@id":"https:\/\/flokardinal.org\/?page_id=3426#breadcrumb","itemListElement":[{"@type":"ListItem","position":1,"name":"Accueil","item":"https:\/\/flokardinal.org\/"},{"@type":"ListItem","position":2,"name":"Inspirations","item":"https:\/\/flokardinal.org\/?page_id=18"},{"@type":"ListItem","position":3,"name":"DAME LUNE"}]},{"@type":"WebSite","@id":"https:\/\/flokardinal.org\/#website","url":"https:\/\/flokardinal.org\/","name":"Les danses de la chamane","description":"Le corps cr\u00e9ateur gu\u00e9risseur salvateur","potentialAction":[{"@type":"SearchAction","target":{"@type":"EntryPoint","urlTemplate":"https:\/\/flokardinal.org\/?s={search_term_string}"},"query-input":{"@type":"PropertyValueSpecification","valueRequired":true,"valueName":"search_term_string"}}],"inLanguage":"fr-FR"}]}},"_links":{"self":[{"href":"https:\/\/flokardinal.org\/index.php?rest_route=\/wp\/v2\/pages\/3426","targetHints":{"allow":["GET"]}}],"collection":[{"href":"https:\/\/flokardinal.org\/index.php?rest_route=\/wp\/v2\/pages"}],"about":[{"href":"https:\/\/flokardinal.org\/index.php?rest_route=\/wp\/v2\/types\/page"}],"author":[{"embeddable":true,"href":"https:\/\/flokardinal.org\/index.php?rest_route=\/wp\/v2\/users\/1"}],"replies":[{"embeddable":true,"href":"https:\/\/flokardinal.org\/index.php?rest_route=%2Fwp%2Fv2%2Fcomments&post=3426"}],"version-history":[{"count":15,"href":"https:\/\/flokardinal.org\/index.php?rest_route=\/wp\/v2\/pages\/3426\/revisions"}],"predecessor-version":[{"id":7082,"href":"https:\/\/flokardinal.org\/index.php?rest_route=\/wp\/v2\/pages\/3426\/revisions\/7082"}],"up":[{"embeddable":true,"href":"https:\/\/flokardinal.org\/index.php?rest_route=\/wp\/v2\/pages\/18"}],"wp:featuredmedia":[{"embeddable":true,"href":"https:\/\/flokardinal.org\/index.php?rest_route=\/wp\/v2\/media\/7033"}],"wp:attachment":[{"href":"https:\/\/flokardinal.org\/index.php?rest_route=%2Fwp%2Fv2%2Fmedia&parent=3426"}],"curies":[{"name":"wp","href":"https:\/\/api.w.org\/{rel}","templated":true}]}}