{"id":3360,"date":"2018-07-22T17:00:12","date_gmt":"2018-07-22T16:00:12","guid":{"rendered":"http:\/\/flokardinal.org\/wordpress\/?page_id=3360"},"modified":"2022-12-28T20:58:42","modified_gmt":"2022-12-28T19:58:42","slug":"une-magnifique-aventure","status":"publish","type":"page","link":"https:\/\/flokardinal.org\/?page_id=3360","title":{"rendered":"Corps en Transes :Une magnifique aventure"},"content":{"rendered":"<p><a href=\"http:\/\/flokardinal.org\/wordpress\/wp-content\/uploads\/2019\/02\/Flyer-CORPS-EN-TRANSE-verso-MEDIUM-DEFINITION.jpg\"><img loading=\"lazy\" decoding=\"async\" class=\"alignnone size-full wp-image-4157\" src=\"http:\/\/flokardinal.org\/wordpress\/wp-content\/uploads\/2019\/02\/Flyer-CORPS-EN-TRANSE-verso-MEDIUM-DEFINITION.jpg\" alt=\"\" width=\"909\" height=\"1268\" srcset=\"https:\/\/flokardinal.org\/wp-content\/uploads\/2019\/02\/Flyer-CORPS-EN-TRANSE-verso-MEDIUM-DEFINITION.jpg 909w, https:\/\/flokardinal.org\/wp-content\/uploads\/2019\/02\/Flyer-CORPS-EN-TRANSE-verso-MEDIUM-DEFINITION-215x300.jpg 215w, https:\/\/flokardinal.org\/wp-content\/uploads\/2019\/02\/Flyer-CORPS-EN-TRANSE-verso-MEDIUM-DEFINITION-768x1071.jpg 768w, https:\/\/flokardinal.org\/wp-content\/uploads\/2019\/02\/Flyer-CORPS-EN-TRANSE-verso-MEDIUM-DEFINITION-734x1024.jpg 734w\" sizes=\"auto, (max-width: 909px) 100vw, 909px\" \/><\/a><\/p>\n<p><a href=\"http:\/\/flokardinal.org\/wordpress\/wp-content\/uploads\/2018\/07\/IMG_48831.jpg\"><img loading=\"lazy\" decoding=\"async\" class=\"alignnone size-full wp-image-3361\" src=\"http:\/\/flokardinal.org\/wordpress\/wp-content\/uploads\/2018\/07\/IMG_48831.jpg\" alt=\"\" width=\"180\" height=\"240\" \/><\/a><\/p>\n<p>Il reste les traces simples et claires de nos magnifiques travers\u00e9es au coeur de nos \u00e2mes , o\u00f9 l&rsquo;enfant \u00e9ternel veille . L\u00e0 o\u00f9 les choses se suffisent d&rsquo;elles m\u00eames.<\/p>\n<p>Merci , Merci pour vos corps offerts et engag\u00e9s , pour vos chants l\u00e9gers tels la brise , pour vos transformations fortes et profondes pour votre humanit\u00e9 : vous \u00eates le soleil qui toujours brille dans mon ciel.<\/p>\n<p>Que l&rsquo;eau de la rivi\u00e8re emporte et porte vos serments jusqu&rsquo;\u00e0 la rive de vos pr\u00e9cieux r\u00eaves.<\/p>\n<p>Merci<\/p>\n<p><a href=\"http:\/\/flokardinal.org\/wordpress\/wp-content\/uploads\/2018\/07\/IMG_49141.jpg\"><img loading=\"lazy\" decoding=\"async\" class=\"alignnone size-medium wp-image-3388\" src=\"http:\/\/flokardinal.org\/wordpress\/wp-content\/uploads\/2018\/07\/IMG_49141.jpg\" alt=\"\" width=\"240\" height=\"180\" \/><\/a> <a href=\"http:\/\/flokardinal.org\/wordpress\/wp-content\/uploads\/2018\/07\/IMG_49161.jpg\"><img loading=\"lazy\" decoding=\"async\" class=\"alignnone size-medium wp-image-3390\" src=\"http:\/\/flokardinal.org\/wordpress\/wp-content\/uploads\/2018\/07\/IMG_49161.jpg\" alt=\"\" width=\"240\" height=\"180\" \/><\/a><\/p>\n","protected":false},"excerpt":{"rendered":"<p>Il reste les traces simples et claires de nos magnifiques travers\u00e9es au coeur de nos \u00e2mes , o\u00f9 l&rsquo;enfant \u00e9ternel veille . L\u00e0 o\u00f9 les choses se suffisent d&rsquo;elles m\u00eames. Merci , Merci pour vos corps offerts et engag\u00e9s , pour vos chants l\u00e9gers tels la brise , pour vos transformations fortes et profondes pour &hellip; <a href=\"https:\/\/flokardinal.org\/?page_id=3360\" class=\"more-link\">Continuer la lecture de <span class=\"screen-reader-text\">Corps en Transes :Une magnifique aventure<\/span>  <span class=\"meta-nav\">&rarr;<\/span><\/a><\/p>\n","protected":false},"author":1,"featured_media":4157,"parent":1925,"menu_order":3,"comment_status":"closed","ping_status":"closed","template":"","meta":{"footnotes":""},"class_list":["post-3360","page","type-page","status-publish","has-post-thumbnail","hentry"],"yoast_head":"<!-- This site is optimized with the Yoast SEO plugin v27.5 - https:\/\/yoast.com\/product\/yoast-seo-wordpress\/ -->\n<title>Corps en Transes :Une magnifique aventure - Les danses de la chamane<\/title>\n<meta name=\"robots\" content=\"index, follow, max-snippet:-1, max-image-preview:large, max-video-preview:-1\" \/>\n<link rel=\"canonical\" href=\"https:\/\/flokardinal.org\/?page_id=3360\" \/>\n<meta property=\"og:locale\" content=\"fr_FR\" \/>\n<meta property=\"og:type\" content=\"article\" \/>\n<meta property=\"og:title\" content=\"Corps en Transes :Une magnifique aventure - Les danses de la chamane\" \/>\n<meta property=\"og:description\" content=\"Il reste les traces simples et claires de nos magnifiques travers\u00e9es au coeur de nos \u00e2mes , o\u00f9 l&rsquo;enfant \u00e9ternel veille . L\u00e0 o\u00f9 les choses se suffisent d&rsquo;elles m\u00eames. Merci , Merci pour vos corps offerts et engag\u00e9s , pour vos chants l\u00e9gers tels la brise , pour vos transformations fortes et profondes pour &hellip; Continuer la lecture de Corps en Transes :Une magnifique aventure &rarr;\" \/>\n<meta property=\"og:url\" content=\"https:\/\/flokardinal.org\/?page_id=3360\" \/>\n<meta property=\"og:site_name\" content=\"Les danses de la chamane\" \/>\n<meta property=\"article:modified_time\" content=\"2022-12-28T19:58:42+00:00\" \/>\n<meta property=\"og:image\" content=\"https:\/\/flokardinal.org\/wp-content\/uploads\/2019\/02\/Flyer-CORPS-EN-TRANSE-verso-MEDIUM-DEFINITION.jpg\" \/>\n\t<meta property=\"og:image:width\" content=\"909\" \/>\n\t<meta property=\"og:image:height\" content=\"1268\" \/>\n\t<meta property=\"og:image:type\" content=\"image\/jpeg\" \/>\n<meta name=\"twitter:card\" content=\"summary_large_image\" \/>\n<meta name=\"twitter:site\" content=\"@kardinal93\" \/>\n<script type=\"application\/ld+json\" class=\"yoast-schema-graph\">{\"@context\":\"https:\\\/\\\/schema.org\",\"@graph\":[{\"@type\":\"WebPage\",\"@id\":\"https:\\\/\\\/flokardinal.org\\\/?page_id=3360\",\"url\":\"https:\\\/\\\/flokardinal.org\\\/?page_id=3360\",\"name\":\"Corps en Transes :Une magnifique aventure - Les danses de la chamane\",\"isPartOf\":{\"@id\":\"https:\\\/\\\/flokardinal.org\\\/#website\"},\"primaryImageOfPage\":{\"@id\":\"https:\\\/\\\/flokardinal.org\\\/?page_id=3360#primaryimage\"},\"image\":{\"@id\":\"https:\\\/\\\/flokardinal.org\\\/?page_id=3360#primaryimage\"},\"thumbnailUrl\":\"https:\\\/\\\/flokardinal.org\\\/wp-content\\\/uploads\\\/2019\\\/02\\\/Flyer-CORPS-EN-TRANSE-verso-MEDIUM-DEFINITION.jpg\",\"datePublished\":\"2018-07-22T16:00:12+00:00\",\"dateModified\":\"2022-12-28T19:58:42+00:00\",\"breadcrumb\":{\"@id\":\"https:\\\/\\\/flokardinal.org\\\/?page_id=3360#breadcrumb\"},\"inLanguage\":\"fr-FR\",\"potentialAction\":[{\"@type\":\"ReadAction\",\"target\":[\"https:\\\/\\\/flokardinal.org\\\/?page_id=3360\"]}]},{\"@type\":\"ImageObject\",\"inLanguage\":\"fr-FR\",\"@id\":\"https:\\\/\\\/flokardinal.org\\\/?page_id=3360#primaryimage\",\"url\":\"https:\\\/\\\/flokardinal.org\\\/wp-content\\\/uploads\\\/2019\\\/02\\\/Flyer-CORPS-EN-TRANSE-verso-MEDIUM-DEFINITION.jpg\",\"contentUrl\":\"https:\\\/\\\/flokardinal.org\\\/wp-content\\\/uploads\\\/2019\\\/02\\\/Flyer-CORPS-EN-TRANSE-verso-MEDIUM-DEFINITION.jpg\",\"width\":909,\"height\":1268},{\"@type\":\"BreadcrumbList\",\"@id\":\"https:\\\/\\\/flokardinal.org\\\/?page_id=3360#breadcrumb\",\"itemListElement\":[{\"@type\":\"ListItem\",\"position\":1,\"name\":\"Accueil\",\"item\":\"https:\\\/\\\/flokardinal.org\\\/\"},{\"@type\":\"ListItem\",\"position\":2,\"name\":\"Flo Kardinal\",\"item\":\"http:\\\/\\\/flokardinal.org\\\/?page_id=88\"},{\"@type\":\"ListItem\",\"position\":3,\"name\":\"Flo White WOLF\",\"item\":\"http:\\\/\\\/flokardinal.org\\\/?page_id=147\"},{\"@type\":\"ListItem\",\"position\":4,\"name\":\"Flo White Wolf fille de la transe\",\"item\":\"https:\\\/\\\/flokardinal.org\\\/?page_id=1925\"},{\"@type\":\"ListItem\",\"position\":5,\"name\":\"Corps en Transes :Une magnifique aventure\"}]},{\"@type\":\"WebSite\",\"@id\":\"https:\\\/\\\/flokardinal.org\\\/#website\",\"url\":\"https:\\\/\\\/flokardinal.org\\\/\",\"name\":\"Les danses de la chamane\",\"description\":\"Le corps cr\u00e9ateur gu\u00e9risseur salvateur\",\"potentialAction\":[{\"@type\":\"SearchAction\",\"target\":{\"@type\":\"EntryPoint\",\"urlTemplate\":\"https:\\\/\\\/flokardinal.org\\\/?s={search_term_string}\"},\"query-input\":{\"@type\":\"PropertyValueSpecification\",\"valueRequired\":true,\"valueName\":\"search_term_string\"}}],\"inLanguage\":\"fr-FR\"}]}<\/script>\n<!-- \/ Yoast SEO plugin. -->","yoast_head_json":{"title":"Corps en Transes :Une magnifique aventure - Les danses de la chamane","robots":{"index":"index","follow":"follow","max-snippet":"max-snippet:-1","max-image-preview":"max-image-preview:large","max-video-preview":"max-video-preview:-1"},"canonical":"https:\/\/flokardinal.org\/?page_id=3360","og_locale":"fr_FR","og_type":"article","og_title":"Corps en Transes :Une magnifique aventure - Les danses de la chamane","og_description":"Il reste les traces simples et claires de nos magnifiques travers\u00e9es au coeur de nos \u00e2mes , o\u00f9 l&rsquo;enfant \u00e9ternel veille . L\u00e0 o\u00f9 les choses se suffisent d&rsquo;elles m\u00eames. Merci , Merci pour vos corps offerts et engag\u00e9s , pour vos chants l\u00e9gers tels la brise , pour vos transformations fortes et profondes pour &hellip; Continuer la lecture de Corps en Transes :Une magnifique aventure &rarr;","og_url":"https:\/\/flokardinal.org\/?page_id=3360","og_site_name":"Les danses de la chamane","article_modified_time":"2022-12-28T19:58:42+00:00","og_image":[{"width":909,"height":1268,"url":"https:\/\/flokardinal.org\/wp-content\/uploads\/2019\/02\/Flyer-CORPS-EN-TRANSE-verso-MEDIUM-DEFINITION.jpg","type":"image\/jpeg"}],"twitter_card":"summary_large_image","twitter_site":"@kardinal93","schema":{"@context":"https:\/\/schema.org","@graph":[{"@type":"WebPage","@id":"https:\/\/flokardinal.org\/?page_id=3360","url":"https:\/\/flokardinal.org\/?page_id=3360","name":"Corps en Transes :Une magnifique aventure - Les danses de la chamane","isPartOf":{"@id":"https:\/\/flokardinal.org\/#website"},"primaryImageOfPage":{"@id":"https:\/\/flokardinal.org\/?page_id=3360#primaryimage"},"image":{"@id":"https:\/\/flokardinal.org\/?page_id=3360#primaryimage"},"thumbnailUrl":"https:\/\/flokardinal.org\/wp-content\/uploads\/2019\/02\/Flyer-CORPS-EN-TRANSE-verso-MEDIUM-DEFINITION.jpg","datePublished":"2018-07-22T16:00:12+00:00","dateModified":"2022-12-28T19:58:42+00:00","breadcrumb":{"@id":"https:\/\/flokardinal.org\/?page_id=3360#breadcrumb"},"inLanguage":"fr-FR","potentialAction":[{"@type":"ReadAction","target":["https:\/\/flokardinal.org\/?page_id=3360"]}]},{"@type":"ImageObject","inLanguage":"fr-FR","@id":"https:\/\/flokardinal.org\/?page_id=3360#primaryimage","url":"https:\/\/flokardinal.org\/wp-content\/uploads\/2019\/02\/Flyer-CORPS-EN-TRANSE-verso-MEDIUM-DEFINITION.jpg","contentUrl":"https:\/\/flokardinal.org\/wp-content\/uploads\/2019\/02\/Flyer-CORPS-EN-TRANSE-verso-MEDIUM-DEFINITION.jpg","width":909,"height":1268},{"@type":"BreadcrumbList","@id":"https:\/\/flokardinal.org\/?page_id=3360#breadcrumb","itemListElement":[{"@type":"ListItem","position":1,"name":"Accueil","item":"https:\/\/flokardinal.org\/"},{"@type":"ListItem","position":2,"name":"Flo Kardinal","item":"http:\/\/flokardinal.org\/?page_id=88"},{"@type":"ListItem","position":3,"name":"Flo White WOLF","item":"http:\/\/flokardinal.org\/?page_id=147"},{"@type":"ListItem","position":4,"name":"Flo White Wolf fille de la transe","item":"https:\/\/flokardinal.org\/?page_id=1925"},{"@type":"ListItem","position":5,"name":"Corps en Transes :Une magnifique aventure"}]},{"@type":"WebSite","@id":"https:\/\/flokardinal.org\/#website","url":"https:\/\/flokardinal.org\/","name":"Les danses de la chamane","description":"Le corps cr\u00e9ateur gu\u00e9risseur salvateur","potentialAction":[{"@type":"SearchAction","target":{"@type":"EntryPoint","urlTemplate":"https:\/\/flokardinal.org\/?s={search_term_string}"},"query-input":{"@type":"PropertyValueSpecification","valueRequired":true,"valueName":"search_term_string"}}],"inLanguage":"fr-FR"}]}},"_links":{"self":[{"href":"https:\/\/flokardinal.org\/index.php?rest_route=\/wp\/v2\/pages\/3360","targetHints":{"allow":["GET"]}}],"collection":[{"href":"https:\/\/flokardinal.org\/index.php?rest_route=\/wp\/v2\/pages"}],"about":[{"href":"https:\/\/flokardinal.org\/index.php?rest_route=\/wp\/v2\/types\/page"}],"author":[{"embeddable":true,"href":"https:\/\/flokardinal.org\/index.php?rest_route=\/wp\/v2\/users\/1"}],"replies":[{"embeddable":true,"href":"https:\/\/flokardinal.org\/index.php?rest_route=%2Fwp%2Fv2%2Fcomments&post=3360"}],"version-history":[{"count":10,"href":"https:\/\/flokardinal.org\/index.php?rest_route=\/wp\/v2\/pages\/3360\/revisions"}],"predecessor-version":[{"id":8846,"href":"https:\/\/flokardinal.org\/index.php?rest_route=\/wp\/v2\/pages\/3360\/revisions\/8846"}],"up":[{"embeddable":true,"href":"https:\/\/flokardinal.org\/index.php?rest_route=\/wp\/v2\/pages\/1925"}],"wp:featuredmedia":[{"embeddable":true,"href":"https:\/\/flokardinal.org\/index.php?rest_route=\/wp\/v2\/media\/4157"}],"wp:attachment":[{"href":"https:\/\/flokardinal.org\/index.php?rest_route=%2Fwp%2Fv2%2Fmedia&parent=3360"}],"curies":[{"name":"wp","href":"https:\/\/api.w.org\/{rel}","templated":true}]}}