{"id":3328,"date":"2018-07-21T22:19:43","date_gmt":"2018-07-21T21:19:43","guid":{"rendered":"http:\/\/flokardinal.org\/wordpress\/?page_id=3328"},"modified":"2020-08-19T14:37:08","modified_gmt":"2020-08-19T13:37:08","slug":"outre-monde-installation","status":"publish","type":"page","link":"https:\/\/flokardinal.org\/?page_id=3328","title":{"rendered":"OUTRE MONDE : S\u00e9rie Installation"},"content":{"rendered":"<p><a href=\"http:\/\/flokardinal.org\/wordpress\/wp-content\/uploads\/2018\/07\/20180713_192106-1.jpg\"><img loading=\"lazy\" decoding=\"async\" class=\"alignnone size-medium wp-image-3312\" src=\"http:\/\/flokardinal.org\/wordpress\/wp-content\/uploads\/2018\/07\/20180713_192106-1-225x300.jpg\" alt=\"\" width=\"225\" height=\"300\" srcset=\"https:\/\/flokardinal.org\/wp-content\/uploads\/2018\/07\/20180713_192106-1-225x300.jpg 225w, https:\/\/flokardinal.org\/wp-content\/uploads\/2018\/07\/20180713_192106-1-768x1024.jpg 768w\" sizes=\"auto, (max-width: 225px) 100vw, 225px\" \/><\/a><\/p>\n<p>OUTRE MONDE : cr\u00e9ation Flo Kardinal<\/p>\n<p>Un projet Cie Tir Group\u00e9 2018 2019<\/p>\n<p>Tryptique : Installation\/Rituels performatifs\/Photos et vid\u00e9os<\/p>\n<p>L&rsquo;INSTALLATION<\/p>\n<p>Flo kardinal cr\u00e9e des sites \/habitations&nbsp; \u00e9ph\u00e9m\u00e8res in situ et en coh\u00e9rence avec le lieu .Ces espaces sont le coeur de rituels qu&rsquo;elle traverse et qui la transcendent Elle se relie \u00e0 l&rsquo;Esprit des espaces qui l&rsquo;accueillent .Les formes et structures cr\u00e9\u00e9es et requises varient selon les cadres Espace\/Temps.<\/p>\n<p><a href=\"http:\/\/flokardinal.org\/wordpress\/wp-content\/uploads\/2018\/07\/20180707_113021.jpg\"><img loading=\"lazy\" decoding=\"async\" class=\"alignnone size-medium wp-image-3310\" src=\"http:\/\/flokardinal.org\/wordpress\/wp-content\/uploads\/2018\/07\/20180707_113021-225x300.jpg\" alt=\"\" width=\"225\" height=\"300\" srcset=\"https:\/\/flokardinal.org\/wp-content\/uploads\/2018\/07\/20180707_113021-225x300.jpg 225w, https:\/\/flokardinal.org\/wp-content\/uploads\/2018\/07\/20180707_113021-768x1024.jpg 768w\" sizes=\"auto, (max-width: 225px) 100vw, 225px\" \/><\/a><\/p>\n<figure id=\"attachment_3304\" aria-describedby=\"caption-attachment-3304\" style=\"width: 200px\" class=\"wp-caption alignnone\"><a href=\"http:\/\/flokardinal.org\/wordpress\/wp-content\/uploads\/2018\/07\/070A8499-2.jpg\"><img loading=\"lazy\" decoding=\"async\" class=\"size-medium wp-image-3304\" src=\"http:\/\/flokardinal.org\/wordpress\/wp-content\/uploads\/2018\/07\/070A8499-2-200x300.jpg\" alt=\"\" width=\"200\" height=\"300\" srcset=\"https:\/\/flokardinal.org\/wp-content\/uploads\/2018\/07\/070A8499-2-200x300.jpg 200w, https:\/\/flokardinal.org\/wp-content\/uploads\/2018\/07\/070A8499-2-768x1152.jpg 768w, https:\/\/flokardinal.org\/wp-content\/uploads\/2018\/07\/070A8499-2-683x1024.jpg 683w\" sizes=\"auto, (max-width: 200px) 100vw, 200px\" \/><\/a><figcaption id=\"caption-attachment-3304\" class=\"wp-caption-text\">OUTRE MONDE Installation Flo kardinal Tous driots r\u00e9serv\u00e9s 2018 2019<\/figcaption><\/figure>\n<p>&nbsp;<\/p>\n<p>&nbsp;<\/p>\n","protected":false},"excerpt":{"rendered":"<p>OUTRE MONDE : cr\u00e9ation Flo Kardinal Un projet Cie Tir Group\u00e9 2018 2019 Tryptique : Installation\/Rituels performatifs\/Photos et vid\u00e9os L&rsquo;INSTALLATION Flo kardinal cr\u00e9e des sites \/habitations&nbsp; \u00e9ph\u00e9m\u00e8res in situ et en coh\u00e9rence avec le lieu .Ces espaces sont le coeur de rituels qu&rsquo;elle traverse et qui la transcendent Elle se relie \u00e0 l&rsquo;Esprit des espaces &hellip; <a href=\"https:\/\/flokardinal.org\/?page_id=3328\" class=\"more-link\">Continuer la lecture de <span class=\"screen-reader-text\">OUTRE MONDE : S\u00e9rie Installation<\/span>  <span class=\"meta-nav\">&rarr;<\/span><\/a><\/p>\n","protected":false},"author":1,"featured_media":3312,"parent":3300,"menu_order":3,"comment_status":"closed","ping_status":"closed","template":"","meta":{"footnotes":""},"class_list":["post-3328","page","type-page","status-publish","has-post-thumbnail","hentry"],"yoast_head":"<!-- This site is optimized with the Yoast SEO plugin v27.5 - https:\/\/yoast.com\/product\/yoast-seo-wordpress\/ -->\n<title>OUTRE MONDE : S\u00e9rie Installation - Les danses de la chamane<\/title>\n<meta name=\"robots\" content=\"index, follow, max-snippet:-1, max-image-preview:large, max-video-preview:-1\" \/>\n<link rel=\"canonical\" href=\"https:\/\/flokardinal.org\/?page_id=3328\" \/>\n<meta property=\"og:locale\" content=\"fr_FR\" \/>\n<meta property=\"og:type\" content=\"article\" \/>\n<meta property=\"og:title\" content=\"OUTRE MONDE : S\u00e9rie Installation - Les danses de la chamane\" \/>\n<meta property=\"og:description\" content=\"OUTRE MONDE : cr\u00e9ation Flo Kardinal Un projet Cie Tir Group\u00e9 2018 2019 Tryptique : Installation\/Rituels performatifs\/Photos et vid\u00e9os L&rsquo;INSTALLATION Flo kardinal cr\u00e9e des sites \/habitations&nbsp; \u00e9ph\u00e9m\u00e8res in situ et en coh\u00e9rence avec le lieu .Ces espaces sont le coeur de rituels qu&rsquo;elle traverse et qui la transcendent Elle se relie \u00e0 l&rsquo;Esprit des espaces &hellip; Continuer la lecture de OUTRE MONDE : S\u00e9rie Installation &rarr;\" \/>\n<meta property=\"og:url\" content=\"https:\/\/flokardinal.org\/?page_id=3328\" \/>\n<meta property=\"og:site_name\" content=\"Les danses de la chamane\" \/>\n<meta property=\"article:modified_time\" content=\"2020-08-19T13:37:08+00:00\" \/>\n<meta property=\"og:image\" content=\"https:\/\/flokardinal.org\/wp-content\/uploads\/2018\/07\/20180713_192106-1-768x1024.jpg\" \/>\n\t<meta property=\"og:image:width\" content=\"768\" \/>\n\t<meta property=\"og:image:height\" content=\"1024\" \/>\n\t<meta property=\"og:image:type\" content=\"image\/jpeg\" \/>\n<meta name=\"twitter:card\" content=\"summary_large_image\" \/>\n<meta name=\"twitter:site\" content=\"@kardinal93\" \/>\n<script type=\"application\/ld+json\" class=\"yoast-schema-graph\">{\"@context\":\"https:\\\/\\\/schema.org\",\"@graph\":[{\"@type\":\"WebPage\",\"@id\":\"https:\\\/\\\/flokardinal.org\\\/?page_id=3328\",\"url\":\"https:\\\/\\\/flokardinal.org\\\/?page_id=3328\",\"name\":\"OUTRE MONDE : S\u00e9rie Installation - Les danses de la chamane\",\"isPartOf\":{\"@id\":\"https:\\\/\\\/flokardinal.org\\\/#website\"},\"primaryImageOfPage\":{\"@id\":\"https:\\\/\\\/flokardinal.org\\\/?page_id=3328#primaryimage\"},\"image\":{\"@id\":\"https:\\\/\\\/flokardinal.org\\\/?page_id=3328#primaryimage\"},\"thumbnailUrl\":\"https:\\\/\\\/flokardinal.org\\\/wp-content\\\/uploads\\\/2018\\\/07\\\/20180713_192106-1.jpg\",\"datePublished\":\"2018-07-21T21:19:43+00:00\",\"dateModified\":\"2020-08-19T13:37:08+00:00\",\"breadcrumb\":{\"@id\":\"https:\\\/\\\/flokardinal.org\\\/?page_id=3328#breadcrumb\"},\"inLanguage\":\"fr-FR\",\"potentialAction\":[{\"@type\":\"ReadAction\",\"target\":[\"https:\\\/\\\/flokardinal.org\\\/?page_id=3328\"]}]},{\"@type\":\"ImageObject\",\"inLanguage\":\"fr-FR\",\"@id\":\"https:\\\/\\\/flokardinal.org\\\/?page_id=3328#primaryimage\",\"url\":\"https:\\\/\\\/flokardinal.org\\\/wp-content\\\/uploads\\\/2018\\\/07\\\/20180713_192106-1.jpg\",\"contentUrl\":\"https:\\\/\\\/flokardinal.org\\\/wp-content\\\/uploads\\\/2018\\\/07\\\/20180713_192106-1.jpg\",\"width\":3456,\"height\":4608},{\"@type\":\"BreadcrumbList\",\"@id\":\"https:\\\/\\\/flokardinal.org\\\/?page_id=3328#breadcrumb\",\"itemListElement\":[{\"@type\":\"ListItem\",\"position\":1,\"name\":\"Accueil\",\"item\":\"https:\\\/\\\/flokardinal.org\\\/\"},{\"@type\":\"ListItem\",\"position\":2,\"name\":\"L&rsquo;ACTUALIT\u00e9 CREATIVE DE LA Cie Tir Group\u00e9\",\"item\":\"https:\\\/\\\/flokardinal.org\\\/?page_id=1423\"},{\"@type\":\"ListItem\",\"position\":3,\"name\":\"OUTRE MONDE @ Cie Tir Group\u00e9\",\"item\":\"https:\\\/\\\/flokardinal.org\\\/?page_id=3300\"},{\"@type\":\"ListItem\",\"position\":4,\"name\":\"OUTRE MONDE : S\u00e9rie Installation\"}]},{\"@type\":\"WebSite\",\"@id\":\"https:\\\/\\\/flokardinal.org\\\/#website\",\"url\":\"https:\\\/\\\/flokardinal.org\\\/\",\"name\":\"Les danses de la chamane\",\"description\":\"Le corps cr\u00e9ateur gu\u00e9risseur salvateur\",\"potentialAction\":[{\"@type\":\"SearchAction\",\"target\":{\"@type\":\"EntryPoint\",\"urlTemplate\":\"https:\\\/\\\/flokardinal.org\\\/?s={search_term_string}\"},\"query-input\":{\"@type\":\"PropertyValueSpecification\",\"valueRequired\":true,\"valueName\":\"search_term_string\"}}],\"inLanguage\":\"fr-FR\"}]}<\/script>\n<!-- \/ Yoast SEO plugin. -->","yoast_head_json":{"title":"OUTRE MONDE : S\u00e9rie Installation - Les danses de la chamane","robots":{"index":"index","follow":"follow","max-snippet":"max-snippet:-1","max-image-preview":"max-image-preview:large","max-video-preview":"max-video-preview:-1"},"canonical":"https:\/\/flokardinal.org\/?page_id=3328","og_locale":"fr_FR","og_type":"article","og_title":"OUTRE MONDE : S\u00e9rie Installation - Les danses de la chamane","og_description":"OUTRE MONDE : cr\u00e9ation Flo Kardinal Un projet Cie Tir Group\u00e9 2018 2019 Tryptique : Installation\/Rituels performatifs\/Photos et vid\u00e9os L&rsquo;INSTALLATION Flo kardinal cr\u00e9e des sites \/habitations&nbsp; \u00e9ph\u00e9m\u00e8res in situ et en coh\u00e9rence avec le lieu .Ces espaces sont le coeur de rituels qu&rsquo;elle traverse et qui la transcendent Elle se relie \u00e0 l&rsquo;Esprit des espaces &hellip; Continuer la lecture de OUTRE MONDE : S\u00e9rie Installation &rarr;","og_url":"https:\/\/flokardinal.org\/?page_id=3328","og_site_name":"Les danses de la chamane","article_modified_time":"2020-08-19T13:37:08+00:00","og_image":[{"width":768,"height":1024,"url":"https:\/\/flokardinal.org\/wp-content\/uploads\/2018\/07\/20180713_192106-1-768x1024.jpg","type":"image\/jpeg"}],"twitter_card":"summary_large_image","twitter_site":"@kardinal93","schema":{"@context":"https:\/\/schema.org","@graph":[{"@type":"WebPage","@id":"https:\/\/flokardinal.org\/?page_id=3328","url":"https:\/\/flokardinal.org\/?page_id=3328","name":"OUTRE MONDE : S\u00e9rie Installation - Les danses de la chamane","isPartOf":{"@id":"https:\/\/flokardinal.org\/#website"},"primaryImageOfPage":{"@id":"https:\/\/flokardinal.org\/?page_id=3328#primaryimage"},"image":{"@id":"https:\/\/flokardinal.org\/?page_id=3328#primaryimage"},"thumbnailUrl":"https:\/\/flokardinal.org\/wp-content\/uploads\/2018\/07\/20180713_192106-1.jpg","datePublished":"2018-07-21T21:19:43+00:00","dateModified":"2020-08-19T13:37:08+00:00","breadcrumb":{"@id":"https:\/\/flokardinal.org\/?page_id=3328#breadcrumb"},"inLanguage":"fr-FR","potentialAction":[{"@type":"ReadAction","target":["https:\/\/flokardinal.org\/?page_id=3328"]}]},{"@type":"ImageObject","inLanguage":"fr-FR","@id":"https:\/\/flokardinal.org\/?page_id=3328#primaryimage","url":"https:\/\/flokardinal.org\/wp-content\/uploads\/2018\/07\/20180713_192106-1.jpg","contentUrl":"https:\/\/flokardinal.org\/wp-content\/uploads\/2018\/07\/20180713_192106-1.jpg","width":3456,"height":4608},{"@type":"BreadcrumbList","@id":"https:\/\/flokardinal.org\/?page_id=3328#breadcrumb","itemListElement":[{"@type":"ListItem","position":1,"name":"Accueil","item":"https:\/\/flokardinal.org\/"},{"@type":"ListItem","position":2,"name":"L&rsquo;ACTUALIT\u00e9 CREATIVE DE LA Cie Tir Group\u00e9","item":"https:\/\/flokardinal.org\/?page_id=1423"},{"@type":"ListItem","position":3,"name":"OUTRE MONDE @ Cie Tir Group\u00e9","item":"https:\/\/flokardinal.org\/?page_id=3300"},{"@type":"ListItem","position":4,"name":"OUTRE MONDE : S\u00e9rie Installation"}]},{"@type":"WebSite","@id":"https:\/\/flokardinal.org\/#website","url":"https:\/\/flokardinal.org\/","name":"Les danses de la chamane","description":"Le corps cr\u00e9ateur gu\u00e9risseur salvateur","potentialAction":[{"@type":"SearchAction","target":{"@type":"EntryPoint","urlTemplate":"https:\/\/flokardinal.org\/?s={search_term_string}"},"query-input":{"@type":"PropertyValueSpecification","valueRequired":true,"valueName":"search_term_string"}}],"inLanguage":"fr-FR"}]}},"_links":{"self":[{"href":"https:\/\/flokardinal.org\/index.php?rest_route=\/wp\/v2\/pages\/3328","targetHints":{"allow":["GET"]}}],"collection":[{"href":"https:\/\/flokardinal.org\/index.php?rest_route=\/wp\/v2\/pages"}],"about":[{"href":"https:\/\/flokardinal.org\/index.php?rest_route=\/wp\/v2\/types\/page"}],"author":[{"embeddable":true,"href":"https:\/\/flokardinal.org\/index.php?rest_route=\/wp\/v2\/users\/1"}],"replies":[{"embeddable":true,"href":"https:\/\/flokardinal.org\/index.php?rest_route=%2Fwp%2Fv2%2Fcomments&post=3328"}],"version-history":[{"count":7,"href":"https:\/\/flokardinal.org\/index.php?rest_route=\/wp\/v2\/pages\/3328\/revisions"}],"predecessor-version":[{"id":7432,"href":"https:\/\/flokardinal.org\/index.php?rest_route=\/wp\/v2\/pages\/3328\/revisions\/7432"}],"up":[{"embeddable":true,"href":"https:\/\/flokardinal.org\/index.php?rest_route=\/wp\/v2\/pages\/3300"}],"wp:featuredmedia":[{"embeddable":true,"href":"https:\/\/flokardinal.org\/index.php?rest_route=\/wp\/v2\/media\/3312"}],"wp:attachment":[{"href":"https:\/\/flokardinal.org\/index.php?rest_route=%2Fwp%2Fv2%2Fmedia&parent=3328"}],"curies":[{"name":"wp","href":"https:\/\/api.w.org\/{rel}","templated":true}]}}

OUTRE MONDE : Série Installation

<p><a href="http://flokardinal.org/wordpress/wp-content/uploads/2018/07/20180713_192106-1.jpg"><img loading="lazy" decoding="async" class="alignnone size-medium wp-image-3312" src="http://flokardinal.org/wordpress/wp-content/uploads/2018/07/20180713_192106-1-225x300.jpg" alt="" width="225" height="300" srcset="https://flokardinal.org/wp-content/uploads/2018/07/20180713_192106-1-225x300.jpg 225w, https://flokardinal.org/wp-content/uploads/2018/07/20180713_192106-1-768x1024.jpg 768w" sizes="auto, (max-width: 225px) 100vw, 225px" /></a></p>
<p>OUTRE MONDE : création Flo Kardinal</p>
<p>Un projet Cie Tir Groupé 2018 2019</p>
<p>Tryptique : Installation/Rituels performatifs/Photos et vidéos</p>
<p>L&rsquo;INSTALLATION</p>
<p>Flo kardinal crée des sites /habitations&nbsp; éphémères in situ et en cohérence avec le lieu .Ces espaces sont le coeur de rituels qu&rsquo;elle traverse et qui la transcendent Elle se relie à l&rsquo;Esprit des espaces qui l&rsquo;accueillent .Les formes et structures créées et requises varient selon les cadres Espace/Temps.</p>
<p><a href="http://flokardinal.org/wordpress/wp-content/uploads/2018/07/20180707_113021.jpg"><img loading="lazy" decoding="async" class="alignnone size-medium wp-image-3310" src="http://flokardinal.org/wordpress/wp-content/uploads/2018/07/20180707_113021-225x300.jpg" alt="" width="225" height="300" srcset="https://flokardinal.org/wp-content/uploads/2018/07/20180707_113021-225x300.jpg 225w, https://flokardinal.org/wp-content/uploads/2018/07/20180707_113021-768x1024.jpg 768w" sizes="auto, (max-width: 225px) 100vw, 225px" /></a></p>
<figure id="attachment_3304" aria-describedby="caption-attachment-3304" style="width: 200px" class="wp-caption alignnone"><a href="http://flokardinal.org/wordpress/wp-content/uploads/2018/07/070A8499-2.jpg"><img loading="lazy" decoding="async" class="size-medium wp-image-3304" src="http://flokardinal.org/wordpress/wp-content/uploads/2018/07/070A8499-2-200x300.jpg" alt="" width="200" height="300" srcset="https://flokardinal.org/wp-content/uploads/2018/07/070A8499-2-200x300.jpg 200w, https://flokardinal.org/wp-content/uploads/2018/07/070A8499-2-768x1152.jpg 768w, https://flokardinal.org/wp-content/uploads/2018/07/070A8499-2-683x1024.jpg 683w" sizes="auto, (max-width: 200px) 100vw, 200px" /></a><figcaption id="caption-attachment-3304" class="wp-caption-text">OUTRE MONDE Installation Flo kardinal Tous driots réservés 2018 2019</figcaption></figure>
<p>&nbsp;</p>
<p>&nbsp;</p>

<p>OUTRE MONDE : création Flo Kardinal Un projet Cie Tir Groupé 2018 2019 Tryptique : Installation/Rituels performatifs/Photos et vidéos L&rsquo;INSTALLATION Flo kardinal crée des sites /habitations&nbsp; éphémères in situ et en cohérence avec le lieu .Ces espaces sont le coeur de rituels qu&rsquo;elle traverse et qui la transcendent Elle se relie à l&rsquo;Esprit des espaces &hellip; <a href="https://flokardinal.org/?page_id=3328" class="more-link">Continuer la lecture de <span class="screen-reader-text">OUTRE MONDE : Série Installation</span>  <span class="meta-nav">&rarr;</span></a></p>

<!-- This site is optimized with the Yoast SEO plugin v27.5 - https://yoast.com/product/yoast-seo-wordpress/ -->
<title>OUTRE MONDE : Série Installation - Les danses de la chamane</title>
<meta name="robots" content="index, follow, max-snippet:-1, max-image-preview:large, max-video-preview:-1" />
<link rel="canonical" href="https://flokardinal.org/?page_id=3328" />
<meta property="og:locale" content="fr_FR" />
<meta property="og:type" content="article" />
<meta property="og:title" content="OUTRE MONDE : Série Installation - Les danses de la chamane" />
<meta property="og:description" content="OUTRE MONDE : création Flo Kardinal Un projet Cie Tir Groupé 2018 2019 Tryptique : Installation/Rituels performatifs/Photos et vidéos L&rsquo;INSTALLATION Flo kardinal crée des sites /habitations&nbsp; éphémères in situ et en cohérence avec le lieu .Ces espaces sont le coeur de rituels qu&rsquo;elle traverse et qui la transcendent Elle se relie à l&rsquo;Esprit des espaces &hellip; Continuer la lecture de OUTRE MONDE : Série Installation &rarr;" />
<meta property="og:url" content="https://flokardinal.org/?page_id=3328" />
<meta property="og:site_name" content="Les danses de la chamane" />
<meta property="article:modified_time" content="2020-08-19T13:37:08+00:00" />
<meta property="og:image" content="https://flokardinal.org/wp-content/uploads/2018/07/20180713_192106-1-768x1024.jpg" />
	<meta property="og:image:width" content="768" />
	<meta property="og:image:height" content="1024" />
	<meta property="og:image:type" content="image/jpeg" />
<meta name="twitter:card" content="summary_large_image" />
<meta name="twitter:site" content="@kardinal93" />
<script type="application/ld+json" class="yoast-schema-graph">{"@context":"https:\/\/schema.org","@graph":[{"@type":"WebPage","@id":"https:\/\/flokardinal.org\/?page_id=3328","url":"https:\/\/flokardinal.org\/?page_id=3328","name":"OUTRE MONDE : Série Installation - Les danses de la chamane","isPartOf":{"@id":"https:\/\/flokardinal.org\/#website"},"primaryImageOfPage":{"@id":"https:\/\/flokardinal.org\/?page_id=3328#primaryimage"},"image":{"@id":"https:\/\/flokardinal.org\/?page_id=3328#primaryimage"},"thumbnailUrl":"https:\/\/flokardinal.org\/wp-content\/uploads\/2018\/07\/20180713_192106-1.jpg","datePublished":"2018-07-21T21:19:43+00:00","dateModified":"2020-08-19T13:37:08+00:00","breadcrumb":{"@id":"https:\/\/flokardinal.org\/?page_id=3328#breadcrumb"},"inLanguage":"fr-FR","potentialAction":[{"@type":"ReadAction","target":["https:\/\/flokardinal.org\/?page_id=3328"]}]},{"@type":"ImageObject","inLanguage":"fr-FR","@id":"https:\/\/flokardinal.org\/?page_id=3328#primaryimage","url":"https:\/\/flokardinal.org\/wp-content\/uploads\/2018\/07\/20180713_192106-1.jpg","contentUrl":"https:\/\/flokardinal.org\/wp-content\/uploads\/2018\/07\/20180713_192106-1.jpg","width":3456,"height":4608},{"@type":"BreadcrumbList","@id":"https:\/\/flokardinal.org\/?page_id=3328#breadcrumb","itemListElement":[{"@type":"ListItem","position":1,"name":"Accueil","item":"https:\/\/flokardinal.org\/"},{"@type":"ListItem","position":2,"name":"L&rsquo;ACTUALITé CREATIVE DE LA Cie Tir Groupé","item":"https:\/\/flokardinal.org\/?page_id=1423"},{"@type":"ListItem","position":3,"name":"OUTRE MONDE @ Cie Tir Groupé","item":"https:\/\/flokardinal.org\/?page_id=3300"},{"@type":"ListItem","position":4,"name":"OUTRE MONDE : Série Installation"}]},{"@type":"WebSite","@id":"https:\/\/flokardinal.org\/#website","url":"https:\/\/flokardinal.org\/","name":"Les danses de la chamane","description":"Le corps créateur guérisseur salvateur","potentialAction":[{"@type":"SearchAction","target":{"@type":"EntryPoint","urlTemplate":"https:\/\/flokardinal.org\/?s={search_term_string}"},"query-input":{"@type":"PropertyValueSpecification","valueRequired":true,"valueName":"search_term_string"}}],"inLanguage":"fr-FR"}]}</script>
<!-- / Yoast SEO plugin. -->

OUTRE MONDE : Série Installation - Les danses de la chamane

OUTRE MONDE : création Flo Kardinal Un projet Cie Tir Groupé 2018 2019 Tryptique : Installation/Rituels performatifs/Photos et vidéos L&rsquo;INSTALLATION Flo kardinal crée des sites /habitations&nbsp; éphémères in situ et en cohérence avec le lieu .Ces espaces sont le coeur de rituels qu&rsquo;elle traverse et qui la transcendent Elle se relie à l&rsquo;Esprit des espaces &hellip; Continuer la lecture de OUTRE MONDE : Série Installation &rarr;

L&rsquo;ACTUALITé CREATIVE DE LA Cie Tir Groupé

OUTRE MONDE @ Cie Tir Groupé

Le corps créateur guérisseur salvateur
