{"id":3303,"date":"2018-07-21T20:58:54","date_gmt":"2018-07-21T19:58:54","guid":{"rendered":"http:\/\/flokardinal.org\/wordpress\/?page_id=3303"},"modified":"2020-08-19T14:35:47","modified_gmt":"2020-08-19T13:35:47","slug":"outre-monde-vues","status":"publish","type":"page","link":"https:\/\/flokardinal.org\/?page_id=3303","title":{"rendered":"OUTRE MONDE \/ S\u00e9rie Images"},"content":{"rendered":"<p><a href=\"http:\/\/flokardinal.org\/wordpress\/wp-content\/uploads\/2018\/07\/20180705_133252.jpg\"><img loading=\"lazy\" decoding=\"async\" class=\"alignnone size-medium wp-image-3309\" src=\"http:\/\/flokardinal.org\/wordpress\/wp-content\/uploads\/2018\/07\/20180705_133252-225x300.jpg\" alt=\"\" width=\"225\" height=\"300\" srcset=\"https:\/\/flokardinal.org\/wp-content\/uploads\/2018\/07\/20180705_133252-225x300.jpg 225w, https:\/\/flokardinal.org\/wp-content\/uploads\/2018\/07\/20180705_133252-768x1024.jpg 768w\" sizes=\"auto, (max-width: 225px) 100vw, 225px\" \/><\/a><\/p>\n<p>OUTRE MONDE&nbsp; est un projet d\u00e9velopp\u00e9 par Flo Kardinal au sein de la Cie Tir Group\u00e9 2018\/2019<\/p>\n<p>tous droits r\u00e9serv\u00e9s Cie Tir Group\u00e9 \/2018-2019<\/p>\n<p><a href=\"http:\/\/flokardinal.org\/wordpress\/wp-content\/uploads\/2018\/07\/20180705_132726.jpg\"><img loading=\"lazy\" decoding=\"async\" class=\"alignnone size-medium wp-image-3308\" src=\"http:\/\/flokardinal.org\/wordpress\/wp-content\/uploads\/2018\/07\/20180705_132726-225x300.jpg\" alt=\"\" width=\"225\" height=\"300\" srcset=\"https:\/\/flokardinal.org\/wp-content\/uploads\/2018\/07\/20180705_132726-225x300.jpg 225w, https:\/\/flokardinal.org\/wp-content\/uploads\/2018\/07\/20180705_132726-768x1024.jpg 768w\" sizes=\"auto, (max-width: 225px) 100vw, 225px\" \/><\/a> <a href=\"http:\/\/flokardinal.org\/wordpress\/wp-content\/uploads\/2018\/07\/20180707_113021.jpg\"><img loading=\"lazy\" decoding=\"async\" class=\"alignnone size-medium wp-image-3310\" src=\"http:\/\/flokardinal.org\/wordpress\/wp-content\/uploads\/2018\/07\/20180707_113021-225x300.jpg\" alt=\"\" width=\"225\" height=\"300\" srcset=\"https:\/\/flokardinal.org\/wp-content\/uploads\/2018\/07\/20180707_113021-225x300.jpg 225w, https:\/\/flokardinal.org\/wp-content\/uploads\/2018\/07\/20180707_113021-768x1024.jpg 768w\" sizes=\"auto, (max-width: 225px) 100vw, 225px\" \/><\/a> <a href=\"http:\/\/flokardinal.org\/wordpress\/wp-content\/uploads\/2018\/07\/20180713_193153.jpg\"><img loading=\"lazy\" decoding=\"async\" class=\"alignnone size-medium wp-image-3313\" src=\"http:\/\/flokardinal.org\/wordpress\/wp-content\/uploads\/2018\/07\/20180713_193153-300x225.jpg\" alt=\"\" width=\"300\" height=\"225\" srcset=\"https:\/\/flokardinal.org\/wp-content\/uploads\/2018\/07\/20180713_193153-300x225.jpg 300w, https:\/\/flokardinal.org\/wp-content\/uploads\/2018\/07\/20180713_193153-768x576.jpg 768w, https:\/\/flokardinal.org\/wp-content\/uploads\/2018\/07\/20180713_193153-1024x768.jpg 1024w\" sizes=\"auto, (max-width: 300px) 100vw, 300px\" \/><\/a> <a href=\"http:\/\/flokardinal.org\/wordpress\/wp-content\/uploads\/2018\/07\/20180714_082102.jpg\"><img loading=\"lazy\" decoding=\"async\" class=\"alignnone size-medium wp-image-3314\" src=\"http:\/\/flokardinal.org\/wordpress\/wp-content\/uploads\/2018\/07\/20180714_082102-300x225.jpg\" alt=\"\" width=\"300\" height=\"225\" srcset=\"https:\/\/flokardinal.org\/wp-content\/uploads\/2018\/07\/20180714_082102-300x225.jpg 300w, https:\/\/flokardinal.org\/wp-content\/uploads\/2018\/07\/20180714_082102-768x576.jpg 768w, https:\/\/flokardinal.org\/wp-content\/uploads\/2018\/07\/20180714_082102-1024x768.jpg 1024w\" sizes=\"auto, (max-width: 300px) 100vw, 300px\" \/><\/a> <a href=\"http:\/\/flokardinal.org\/wordpress\/wp-content\/uploads\/2018\/07\/070A8636.jpg\"><img loading=\"lazy\" decoding=\"async\" class=\"alignnone size-medium wp-image-3317\" src=\"http:\/\/flokardinal.org\/wordpress\/wp-content\/uploads\/2018\/07\/070A8636-300x200.jpg\" alt=\"\" width=\"300\" height=\"200\" srcset=\"https:\/\/flokardinal.org\/wp-content\/uploads\/2018\/07\/070A8636-300x200.jpg 300w, https:\/\/flokardinal.org\/wp-content\/uploads\/2018\/07\/070A8636-768x512.jpg 768w, https:\/\/flokardinal.org\/wp-content\/uploads\/2018\/07\/070A8636-1024x683.jpg 1024w\" sizes=\"auto, (max-width: 300px) 100vw, 300px\" \/><\/a> <a href=\"http:\/\/flokardinal.org\/wordpress\/wp-content\/uploads\/2018\/07\/070A8663.jpg\"><img loading=\"lazy\" decoding=\"async\" class=\"alignnone size-medium wp-image-3320\" src=\"http:\/\/flokardinal.org\/wordpress\/wp-content\/uploads\/2018\/07\/070A8663-200x300.jpg\" alt=\"\" width=\"200\" height=\"300\" srcset=\"https:\/\/flokardinal.org\/wp-content\/uploads\/2018\/07\/070A8663-200x300.jpg 200w, https:\/\/flokardinal.org\/wp-content\/uploads\/2018\/07\/070A8663-768x1152.jpg 768w, https:\/\/flokardinal.org\/wp-content\/uploads\/2018\/07\/070A8663-683x1024.jpg 683w\" sizes=\"auto, (max-width: 200px) 100vw, 200px\" \/><\/a><a href=\"http:\/\/flokardinal.org\/wordpress\/wp-content\/uploads\/2018\/07\/070A8649.jpg\"><img loading=\"lazy\" decoding=\"async\" class=\"alignnone size-medium wp-image-3318\" src=\"http:\/\/flokardinal.org\/wordpress\/wp-content\/uploads\/2018\/07\/070A8649-200x300.jpg\" alt=\"\" width=\"200\" height=\"300\" srcset=\"https:\/\/flokardinal.org\/wp-content\/uploads\/2018\/07\/070A8649-200x300.jpg 200w, https:\/\/flokardinal.org\/wp-content\/uploads\/2018\/07\/070A8649-768x1152.jpg 768w, https:\/\/flokardinal.org\/wp-content\/uploads\/2018\/07\/070A8649-683x1024.jpg 683w\" sizes=\"auto, (max-width: 200px) 100vw, 200px\" \/><\/a> <a href=\"http:\/\/flokardinal.org\/wordpress\/wp-content\/uploads\/2018\/07\/20180720_124359.jpg\"><img loading=\"lazy\" decoding=\"async\" class=\"alignnone size-medium wp-image-3323\" src=\"http:\/\/flokardinal.org\/wordpress\/wp-content\/uploads\/2018\/07\/20180720_124359-225x300.jpg\" alt=\"\" width=\"225\" height=\"300\" srcset=\"https:\/\/flokardinal.org\/wp-content\/uploads\/2018\/07\/20180720_124359-225x300.jpg 225w, https:\/\/flokardinal.org\/wp-content\/uploads\/2018\/07\/20180720_124359-768x1024.jpg 768w\" sizes=\"auto, (max-width: 225px) 100vw, 225px\" \/><\/a> <a href=\"http:\/\/flokardinal.org\/wordpress\/wp-content\/uploads\/2018\/07\/20180720_124606.jpg\"><img loading=\"lazy\" decoding=\"async\" class=\"alignnone size-medium wp-image-3324\" src=\"http:\/\/flokardinal.org\/wordpress\/wp-content\/uploads\/2018\/07\/20180720_124606-225x300.jpg\" alt=\"\" width=\"225\" height=\"300\" srcset=\"https:\/\/flokardinal.org\/wp-content\/uploads\/2018\/07\/20180720_124606-225x300.jpg 225w, https:\/\/flokardinal.org\/wp-content\/uploads\/2018\/07\/20180720_124606-768x1024.jpg 768w\" sizes=\"auto, (max-width: 225px) 100vw, 225px\" \/><\/a> <a href=\"http:\/\/flokardinal.org\/wordpress\/wp-content\/uploads\/2018\/07\/20180720_125051.jpg\"><img loading=\"lazy\" decoding=\"async\" class=\"alignnone size-medium wp-image-3325\" src=\"http:\/\/flokardinal.org\/wordpress\/wp-content\/uploads\/2018\/07\/20180720_125051-225x300.jpg\" alt=\"\" width=\"225\" height=\"300\" srcset=\"https:\/\/flokardinal.org\/wp-content\/uploads\/2018\/07\/20180720_125051-225x300.jpg 225w, https:\/\/flokardinal.org\/wp-content\/uploads\/2018\/07\/20180720_125051-768x1024.jpg 768w\" sizes=\"auto, (max-width: 225px) 100vw, 225px\" \/><\/a> <a href=\"http:\/\/flokardinal.org\/wordpress\/wp-content\/uploads\/2018\/07\/20180720_125108.jpg\"><img loading=\"lazy\" decoding=\"async\" class=\"alignnone size-medium wp-image-3326\" src=\"http:\/\/flokardinal.org\/wordpress\/wp-content\/uploads\/2018\/07\/20180720_125108-225x300.jpg\" alt=\"\" width=\"225\" height=\"300\" srcset=\"https:\/\/flokardinal.org\/wp-content\/uploads\/2018\/07\/20180720_125108-225x300.jpg 225w, https:\/\/flokardinal.org\/wp-content\/uploads\/2018\/07\/20180720_125108-768x1024.jpg 768w\" sizes=\"auto, (max-width: 225px) 100vw, 225px\" \/><\/a><\/p>\n","protected":false},"excerpt":{"rendered":"<p>OUTRE MONDE&nbsp; est un projet d\u00e9velopp\u00e9 par Flo Kardinal au sein de la Cie Tir Group\u00e9 2018\/2019 tous droits r\u00e9serv\u00e9s Cie Tir Group\u00e9 \/2018-2019<\/p>\n","protected":false},"author":1,"featured_media":3313,"parent":3300,"menu_order":2,"comment_status":"closed","ping_status":"closed","template":"","meta":{"footnotes":""},"class_list":["post-3303","page","type-page","status-publish","has-post-thumbnail","hentry"],"yoast_head":"<!-- This site is optimized with the Yoast SEO plugin v27.4 - https:\/\/yoast.com\/product\/yoast-seo-wordpress\/ -->\n<title>OUTRE MONDE \/ S\u00e9rie Images - Les danses de la chamane<\/title>\n<meta name=\"robots\" content=\"index, follow, max-snippet:-1, max-image-preview:large, max-video-preview:-1\" \/>\n<link rel=\"canonical\" href=\"https:\/\/flokardinal.org\/?page_id=3303\" \/>\n<meta property=\"og:locale\" content=\"fr_FR\" \/>\n<meta property=\"og:type\" content=\"article\" \/>\n<meta property=\"og:title\" content=\"OUTRE MONDE \/ S\u00e9rie Images - Les danses de la chamane\" \/>\n<meta property=\"og:description\" content=\"OUTRE MONDE&nbsp; est un projet d\u00e9velopp\u00e9 par Flo Kardinal au sein de la Cie Tir Group\u00e9 2018\/2019 tous droits r\u00e9serv\u00e9s Cie Tir Group\u00e9 \/2018-2019\" \/>\n<meta property=\"og:url\" content=\"https:\/\/flokardinal.org\/?page_id=3303\" \/>\n<meta property=\"og:site_name\" content=\"Les danses de la chamane\" \/>\n<meta property=\"article:modified_time\" content=\"2020-08-19T13:35:47+00:00\" \/>\n<meta property=\"og:image\" content=\"https:\/\/flokardinal.org\/wp-content\/uploads\/2018\/07\/20180713_193153-1024x768.jpg\" \/>\n\t<meta property=\"og:image:width\" content=\"1024\" \/>\n\t<meta property=\"og:image:height\" content=\"768\" \/>\n\t<meta property=\"og:image:type\" content=\"image\/jpeg\" \/>\n<meta name=\"twitter:card\" content=\"summary_large_image\" \/>\n<meta name=\"twitter:site\" content=\"@kardinal93\" \/>\n<script type=\"application\/ld+json\" class=\"yoast-schema-graph\">{\"@context\":\"https:\\\/\\\/schema.org\",\"@graph\":[{\"@type\":\"WebPage\",\"@id\":\"https:\\\/\\\/flokardinal.org\\\/?page_id=3303\",\"url\":\"https:\\\/\\\/flokardinal.org\\\/?page_id=3303\",\"name\":\"OUTRE MONDE \\\/ S\u00e9rie Images - Les danses de la chamane\",\"isPartOf\":{\"@id\":\"http:\\\/\\\/flokardinal.org\\\/#website\"},\"primaryImageOfPage\":{\"@id\":\"https:\\\/\\\/flokardinal.org\\\/?page_id=3303#primaryimage\"},\"image\":{\"@id\":\"https:\\\/\\\/flokardinal.org\\\/?page_id=3303#primaryimage\"},\"thumbnailUrl\":\"https:\\\/\\\/flokardinal.org\\\/wp-content\\\/uploads\\\/2018\\\/07\\\/20180713_193153.jpg\",\"datePublished\":\"2018-07-21T19:58:54+00:00\",\"dateModified\":\"2020-08-19T13:35:47+00:00\",\"breadcrumb\":{\"@id\":\"https:\\\/\\\/flokardinal.org\\\/?page_id=3303#breadcrumb\"},\"inLanguage\":\"fr-FR\",\"potentialAction\":[{\"@type\":\"ReadAction\",\"target\":[\"https:\\\/\\\/flokardinal.org\\\/?page_id=3303\"]}]},{\"@type\":\"ImageObject\",\"inLanguage\":\"fr-FR\",\"@id\":\"https:\\\/\\\/flokardinal.org\\\/?page_id=3303#primaryimage\",\"url\":\"https:\\\/\\\/flokardinal.org\\\/wp-content\\\/uploads\\\/2018\\\/07\\\/20180713_193153.jpg\",\"contentUrl\":\"https:\\\/\\\/flokardinal.org\\\/wp-content\\\/uploads\\\/2018\\\/07\\\/20180713_193153.jpg\",\"width\":4608,\"height\":3456},{\"@type\":\"BreadcrumbList\",\"@id\":\"https:\\\/\\\/flokardinal.org\\\/?page_id=3303#breadcrumb\",\"itemListElement\":[{\"@type\":\"ListItem\",\"position\":1,\"name\":\"Accueil\",\"item\":\"http:\\\/\\\/flokardinal.org\\\/\"},{\"@type\":\"ListItem\",\"position\":2,\"name\":\"L&rsquo;ACTUALIT\u00e9 CREATIVE DE LA Cie Tir Group\u00e9\",\"item\":\"https:\\\/\\\/flokardinal.org\\\/?page_id=1423\"},{\"@type\":\"ListItem\",\"position\":3,\"name\":\"OUTRE MONDE @ Cie Tir Group\u00e9\",\"item\":\"http:\\\/\\\/flokardinal.org\\\/?page_id=3300\"},{\"@type\":\"ListItem\",\"position\":4,\"name\":\"OUTRE MONDE \\\/ S\u00e9rie Images\"}]},{\"@type\":\"WebSite\",\"@id\":\"http:\\\/\\\/flokardinal.org\\\/#website\",\"url\":\"http:\\\/\\\/flokardinal.org\\\/\",\"name\":\"Les danses de la chamane\",\"description\":\"Le corps cr\u00e9ateur gu\u00e9risseur salvateur\",\"potentialAction\":[{\"@type\":\"SearchAction\",\"target\":{\"@type\":\"EntryPoint\",\"urlTemplate\":\"http:\\\/\\\/flokardinal.org\\\/?s={search_term_string}\"},\"query-input\":{\"@type\":\"PropertyValueSpecification\",\"valueRequired\":true,\"valueName\":\"search_term_string\"}}],\"inLanguage\":\"fr-FR\"}]}<\/script>\n<!-- \/ Yoast SEO plugin. -->","yoast_head_json":{"title":"OUTRE MONDE \/ S\u00e9rie Images - Les danses de la chamane","robots":{"index":"index","follow":"follow","max-snippet":"max-snippet:-1","max-image-preview":"max-image-preview:large","max-video-preview":"max-video-preview:-1"},"canonical":"https:\/\/flokardinal.org\/?page_id=3303","og_locale":"fr_FR","og_type":"article","og_title":"OUTRE MONDE \/ S\u00e9rie Images - Les danses de la chamane","og_description":"OUTRE MONDE&nbsp; est un projet d\u00e9velopp\u00e9 par Flo Kardinal au sein de la Cie Tir Group\u00e9 2018\/2019 tous droits r\u00e9serv\u00e9s Cie Tir Group\u00e9 \/2018-2019","og_url":"https:\/\/flokardinal.org\/?page_id=3303","og_site_name":"Les danses de la chamane","article_modified_time":"2020-08-19T13:35:47+00:00","og_image":[{"width":1024,"height":768,"url":"https:\/\/flokardinal.org\/wp-content\/uploads\/2018\/07\/20180713_193153-1024x768.jpg","type":"image\/jpeg"}],"twitter_card":"summary_large_image","twitter_site":"@kardinal93","schema":{"@context":"https:\/\/schema.org","@graph":[{"@type":"WebPage","@id":"https:\/\/flokardinal.org\/?page_id=3303","url":"https:\/\/flokardinal.org\/?page_id=3303","name":"OUTRE MONDE \/ S\u00e9rie Images - Les danses de la chamane","isPartOf":{"@id":"http:\/\/flokardinal.org\/#website"},"primaryImageOfPage":{"@id":"https:\/\/flokardinal.org\/?page_id=3303#primaryimage"},"image":{"@id":"https:\/\/flokardinal.org\/?page_id=3303#primaryimage"},"thumbnailUrl":"https:\/\/flokardinal.org\/wp-content\/uploads\/2018\/07\/20180713_193153.jpg","datePublished":"2018-07-21T19:58:54+00:00","dateModified":"2020-08-19T13:35:47+00:00","breadcrumb":{"@id":"https:\/\/flokardinal.org\/?page_id=3303#breadcrumb"},"inLanguage":"fr-FR","potentialAction":[{"@type":"ReadAction","target":["https:\/\/flokardinal.org\/?page_id=3303"]}]},{"@type":"ImageObject","inLanguage":"fr-FR","@id":"https:\/\/flokardinal.org\/?page_id=3303#primaryimage","url":"https:\/\/flokardinal.org\/wp-content\/uploads\/2018\/07\/20180713_193153.jpg","contentUrl":"https:\/\/flokardinal.org\/wp-content\/uploads\/2018\/07\/20180713_193153.jpg","width":4608,"height":3456},{"@type":"BreadcrumbList","@id":"https:\/\/flokardinal.org\/?page_id=3303#breadcrumb","itemListElement":[{"@type":"ListItem","position":1,"name":"Accueil","item":"http:\/\/flokardinal.org\/"},{"@type":"ListItem","position":2,"name":"L&rsquo;ACTUALIT\u00e9 CREATIVE DE LA Cie Tir Group\u00e9","item":"https:\/\/flokardinal.org\/?page_id=1423"},{"@type":"ListItem","position":3,"name":"OUTRE MONDE @ Cie Tir Group\u00e9","item":"http:\/\/flokardinal.org\/?page_id=3300"},{"@type":"ListItem","position":4,"name":"OUTRE MONDE \/ S\u00e9rie Images"}]},{"@type":"WebSite","@id":"http:\/\/flokardinal.org\/#website","url":"http:\/\/flokardinal.org\/","name":"Les danses de la chamane","description":"Le corps cr\u00e9ateur gu\u00e9risseur salvateur","potentialAction":[{"@type":"SearchAction","target":{"@type":"EntryPoint","urlTemplate":"http:\/\/flokardinal.org\/?s={search_term_string}"},"query-input":{"@type":"PropertyValueSpecification","valueRequired":true,"valueName":"search_term_string"}}],"inLanguage":"fr-FR"}]}},"_links":{"self":[{"href":"https:\/\/flokardinal.org\/index.php?rest_route=\/wp\/v2\/pages\/3303","targetHints":{"allow":["GET"]}}],"collection":[{"href":"https:\/\/flokardinal.org\/index.php?rest_route=\/wp\/v2\/pages"}],"about":[{"href":"https:\/\/flokardinal.org\/index.php?rest_route=\/wp\/v2\/types\/page"}],"author":[{"embeddable":true,"href":"https:\/\/flokardinal.org\/index.php?rest_route=\/wp\/v2\/users\/1"}],"replies":[{"embeddable":true,"href":"https:\/\/flokardinal.org\/index.php?rest_route=%2Fwp%2Fv2%2Fcomments&post=3303"}],"version-history":[{"count":9,"href":"https:\/\/flokardinal.org\/index.php?rest_route=\/wp\/v2\/pages\/3303\/revisions"}],"predecessor-version":[{"id":7431,"href":"https:\/\/flokardinal.org\/index.php?rest_route=\/wp\/v2\/pages\/3303\/revisions\/7431"}],"up":[{"embeddable":true,"href":"https:\/\/flokardinal.org\/index.php?rest_route=\/wp\/v2\/pages\/3300"}],"wp:featuredmedia":[{"embeddable":true,"href":"https:\/\/flokardinal.org\/index.php?rest_route=\/wp\/v2\/media\/3313"}],"wp:attachment":[{"href":"https:\/\/flokardinal.org\/index.php?rest_route=%2Fwp%2Fv2%2Fmedia&parent=3303"}],"curies":[{"name":"wp","href":"https:\/\/api.w.org\/{rel}","templated":true}]}}