{"id":1903,"date":"2017-08-25T12:39:51","date_gmt":"2017-08-25T11:39:51","guid":{"rendered":"http:\/\/flokardinal.org\/wordpress\/?page_id=1903"},"modified":"2025-10-28T14:58:09","modified_gmt":"2025-10-28T13:58:09","slug":"la-marche-5","status":"publish","type":"page","link":"https:\/\/flokardinal.org\/?page_id=1903","title":{"rendered":"LA MARCHE 9 : LE CYCLE 3 du cursus d&rsquo;enseignement LES DANSES DE LA CHAMANE"},"content":{"rendered":"<p><a href=\"http:\/\/flokardinal.org\/wordpress\/wp-content\/uploads\/2018\/11\/Flyer-LA-MARCHE-5-copie.jpg\"><img loading=\"lazy\" decoding=\"async\" class=\"size-medium wp-image-3736\" src=\"http:\/\/flokardinal.org\/wordpress\/wp-content\/uploads\/2018\/11\/Flyer-LA-MARCHE-5-copie-215x300.jpg\" alt=\"\" width=\"215\" height=\"300\" srcset=\"https:\/\/flokardinal.org\/wp-content\/uploads\/2018\/11\/Flyer-LA-MARCHE-5-copie-215x300.jpg 215w, https:\/\/flokardinal.org\/wp-content\/uploads\/2018\/11\/Flyer-LA-MARCHE-5-copie-768x1071.jpg 768w, https:\/\/flokardinal.org\/wp-content\/uploads\/2018\/11\/Flyer-LA-MARCHE-5-copie-734x1024.jpg 734w, https:\/\/flokardinal.org\/wp-content\/uploads\/2018\/11\/Flyer-LA-MARCHE-5-copie.jpg 1287w\" sizes=\"auto, (max-width: 215px) 100vw, 215px\" \/><\/a><\/p>\n<p><strong>LA MARCHE 9 \u00a9 L&rsquo;int\u00e9gration et la certification\u00a0<\/strong><\/p>\n<p>Int\u00e9grer les enseignements re\u00e7us et la m\u00e9thode de soin transmise et commencer \u00e0 envisager l&rsquo;am\u00e9nagement de l&rsquo;apr\u00e8s cursus<\/p>\n<p><strong>La Marche 9\u00a9 qu&rsquo;est ce que c&rsquo;est<\/strong> ?<\/p>\n<p>Il s&rsquo;agit du CYCLE 3 du cursus d&rsquo;enseignement LES DANSES DE LA CHAMANE\u00ae\u2122 et de la certification de suivi du cursus.<\/p>\n<p>Un internat\u00a0 de 5 jours sur les\u00a0 techniques appliqu\u00e9es \u00a0de soin \u00e9nerg\u00e9tiques et chamaniques et de la m\u00e9thode exclusive de Flo Kardinal Les Danses de La Chamane\u00ae\u2122au regard de la pratique\u00a0 directe supervis\u00e9e par l&rsquo;enseignante aupr\u00e8s d&rsquo;un public .<\/p>\n<p>Il s&rsquo;agit aussi de se rapprocher en fonction de qui l&rsquo;on est\u00a0 d&rsquo; une mani\u00e8re personnelle et consciente d&rsquo;accompagner les patients dans\u00a0 la gu\u00e9rison.<\/p>\n<p>Ce module finalise votre formation de 3 cycles et vous ouvre\u00a0 la CERTIFICATION Les danses de La Chamane\u00ae\u2122 de praticien en chamanisme.<\/p>\n<p>Cet immersif en pr\u00e9sentiel s&rsquo;adresse\u00a0 aux personnes qui ont travers\u00e9 les Cycles 1 et 2 du cursus d&rsquo;enseignement LES DANSES DE LA CHAMANE\u00ae\u2122 aupr\u00e8s de Flo Kardinal et sa m\u00e9thode.<\/p>\n<p>Rappels d\u00e9ontologiques :<\/p>\n<p>Cette technique ne se substitue pas au traitement habituel de la personne\u00a0 si celle ci est m\u00e9dicalis\u00e9e, ou dans tous les cas de suivi d&rsquo;un traitement , elle l&rsquo;accompagne.<\/p>\n<p><a href=\"http:\/\/flokardinal.org\/wordpress\/wp-content\/uploads\/2021\/01\/20210111_133658.jpg\"><img loading=\"lazy\" decoding=\"async\" class=\"alignnone size-medium wp-image-7658\" src=\"http:\/\/flokardinal.org\/wordpress\/wp-content\/uploads\/2021\/01\/20210111_133658-300x225.jpg\" alt=\"\" width=\"300\" height=\"225\" srcset=\"https:\/\/flokardinal.org\/wp-content\/uploads\/2021\/01\/20210111_133658-300x225.jpg 300w, https:\/\/flokardinal.org\/wp-content\/uploads\/2021\/01\/20210111_133658-768x576.jpg 768w, https:\/\/flokardinal.org\/wp-content\/uploads\/2021\/01\/20210111_133658-1024x768.jpg 1024w\" sizes=\"auto, (max-width: 300px) 100vw, 300px\" \/><\/a><\/p>\n<div data-offset-key=\"1ens9-0-0\"><u><strong>Que vous apporte LA MARCHE 9<\/strong>\u00a0?<\/u>\u00a0:<\/div>\n<div data-offset-key=\"1ens9-0-0\">\n<div>\n<div>\u00a0Le Cycle 3 ou MARCHE 9 il vous sera\u00a0 prodigu\u00e9 les outils de votre int\u00e9gration de praticien faisant suite \u00e0 l&rsquo;enseignement des 2 cycles pr\u00e9c\u00e9dents et dans lequel vous serez confront\u00e9s \u00e0 la pratique directe gr\u00e2ce \u00e0 la participation des \u00ab\u00a0b\u00e9n\u00e9voles\u00a0\u00bb<\/div>\n<div>Des pratiques rituelles accompagneront l&rsquo;espace de votre int\u00e9gration et seront de pr\u00e9cieux \u00e9l\u00e9ments pour approfondir votre pr\u00e9sence et votre engagement .<\/div>\n<div>L&rsquo;ouverture \u00e0 la r\u00e9alit\u00e9 d&rsquo;un public\u00a0 et de cas pratiques sous la supervisation de la cr\u00e9atrice de la technique et du groupe sont de pr\u00e9cieux \u00e9l\u00e9ments d&rsquo;\u00e9volution .<\/div>\n<div>Des forums et cercles de partages mettront en lumi\u00e8re les besoins de chacun .<\/div>\n<div><strong>L&rsquo;OBJECTIF<\/strong> : <span style=\"color: #ff00ff;\"><strong>\u00a0METTRE EN COHERENCE L&rsquo;ENSEIGNEMENT RECU ET MES DISPOSITIONS SPECIFIQUES dans la pratique professionnelle de cette activit\u00e9 dans le futur .<\/strong><\/span><\/div>\n<div><\/div>\n<\/div>\n<div><a href=\"http:\/\/flokardinal.org\/wordpress\/wp-content\/uploads\/2021\/01\/20210123_124307.jpg\"><img loading=\"lazy\" decoding=\"async\" class=\"alignnone size-medium wp-image-7657\" src=\"http:\/\/flokardinal.org\/wordpress\/wp-content\/uploads\/2021\/01\/20210123_124307-300x225.jpg\" alt=\"\" width=\"300\" height=\"225\" srcset=\"https:\/\/flokardinal.org\/wp-content\/uploads\/2021\/01\/20210123_124307-300x225.jpg 300w, https:\/\/flokardinal.org\/wp-content\/uploads\/2021\/01\/20210123_124307-768x576.jpg 768w, https:\/\/flokardinal.org\/wp-content\/uploads\/2021\/01\/20210123_124307-1024x768.jpg 1024w\" sizes=\"auto, (max-width: 300px) 100vw, 300px\" \/><\/a><\/div>\n<div>\n<div><\/div>\n<\/div>\n<div>\n<div>\n<div>\n<div class=\"\" data-block=\"true\" data-editor=\"3hdef\" data-offset-key=\"1ens9-0-0\"><strong>O\u00f9 a t&rsquo;elle lieu<\/strong>?<\/div>\n<\/div>\n<\/div>\n<\/div>\n<div>\n<div class=\"\" data-block=\"true\" data-editor=\"3hdef\" data-offset-key=\"n9ge-0-0\">\n<div data-offset-key=\"n9ge-0-0\">\n<div>LA MARCHE 9\u00a9 \u00a0a lieu cette ann\u00e9e en Faragous\u00a0 en immersif\u00a0 au coeur de la Nature .<\/div>\n<div><\/div>\n<div><strong>Lieu p\u00e9dagogique gite de Faragous\u00a0<\/strong><\/div>\n<div><\/div>\n<\/div>\n<\/div>\n<div class=\"\" data-block=\"true\" data-editor=\"3hdef\" data-offset-key=\"n9ge-0-0\">\n<div data-offset-key=\"n9ge-0-0\">\n<div>\n<p><strong>A qu&rsquo;elle p\u00e9riode<\/strong>?<\/p>\n<p>\u00e0 d\u00e9terminer dans l&rsquo;ann\u00e9e en cours<\/p>\n<\/div>\n<\/div>\n<\/div>\n<\/div>\n<div>\n<p><strong>A\u00a0 qui s&rsquo;adresse\u00a0 ce\u00a0 s\u00e9minaire<\/strong>?<\/p>\n<p>Aux \u00e9tudiants qui ont suivi les Cycles 1 et 2 du\u00a0 cursus LES DANSES DE LA CHAMANE\u00a0\u00ae\u2122 exclusivement .<\/p>\n<p><strong>Tarif<\/strong> :450 euros<\/p>\n<p>R\u00e9servation obligatoire par le versement d&rsquo;arrhes\u00a0 : 100 arrhes\u00a0 par paiement en ligne sur site s\u00e9curis\u00e9 : <a href=\"https:\/\/my.weezevent.com\/internat-les-danses-de-la-chamane\">https:\/\/my.weezevent.com\/internat-les-danses-de-la-chamane<\/a><\/p>\n<p><a href=\"http:\/\/flokardinal.org\/wordpress\/wp-content\/uploads\/2021\/01\/20210111_142126.jpg\"><img loading=\"lazy\" decoding=\"async\" class=\"alignnone size-medium wp-image-7659\" src=\"http:\/\/flokardinal.org\/wordpress\/wp-content\/uploads\/2021\/01\/20210111_142126-300x225.jpg\" alt=\"\" width=\"300\" height=\"225\" srcset=\"https:\/\/flokardinal.org\/wp-content\/uploads\/2021\/01\/20210111_142126-300x225.jpg 300w, https:\/\/flokardinal.org\/wp-content\/uploads\/2021\/01\/20210111_142126-768x576.jpg 768w, https:\/\/flokardinal.org\/wp-content\/uploads\/2021\/01\/20210111_142126-1024x768.jpg 1024w\" sizes=\"auto, (max-width: 300px) 100vw, 300px\" \/><\/a><\/p>\n<pre>Tout paiement est d\u00fb en totalit\u00e9 une fois le cycle 1 pass\u00e9\n\nUn d\u00e9sistement de la part du participant ouvre le remboursement de 50 % du prix du stage durant le cycle 1<\/pre>\n<p><strong>Lien CONTACT <a href=\"mailto:flowhitewolf@gmail.com\">flowhitewolf@gmail.com\u00a0 <\/a><\/strong><\/p>\n<p>Je vous remercie de votre attention et je suis heureuse de perp\u00e9tuer cette aventure en votre compagnie soutenue par\u00a0 l&rsquo;Esprit des gu\u00e9risseurs et r\u00eaveurs de la Terre.<\/p>\n<p><a href=\"http:\/\/flokardinal.org\/wordpress\/wp-content\/uploads\/2021\/01\/20210123_120447_06.jpg\"><img loading=\"lazy\" decoding=\"async\" class=\"alignnone size-medium wp-image-7656\" src=\"http:\/\/flokardinal.org\/wordpress\/wp-content\/uploads\/2021\/01\/20210123_120447_06-225x300.jpg\" alt=\"\" width=\"225\" height=\"300\" srcset=\"https:\/\/flokardinal.org\/wp-content\/uploads\/2021\/01\/20210123_120447_06-225x300.jpg 225w, https:\/\/flokardinal.org\/wp-content\/uploads\/2021\/01\/20210123_120447_06-768x1024.jpg 768w\" sizes=\"auto, (max-width: 225px) 100vw, 225px\" \/><\/a><\/p>\n<\/div>\n<\/div>\n<div>\n<div class=\"\" data-block=\"true\" data-editor=\"3hdef\" data-offset-key=\"n9ge-0-0\">\n<div data-offset-key=\"n9ge-0-0\">\n<div><strong>Bio de Flo Whote Wolf artiste et gu\u00e9risseuse\u00a0<\/strong><\/div>\n<\/div>\n<\/div>\n<\/div>\n<div class=\"\" data-block=\"true\" data-editor=\"ffinc\" data-offset-key=\"efrhi-0-0\">\n<div data-offset-key=\"efrhi-0-0\">\n<p>\u00ab La danse est le cahier d\u2019histoire de ma vie ,elle m\u2019a apport\u00e9e la connaissance de moi-m\u00eame et de mes limites l\u2019\u00e9ternelle volont\u00e9 de conna\u00eetre l\u2019autre au travers de ses cultures et pratiques artistiques. C\u2019est un langage universel qui me ram\u00e8ne toujours \u00e0 l\u2019essentiel qu\u2019est le partage .Je suis \u00a0moi parce que je danse\u00bb\u00a9 F.Kardinal.<\/p>\n<p>Artiste autodidacte, Flo kardinal est issue de la mouvance Hip Hop. Elle y conjugue sa singularit\u00e9, ses \u00e9lans artistiques, son \u00e9criture et le gout prononc\u00e9 des chantiers cr\u00e9atifs collectifs et du m\u00e9tissage des Arts. Ses travaux de recherche et ses voyages la guident sur le chemin de l\u2019exploration qu\u2019elle synth\u00e9tise dans le protocole LA SECOUSSE LIBRE\u00ae\u2122L\u2019artiste axe ses recherches autour de la transe du corps , de la symbolique de la Nature et de la ROUE MEDECINE.<\/p>\n<p>L\u2019artiste n\u2019a de cesse de tisser depuis ses d\u00e9buts des liens entre visible et invisible comme les cordes utilis\u00e9es dans son Art fabriquant ainsi un pont manifest\u00e9 entre les dimensions qui relie la substance intrans\u00e8que de ses cr\u00e9ations \u00bb @Flo Kardinal<\/p>\n<p>Flo Kardinal se produit dans ce qu&rsquo;elle nomme la \u00ab\u00a0Performance ritualis\u00e9e \u00ab\u00a0et fonde la formation Art et Chamanisme@ Les Danses de La Chamane \u00a0\u00ae\u2122 autour de l&rsquo;accompagnement de la personne .<\/p>\n<\/div>\n<\/div>\n<div><a href=\"http:\/\/flokardinal.org\/wordpress\/wp-content\/uploads\/2018\/11\/Flyer-LA-MARCHE-5-verso-copie.jpg\"><img loading=\"lazy\" decoding=\"async\" class=\"size-medium wp-image-3737\" src=\"http:\/\/flokardinal.org\/wordpress\/wp-content\/uploads\/2018\/11\/Flyer-LA-MARCHE-5-verso-copie-215x300.jpg\" alt=\"\" width=\"215\" height=\"300\" srcset=\"https:\/\/flokardinal.org\/wp-content\/uploads\/2018\/11\/Flyer-LA-MARCHE-5-verso-copie-215x300.jpg 215w, https:\/\/flokardinal.org\/wp-content\/uploads\/2018\/11\/Flyer-LA-MARCHE-5-verso-copie-768x1071.jpg 768w, https:\/\/flokardinal.org\/wp-content\/uploads\/2018\/11\/Flyer-LA-MARCHE-5-verso-copie-734x1024.jpg 734w, https:\/\/flokardinal.org\/wp-content\/uploads\/2018\/11\/Flyer-LA-MARCHE-5-verso-copie.jpg 1287w\" sizes=\"auto, (max-width: 215px) 100vw, 215px\" \/><\/a><\/div>\n<div>LA MARCHE 9 anciennement nomm\u00e9e LA MARCHE 5\u00a0 @ Flo kardinal \/2019<\/div>\n<pre>La m\u00e9thode LES DANSES DE LA CHAMANE\u00a0\u00ae\u2122 et LA\u00a0 MARCHE 5 sont\u00a0 d\u00e9pos\u00e9es et prot\u00e9g\u00e9es par les lois en vigueur \/2015 et 2018\/ Tous droits r\u00e9serv\u00e9s\/Flo Kardinal<\/pre>\n<div class=\"\" data-block=\"true\" data-editor=\"ffinc\" data-offset-key=\"efrhi-0-0\">\n<div><\/div>\n<\/div>\n<div class=\"\" data-block=\"true\" data-editor=\"ffinc\" data-offset-key=\"cfcgo-0-0\">\n<figure id=\"attachment_3693\" aria-describedby=\"caption-attachment-3693\" style=\"width: 2048px\" class=\"wp-caption alignnone\"><a href=\"http:\/\/flokardinal.org\/wordpress\/wp-content\/uploads\/2018\/11\/th-5.jpg\"><img loading=\"lazy\" decoding=\"async\" class=\"size-full wp-image-3693\" src=\"http:\/\/flokardinal.org\/wordpress\/wp-content\/uploads\/2018\/11\/th-5.jpg\" alt=\"\" width=\"2048\" height=\"1279\" srcset=\"https:\/\/flokardinal.org\/wp-content\/uploads\/2018\/11\/th-5.jpg 2048w, https:\/\/flokardinal.org\/wp-content\/uploads\/2018\/11\/th-5-300x187.jpg 300w, https:\/\/flokardinal.org\/wp-content\/uploads\/2018\/11\/th-5-768x480.jpg 768w, https:\/\/flokardinal.org\/wp-content\/uploads\/2018\/11\/th-5-1024x640.jpg 1024w\" sizes=\"auto, (max-width: 2048px) 100vw, 2048px\" \/><\/a><figcaption id=\"caption-attachment-3693\" class=\"wp-caption-text\">L&rsquo;arbre de vie chamanique<\/figcaption><\/figure>\n<\/div>\n","protected":false},"excerpt":{"rendered":"<p>LA MARCHE 9 \u00a9 L&rsquo;int\u00e9gration et la certification\u00a0 Int\u00e9grer les enseignements re\u00e7us et la m\u00e9thode de soin transmise et commencer \u00e0 envisager l&rsquo;am\u00e9nagement de l&rsquo;apr\u00e8s cursus La Marche 9\u00a9 qu&rsquo;est ce que c&rsquo;est ? Il s&rsquo;agit du CYCLE 3 du cursus d&rsquo;enseignement LES DANSES DE LA CHAMANE\u00ae\u2122 et de la certification de suivi du cursus. &hellip; <a href=\"https:\/\/flokardinal.org\/?page_id=1903\" class=\"more-link\">Continuer la lecture de <span class=\"screen-reader-text\">LA MARCHE 9 : LE CYCLE 3 du cursus d&rsquo;enseignement LES DANSES DE LA CHAMANE<\/span>  <span class=\"meta-nav\">&rarr;<\/span><\/a><\/p>\n","protected":false},"author":1,"featured_media":7883,"parent":8378,"menu_order":3,"comment_status":"closed","ping_status":"closed","template":"","meta":{"footnotes":""},"class_list":["post-1903","page","type-page","status-publish","has-post-thumbnail","hentry"],"yoast_head":"<!-- This site is optimized with the Yoast SEO plugin v27.5 - https:\/\/yoast.com\/product\/yoast-seo-wordpress\/ -->\n<title>LA MARCHE 9 : LE CYCLE 3 du cursus d&#039;enseignement LES DANSES DE LA CHAMANE - Les danses de la chamane<\/title>\n<meta name=\"robots\" content=\"index, follow, max-snippet:-1, max-image-preview:large, max-video-preview:-1\" \/>\n<link rel=\"canonical\" href=\"https:\/\/flokardinal.org\/?page_id=1903\" \/>\n<meta property=\"og:locale\" content=\"fr_FR\" \/>\n<meta property=\"og:type\" content=\"article\" \/>\n<meta property=\"og:title\" content=\"LA MARCHE 9 : LE CYCLE 3 du cursus d&#039;enseignement LES DANSES DE LA CHAMANE - Les danses de la chamane\" \/>\n<meta property=\"og:description\" content=\"LA MARCHE 9 \u00a9 L&rsquo;int\u00e9gration et la certification\u00a0 Int\u00e9grer les enseignements re\u00e7us et la m\u00e9thode de soin transmise et commencer \u00e0 envisager l&rsquo;am\u00e9nagement de l&rsquo;apr\u00e8s cursus La Marche 9\u00a9 qu&rsquo;est ce que c&rsquo;est ? Il s&rsquo;agit du CYCLE 3 du cursus d&rsquo;enseignement LES DANSES DE LA CHAMANE\u00ae\u2122 et de la certification de suivi du cursus. &hellip; Continuer la lecture de LA MARCHE 9 : LE CYCLE 3 du cursus d&rsquo;enseignement LES DANSES DE LA CHAMANE &rarr;\" \/>\n<meta property=\"og:url\" content=\"https:\/\/flokardinal.org\/?page_id=1903\" \/>\n<meta property=\"og:site_name\" content=\"Les danses de la chamane\" \/>\n<meta property=\"article:modified_time\" content=\"2025-10-28T13:58:09+00:00\" \/>\n<meta property=\"og:image\" content=\"https:\/\/flokardinal.org\/wp-content\/uploads\/2021\/05\/IMG-20210502-WA0003.jpg\" \/>\n\t<meta property=\"og:image:width\" content=\"1200\" \/>\n\t<meta property=\"og:image:height\" content=\"1600\" \/>\n\t<meta property=\"og:image:type\" content=\"image\/jpeg\" \/>\n<meta name=\"twitter:card\" content=\"summary_large_image\" \/>\n<meta name=\"twitter:site\" content=\"@kardinal93\" \/>\n<meta name=\"twitter:label1\" content=\"Dur\u00e9e de lecture estim\u00e9e\" \/>\n\t<meta name=\"twitter:data1\" content=\"5 minutes\" \/>\n<script type=\"application\/ld+json\" class=\"yoast-schema-graph\">{\"@context\":\"https:\\\/\\\/schema.org\",\"@graph\":[{\"@type\":\"WebPage\",\"@id\":\"https:\\\/\\\/flokardinal.org\\\/?page_id=1903\",\"url\":\"https:\\\/\\\/flokardinal.org\\\/?page_id=1903\",\"name\":\"LA MARCHE 9 : LE CYCLE 3 du cursus d'enseignement LES DANSES DE LA CHAMANE - Les danses de la chamane\",\"isPartOf\":{\"@id\":\"https:\\\/\\\/flokardinal.org\\\/#website\"},\"primaryImageOfPage\":{\"@id\":\"https:\\\/\\\/flokardinal.org\\\/?page_id=1903#primaryimage\"},\"image\":{\"@id\":\"https:\\\/\\\/flokardinal.org\\\/?page_id=1903#primaryimage\"},\"thumbnailUrl\":\"https:\\\/\\\/flokardinal.org\\\/wp-content\\\/uploads\\\/2021\\\/05\\\/IMG-20210502-WA0003.jpg\",\"datePublished\":\"2017-08-25T11:39:51+00:00\",\"dateModified\":\"2025-10-28T13:58:09+00:00\",\"breadcrumb\":{\"@id\":\"https:\\\/\\\/flokardinal.org\\\/?page_id=1903#breadcrumb\"},\"inLanguage\":\"fr-FR\",\"potentialAction\":[{\"@type\":\"ReadAction\",\"target\":[\"https:\\\/\\\/flokardinal.org\\\/?page_id=1903\"]}]},{\"@type\":\"ImageObject\",\"inLanguage\":\"fr-FR\",\"@id\":\"https:\\\/\\\/flokardinal.org\\\/?page_id=1903#primaryimage\",\"url\":\"https:\\\/\\\/flokardinal.org\\\/wp-content\\\/uploads\\\/2021\\\/05\\\/IMG-20210502-WA0003.jpg\",\"contentUrl\":\"https:\\\/\\\/flokardinal.org\\\/wp-content\\\/uploads\\\/2021\\\/05\\\/IMG-20210502-WA0003.jpg\",\"width\":1200,\"height\":1600},{\"@type\":\"BreadcrumbList\",\"@id\":\"https:\\\/\\\/flokardinal.org\\\/?page_id=1903#breadcrumb\",\"itemListElement\":[{\"@type\":\"ListItem\",\"position\":1,\"name\":\"Accueil\",\"item\":\"https:\\\/\\\/flokardinal.org\\\/\"},{\"@type\":\"ListItem\",\"position\":2,\"name\":\"Le cursus d&rsquo;enseignement Les Danses de La Chamane\u00ae\u2122 : un rituel de Transe-formation et d&rsquo;\u00e9mancipation\",\"item\":\"https:\\\/\\\/flokardinal.org\\\/?page_id=8378\"},{\"@type\":\"ListItem\",\"position\":3,\"name\":\"LA MARCHE 9 : LE CYCLE 3 du cursus d&rsquo;enseignement LES DANSES DE LA CHAMANE\"}]},{\"@type\":\"WebSite\",\"@id\":\"https:\\\/\\\/flokardinal.org\\\/#website\",\"url\":\"https:\\\/\\\/flokardinal.org\\\/\",\"name\":\"Les danses de la chamane\",\"description\":\"Le corps cr\u00e9ateur gu\u00e9risseur salvateur\",\"potentialAction\":[{\"@type\":\"SearchAction\",\"target\":{\"@type\":\"EntryPoint\",\"urlTemplate\":\"https:\\\/\\\/flokardinal.org\\\/?s={search_term_string}\"},\"query-input\":{\"@type\":\"PropertyValueSpecification\",\"valueRequired\":true,\"valueName\":\"search_term_string\"}}],\"inLanguage\":\"fr-FR\"}]}<\/script>\n<!-- \/ Yoast SEO plugin. -->","yoast_head_json":{"title":"LA MARCHE 9 : LE CYCLE 3 du cursus d'enseignement LES DANSES DE LA CHAMANE - Les danses de la chamane","robots":{"index":"index","follow":"follow","max-snippet":"max-snippet:-1","max-image-preview":"max-image-preview:large","max-video-preview":"max-video-preview:-1"},"canonical":"https:\/\/flokardinal.org\/?page_id=1903","og_locale":"fr_FR","og_type":"article","og_title":"LA MARCHE 9 : LE CYCLE 3 du cursus d'enseignement LES DANSES DE LA CHAMANE - Les danses de la chamane","og_description":"LA MARCHE 9 \u00a9 L&rsquo;int\u00e9gration et la certification\u00a0 Int\u00e9grer les enseignements re\u00e7us et la m\u00e9thode de soin transmise et commencer \u00e0 envisager l&rsquo;am\u00e9nagement de l&rsquo;apr\u00e8s cursus La Marche 9\u00a9 qu&rsquo;est ce que c&rsquo;est ? Il s&rsquo;agit du CYCLE 3 du cursus d&rsquo;enseignement LES DANSES DE LA CHAMANE\u00ae\u2122 et de la certification de suivi du cursus. &hellip; Continuer la lecture de LA MARCHE 9 : LE CYCLE 3 du cursus d&rsquo;enseignement LES DANSES DE LA CHAMANE &rarr;","og_url":"https:\/\/flokardinal.org\/?page_id=1903","og_site_name":"Les danses de la chamane","article_modified_time":"2025-10-28T13:58:09+00:00","og_image":[{"width":1200,"height":1600,"url":"https:\/\/flokardinal.org\/wp-content\/uploads\/2021\/05\/IMG-20210502-WA0003.jpg","type":"image\/jpeg"}],"twitter_card":"summary_large_image","twitter_site":"@kardinal93","twitter_misc":{"Dur\u00e9e de lecture estim\u00e9e":"5 minutes"},"schema":{"@context":"https:\/\/schema.org","@graph":[{"@type":"WebPage","@id":"https:\/\/flokardinal.org\/?page_id=1903","url":"https:\/\/flokardinal.org\/?page_id=1903","name":"LA MARCHE 9 : LE CYCLE 3 du cursus d'enseignement LES DANSES DE LA CHAMANE - Les danses de la chamane","isPartOf":{"@id":"https:\/\/flokardinal.org\/#website"},"primaryImageOfPage":{"@id":"https:\/\/flokardinal.org\/?page_id=1903#primaryimage"},"image":{"@id":"https:\/\/flokardinal.org\/?page_id=1903#primaryimage"},"thumbnailUrl":"https:\/\/flokardinal.org\/wp-content\/uploads\/2021\/05\/IMG-20210502-WA0003.jpg","datePublished":"2017-08-25T11:39:51+00:00","dateModified":"2025-10-28T13:58:09+00:00","breadcrumb":{"@id":"https:\/\/flokardinal.org\/?page_id=1903#breadcrumb"},"inLanguage":"fr-FR","potentialAction":[{"@type":"ReadAction","target":["https:\/\/flokardinal.org\/?page_id=1903"]}]},{"@type":"ImageObject","inLanguage":"fr-FR","@id":"https:\/\/flokardinal.org\/?page_id=1903#primaryimage","url":"https:\/\/flokardinal.org\/wp-content\/uploads\/2021\/05\/IMG-20210502-WA0003.jpg","contentUrl":"https:\/\/flokardinal.org\/wp-content\/uploads\/2021\/05\/IMG-20210502-WA0003.jpg","width":1200,"height":1600},{"@type":"BreadcrumbList","@id":"https:\/\/flokardinal.org\/?page_id=1903#breadcrumb","itemListElement":[{"@type":"ListItem","position":1,"name":"Accueil","item":"https:\/\/flokardinal.org\/"},{"@type":"ListItem","position":2,"name":"Le cursus d&rsquo;enseignement Les Danses de La Chamane\u00ae\u2122 : un rituel de Transe-formation et d&rsquo;\u00e9mancipation","item":"https:\/\/flokardinal.org\/?page_id=8378"},{"@type":"ListItem","position":3,"name":"LA MARCHE 9 : LE CYCLE 3 du cursus d&rsquo;enseignement LES DANSES DE LA CHAMANE"}]},{"@type":"WebSite","@id":"https:\/\/flokardinal.org\/#website","url":"https:\/\/flokardinal.org\/","name":"Les danses de la chamane","description":"Le corps cr\u00e9ateur gu\u00e9risseur salvateur","potentialAction":[{"@type":"SearchAction","target":{"@type":"EntryPoint","urlTemplate":"https:\/\/flokardinal.org\/?s={search_term_string}"},"query-input":{"@type":"PropertyValueSpecification","valueRequired":true,"valueName":"search_term_string"}}],"inLanguage":"fr-FR"}]}},"_links":{"self":[{"href":"https:\/\/flokardinal.org\/index.php?rest_route=\/wp\/v2\/pages\/1903","targetHints":{"allow":["GET"]}}],"collection":[{"href":"https:\/\/flokardinal.org\/index.php?rest_route=\/wp\/v2\/pages"}],"about":[{"href":"https:\/\/flokardinal.org\/index.php?rest_route=\/wp\/v2\/types\/page"}],"author":[{"embeddable":true,"href":"https:\/\/flokardinal.org\/index.php?rest_route=\/wp\/v2\/users\/1"}],"replies":[{"embeddable":true,"href":"https:\/\/flokardinal.org\/index.php?rest_route=%2Fwp%2Fv2%2Fcomments&post=1903"}],"version-history":[{"count":104,"href":"https:\/\/flokardinal.org\/index.php?rest_route=\/wp\/v2\/pages\/1903\/revisions"}],"predecessor-version":[{"id":9997,"href":"https:\/\/flokardinal.org\/index.php?rest_route=\/wp\/v2\/pages\/1903\/revisions\/9997"}],"up":[{"embeddable":true,"href":"https:\/\/flokardinal.org\/index.php?rest_route=\/wp\/v2\/pages\/8378"}],"wp:featuredmedia":[{"embeddable":true,"href":"https:\/\/flokardinal.org\/index.php?rest_route=\/wp\/v2\/media\/7883"}],"wp:attachment":[{"href":"https:\/\/flokardinal.org\/index.php?rest_route=%2Fwp%2Fv2%2Fmedia&parent=1903"}],"curies":[{"name":"wp","href":"https:\/\/api.w.org\/{rel}","templated":true}]}}