{"id":15,"date":"2015-04-14T13:56:21","date_gmt":"2015-04-14T12:56:21","guid":{"rendered":"http:\/\/flokardinal.org\/wordpress\/?page_id=15"},"modified":"2026-02-11T18:28:01","modified_gmt":"2026-02-11T17:28:01","slug":"la-secousse-libre","status":"publish","type":"page","link":"https:\/\/flokardinal.org\/?page_id=15","title":{"rendered":"La Secousse Libre Un protocole et des outils cr\u00e9atifs de pointe"},"content":{"rendered":"<figure id=\"attachment_792\" aria-describedby=\"caption-attachment-792\" style=\"width: 474px\" class=\"wp-caption alignnone\"><a href=\"http:\/\/flokardinal.org\/wordpress\/wp-content\/uploads\/2015\/06\/corps-lov\u00e9-LEF.jpg\"><img loading=\"lazy\" decoding=\"async\" class=\"size-large wp-image-792\" src=\"http:\/\/flokardinal.org\/wordpress\/wp-content\/uploads\/2015\/06\/corps-lov\u00e9-LEF-1024x768.jpg\" alt=\"\" width=\"474\" height=\"356\" srcset=\"https:\/\/flokardinal.org\/wp-content\/uploads\/2015\/06\/corps-lov\u00e9-LEF-1024x768.jpg 1024w, https:\/\/flokardinal.org\/wp-content\/uploads\/2015\/06\/corps-lov\u00e9-LEF-300x225.jpg 300w\" sizes=\"auto, (max-width: 474px) 100vw, 474px\" \/><\/a><figcaption id=\"caption-attachment-792\" class=\"wp-caption-text\">LES ESPRITS DE LA FORET<\/figcaption><\/figure>\n<p><strong>INTRODUCTION:Un protocole et des outils cr\u00e9atifs de pointe<\/strong><\/p>\n<p><em>\u00a0Il y a une vingtaine d&rsquo; ann\u00e9es j\u2019ai commenc\u00e9 \u00e0 explorer d\u2019autres directions \u00a0de mon travail d\u2019artiste et j\u2019ai trouv\u00e9, sans le savoir, des formules secr\u00e8tes ouvrant les portes de nos gu\u00e9risons par la cr\u00e9ation.Ces protocoles permettent \u00e0 chacun, guid\u00e9 par mes soins, de redevenir cr\u00e9ateur de sa vie, de s\u2019en donner les moyens dans l\u2019authenticit\u00e9 et la mesure de son \u00eatre \u00a9 Flo Kardinal<\/em><\/p>\n<p>\u00ab\u00a0<em>Ce processus de potentialisation des ressources cr\u00e9atives demeure un outil pr\u00e9cieux pour les cr\u00e9ateurs, les artistes en processus de cr\u00e9ation, et tout un chacun curieux de se laisser surprendre par ses espaces inexplor\u00e9s<\/em>\u00bb <em>\u00a9 Flo Kardinal<\/em><\/p>\n<p>LA SECOUSSE LIBRE \u00ae\u2122 est un protocole unique issu des recherches de la chor\u00e9graphe Flo Kardinal sur les voies d&rsquo;\u00e9mancipation de l&rsquo;\u00e2me humaine .<\/p>\n<p>Une technique <span id=\"171f8c47-150d-4715-9410-cfb0790a7234\" class=\"GINGER_SOFTWARE_mark\">remarquable\u00a0<\/span>pour <span id=\"ae7bbb2d-f126-4339-bc6a-f57cd0619ca2\" class=\"GINGER_SOFTWARE_mark\">susciter<\/span> <span id=\"1cb7c89d-8d70-4fed-aa70-c3592e0de8d4\" class=\"GINGER_SOFTWARE_mark\">ses<\/span> <span id=\"6615316c-cfed-4f1e-9eb8-6a2da81f5465\" class=\"GINGER_SOFTWARE_mark\">ressources<\/span> d\u2019autogu\u00e9rison et \u00e9veiller <span id=\"243d7db6-6180-431a-ab6d-294a97390b4c\" class=\"GINGER_SOFTWARE_mark\">sa<\/span> r\u00e9sonance.<\/p>\n<p>Une exp\u00e9rience singuli\u00e8re qui devient la v\u00f4tre&#8230;..<\/p>\n<p><strong>DE FACON GENERALE : D\u00e9finition et contenu<\/strong><\/p>\n<p>\u00ab <em>La Secousse Libre \u00ae\u2122 est un dispositif technique qui permet de d\u00e9velopper le processus cr\u00e9atif de chacun au moyen d\u2019outils innovants et adapt\u00e9s<\/em>.\u00bb**.\u00a9FloKardinal<\/p>\n<p>Cette pratique prend sa source dans la transe dont la chor\u00e9graphe \u00e9tudie le ph\u00e9nom\u00e8ne au travers de ses voyages et cr\u00e9ations \u00a0VOODOO CHILD 2010 , SOUS LE MASQUE,CORPS D&rsquo;ARGILE,VEGETAL\u00a9,RITUEL .La danse de Flo Kardinal est inspir\u00e9e par l\u2019Esprit des Animaux, la Symbolique de la Nature et le Roue des Directions.<\/p>\n<p>La Secousse Libre \u00ae\u2122 est le fer de lance de la pratique corporelle et m\u00e9ditative de la chor\u00e9graphe .<\/p>\n<pre>**termes issus de la d\u00e9finition \u00a0propre \u00e0 LA SECOUSSE LIBRE \u00ae\u2122 \/ LA SECOUSSE LIBRE \u00ae\u2122est une marque d\u00e9pos\u00e9e et fait l'objet d'un brevet .Elle est prot\u00e9g\u00e9e dans son concept, sa formulation, son contenu , sa technique .<\/pre>\n<pre><em>Tous les projets de la Cie Tir Group\u00e9 et de la chor\u00e9graphe Flo Kardinal sont d\u00e9pos\u00e9s et prot\u00e9g\u00e9s en vertu du droit d'auteure<\/em>.<\/pre>\n<p><a href=\"http:\/\/micadanses.com\/cours\/la-secousse-libre-cycle-leveil-des-sens\/\">http:\/\/micadanses.com\/cours\/la-secousse-libre-cycle-leveil-des-sens\/\u00a0\u00a0<\/a><\/p>\n\n\n<p><\/p>\n","protected":false},"excerpt":{"rendered":"<p>INTRODUCTION:Un protocole et des outils cr\u00e9atifs de pointe \u00a0Il y a une vingtaine d&rsquo; ann\u00e9es j\u2019ai commenc\u00e9 \u00e0 explorer d\u2019autres directions \u00a0de mon travail d\u2019artiste et j\u2019ai trouv\u00e9, sans le savoir, des formules secr\u00e8tes ouvrant les portes de nos gu\u00e9risons par la cr\u00e9ation.Ces protocoles permettent \u00e0 chacun, guid\u00e9 par mes soins, de redevenir cr\u00e9ateur de &hellip; <a href=\"https:\/\/flokardinal.org\/?page_id=15\" class=\"more-link\">Continuer la lecture de <span class=\"screen-reader-text\">La Secousse Libre Un protocole et des outils cr\u00e9atifs de pointe<\/span>  <span class=\"meta-nav\">&rarr;<\/span><\/a><\/p>\n","protected":false},"author":1,"featured_media":3225,"parent":7001,"menu_order":0,"comment_status":"closed","ping_status":"open","template":"","meta":{"footnotes":""},"class_list":["post-15","page","type-page","status-publish","has-post-thumbnail","hentry"],"yoast_head":"<!-- This site is optimized with the Yoast SEO plugin v27.4 - https:\/\/yoast.com\/product\/yoast-seo-wordpress\/ -->\n<title>La Secousse Libre Un protocole et des outils cr\u00e9atifs de pointe - Les danses de la chamane<\/title>\n<meta name=\"description\" content=\"La secousse libre Flo Kardinal Les danses de la chamane\" \/>\n<meta name=\"robots\" content=\"index, follow, max-snippet:-1, max-image-preview:large, max-video-preview:-1\" \/>\n<link rel=\"canonical\" href=\"https:\/\/flokardinal.org\/?page_id=15\" \/>\n<meta property=\"og:locale\" content=\"fr_FR\" \/>\n<meta property=\"og:type\" content=\"article\" \/>\n<meta property=\"og:title\" content=\"La Secousse Libre Un protocole et des outils cr\u00e9atifs de pointe - Les danses de la chamane\" \/>\n<meta property=\"og:description\" content=\"La secousse libre Flo Kardinal Les danses de la chamane\" \/>\n<meta property=\"og:url\" content=\"https:\/\/flokardinal.org\/?page_id=15\" \/>\n<meta property=\"og:site_name\" content=\"Les danses de la chamane\" \/>\n<meta property=\"article:modified_time\" content=\"2026-02-11T17:28:01+00:00\" \/>\n<meta property=\"og:image\" content=\"https:\/\/flokardinal.org\/wp-content\/uploads\/2018\/06\/IMG_6585s-1024x683.jpg\" \/>\n\t<meta property=\"og:image:width\" content=\"1024\" \/>\n\t<meta property=\"og:image:height\" content=\"683\" \/>\n\t<meta property=\"og:image:type\" content=\"image\/jpeg\" \/>\n<meta name=\"twitter:card\" content=\"summary_large_image\" \/>\n<meta name=\"twitter:site\" content=\"@kardinal93\" \/>\n<meta name=\"twitter:label1\" content=\"Dur\u00e9e de lecture estim\u00e9e\" \/>\n\t<meta name=\"twitter:data1\" content=\"2 minutes\" \/>\n<script type=\"application\/ld+json\" class=\"yoast-schema-graph\">{\"@context\":\"https:\\\/\\\/schema.org\",\"@graph\":[{\"@type\":\"WebPage\",\"@id\":\"https:\\\/\\\/flokardinal.org\\\/?page_id=15\",\"url\":\"https:\\\/\\\/flokardinal.org\\\/?page_id=15\",\"name\":\"La Secousse Libre Un protocole et des outils cr\u00e9atifs de pointe - Les danses de la chamane\",\"isPartOf\":{\"@id\":\"https:\\\/\\\/flokardinal.org\\\/#website\"},\"primaryImageOfPage\":{\"@id\":\"https:\\\/\\\/flokardinal.org\\\/?page_id=15#primaryimage\"},\"image\":{\"@id\":\"https:\\\/\\\/flokardinal.org\\\/?page_id=15#primaryimage\"},\"thumbnailUrl\":\"https:\\\/\\\/flokardinal.org\\\/wp-content\\\/uploads\\\/2018\\\/06\\\/IMG_6585s.jpg\",\"datePublished\":\"2015-04-14T12:56:21+00:00\",\"dateModified\":\"2026-02-11T17:28:01+00:00\",\"description\":\"La secousse libre Flo Kardinal Les danses de la chamane\",\"breadcrumb\":{\"@id\":\"https:\\\/\\\/flokardinal.org\\\/?page_id=15#breadcrumb\"},\"inLanguage\":\"fr-FR\",\"potentialAction\":[{\"@type\":\"ReadAction\",\"target\":[\"https:\\\/\\\/flokardinal.org\\\/?page_id=15\"]}]},{\"@type\":\"ImageObject\",\"inLanguage\":\"fr-FR\",\"@id\":\"https:\\\/\\\/flokardinal.org\\\/?page_id=15#primaryimage\",\"url\":\"https:\\\/\\\/flokardinal.org\\\/wp-content\\\/uploads\\\/2018\\\/06\\\/IMG_6585s.jpg\",\"contentUrl\":\"https:\\\/\\\/flokardinal.org\\\/wp-content\\\/uploads\\\/2018\\\/06\\\/IMG_6585s.jpg\",\"width\":4272,\"height\":2848},{\"@type\":\"BreadcrumbList\",\"@id\":\"https:\\\/\\\/flokardinal.org\\\/?page_id=15#breadcrumb\",\"itemListElement\":[{\"@type\":\"ListItem\",\"position\":1,\"name\":\"Accueil\",\"item\":\"https:\\\/\\\/flokardinal.org\\\/\"},{\"@type\":\"ListItem\",\"position\":2,\"name\":\"LA PRATIQUE CORPORELLE :La Secousse Libre\",\"item\":\"http:\\\/\\\/flokardinal.org\\\/?page_id=7001\"},{\"@type\":\"ListItem\",\"position\":3,\"name\":\"La Secousse Libre Un protocole et des outils cr\u00e9atifs de pointe\"}]},{\"@type\":\"WebSite\",\"@id\":\"https:\\\/\\\/flokardinal.org\\\/#website\",\"url\":\"https:\\\/\\\/flokardinal.org\\\/\",\"name\":\"Les danses de la chamane\",\"description\":\"Le corps cr\u00e9ateur gu\u00e9risseur salvateur\",\"potentialAction\":[{\"@type\":\"SearchAction\",\"target\":{\"@type\":\"EntryPoint\",\"urlTemplate\":\"https:\\\/\\\/flokardinal.org\\\/?s={search_term_string}\"},\"query-input\":{\"@type\":\"PropertyValueSpecification\",\"valueRequired\":true,\"valueName\":\"search_term_string\"}}],\"inLanguage\":\"fr-FR\"}]}<\/script>\n<!-- \/ Yoast SEO plugin. -->","yoast_head_json":{"title":"La Secousse Libre Un protocole et des outils cr\u00e9atifs de pointe - Les danses de la chamane","description":"La secousse libre Flo Kardinal Les danses de la chamane","robots":{"index":"index","follow":"follow","max-snippet":"max-snippet:-1","max-image-preview":"max-image-preview:large","max-video-preview":"max-video-preview:-1"},"canonical":"https:\/\/flokardinal.org\/?page_id=15","og_locale":"fr_FR","og_type":"article","og_title":"La Secousse Libre Un protocole et des outils cr\u00e9atifs de pointe - Les danses de la chamane","og_description":"La secousse libre Flo Kardinal Les danses de la chamane","og_url":"https:\/\/flokardinal.org\/?page_id=15","og_site_name":"Les danses de la chamane","article_modified_time":"2026-02-11T17:28:01+00:00","og_image":[{"width":1024,"height":683,"url":"https:\/\/flokardinal.org\/wp-content\/uploads\/2018\/06\/IMG_6585s-1024x683.jpg","type":"image\/jpeg"}],"twitter_card":"summary_large_image","twitter_site":"@kardinal93","twitter_misc":{"Dur\u00e9e de lecture estim\u00e9e":"2 minutes"},"schema":{"@context":"https:\/\/schema.org","@graph":[{"@type":"WebPage","@id":"https:\/\/flokardinal.org\/?page_id=15","url":"https:\/\/flokardinal.org\/?page_id=15","name":"La Secousse Libre Un protocole et des outils cr\u00e9atifs de pointe - Les danses de la chamane","isPartOf":{"@id":"https:\/\/flokardinal.org\/#website"},"primaryImageOfPage":{"@id":"https:\/\/flokardinal.org\/?page_id=15#primaryimage"},"image":{"@id":"https:\/\/flokardinal.org\/?page_id=15#primaryimage"},"thumbnailUrl":"https:\/\/flokardinal.org\/wp-content\/uploads\/2018\/06\/IMG_6585s.jpg","datePublished":"2015-04-14T12:56:21+00:00","dateModified":"2026-02-11T17:28:01+00:00","description":"La secousse libre Flo Kardinal Les danses de la chamane","breadcrumb":{"@id":"https:\/\/flokardinal.org\/?page_id=15#breadcrumb"},"inLanguage":"fr-FR","potentialAction":[{"@type":"ReadAction","target":["https:\/\/flokardinal.org\/?page_id=15"]}]},{"@type":"ImageObject","inLanguage":"fr-FR","@id":"https:\/\/flokardinal.org\/?page_id=15#primaryimage","url":"https:\/\/flokardinal.org\/wp-content\/uploads\/2018\/06\/IMG_6585s.jpg","contentUrl":"https:\/\/flokardinal.org\/wp-content\/uploads\/2018\/06\/IMG_6585s.jpg","width":4272,"height":2848},{"@type":"BreadcrumbList","@id":"https:\/\/flokardinal.org\/?page_id=15#breadcrumb","itemListElement":[{"@type":"ListItem","position":1,"name":"Accueil","item":"https:\/\/flokardinal.org\/"},{"@type":"ListItem","position":2,"name":"LA PRATIQUE CORPORELLE :La Secousse Libre","item":"http:\/\/flokardinal.org\/?page_id=7001"},{"@type":"ListItem","position":3,"name":"La Secousse Libre Un protocole et des outils cr\u00e9atifs de pointe"}]},{"@type":"WebSite","@id":"https:\/\/flokardinal.org\/#website","url":"https:\/\/flokardinal.org\/","name":"Les danses de la chamane","description":"Le corps cr\u00e9ateur gu\u00e9risseur salvateur","potentialAction":[{"@type":"SearchAction","target":{"@type":"EntryPoint","urlTemplate":"https:\/\/flokardinal.org\/?s={search_term_string}"},"query-input":{"@type":"PropertyValueSpecification","valueRequired":true,"valueName":"search_term_string"}}],"inLanguage":"fr-FR"}]}},"_links":{"self":[{"href":"https:\/\/flokardinal.org\/index.php?rest_route=\/wp\/v2\/pages\/15","targetHints":{"allow":["GET"]}}],"collection":[{"href":"https:\/\/flokardinal.org\/index.php?rest_route=\/wp\/v2\/pages"}],"about":[{"href":"https:\/\/flokardinal.org\/index.php?rest_route=\/wp\/v2\/types\/page"}],"author":[{"embeddable":true,"href":"https:\/\/flokardinal.org\/index.php?rest_route=\/wp\/v2\/users\/1"}],"replies":[{"embeddable":true,"href":"https:\/\/flokardinal.org\/index.php?rest_route=%2Fwp%2Fv2%2Fcomments&post=15"}],"version-history":[{"count":30,"href":"https:\/\/flokardinal.org\/index.php?rest_route=\/wp\/v2\/pages\/15\/revisions"}],"predecessor-version":[{"id":10077,"href":"https:\/\/flokardinal.org\/index.php?rest_route=\/wp\/v2\/pages\/15\/revisions\/10077"}],"up":[{"embeddable":true,"href":"https:\/\/flokardinal.org\/index.php?rest_route=\/wp\/v2\/pages\/7001"}],"wp:featuredmedia":[{"embeddable":true,"href":"https:\/\/flokardinal.org\/index.php?rest_route=\/wp\/v2\/media\/3225"}],"wp:attachment":[{"href":"https:\/\/flokardinal.org\/index.php?rest_route=%2Fwp%2Fv2%2Fmedia&parent=15"}],"curies":[{"name":"wp","href":"https:\/\/api.w.org\/{rel}","templated":true}]}}