{"id":9231,"date":"2023-08-24T14:39:38","date_gmt":"2023-08-24T13:39:38","guid":{"rendered":"http:\/\/flokardinal.org\/?page_id=9231"},"modified":"2024-04-30T12:44:33","modified_gmt":"2024-04-30T11:44:33","slug":"linitiation-a-la-voie-chamanique-mongole","status":"publish","type":"page","link":"http:\/\/flokardinal.org\/?page_id=9231","title":{"rendered":"Mongolie Mon Amour \u00ae\u2122  \/un programme de la Cie Tir Group\u00e9"},"content":{"rendered":"\n<figure class=\"wp-block-image size-full is-resized\"><a href=\"http:\/\/flokardinal.org\/wp-content\/uploads\/2023\/08\/P7030047-1024x768-1-rotated.jpg\"><img loading=\"lazy\" decoding=\"async\" width=\"768\" height=\"1024\" src=\"http:\/\/flokardinal.org\/wp-content\/uploads\/2023\/08\/P7030047-1024x768-1-rotated.jpg\" alt=\"\" class=\"wp-image-9233\" style=\"width:768px;height:1024px\" srcset=\"http:\/\/flokardinal.org\/wp-content\/uploads\/2023\/08\/P7030047-1024x768-1-rotated.jpg 768w, http:\/\/flokardinal.org\/wp-content\/uploads\/2023\/08\/P7030047-1024x768-1-225x300.jpg 225w\" sizes=\"auto, (max-width: 768px) 100vw, 768px\" \/><\/a><figcaption class=\"wp-element-caption\">@lexp\u00e9rience mongole\/Cie Tir Group\u00e9\/2022<\/figcaption><\/figure>\n\n\n\n<p class=\"has-medium-font-size\"><\/p>\n\n\n\n<figure class=\"wp-block-image size-large is-resized\"><a href=\"http:\/\/flokardinal.org\/wp-content\/uploads\/2023\/08\/IMG_20230619_110830-scaled.jpg\"><img loading=\"lazy\" decoding=\"async\" width=\"771\" height=\"1024\" src=\"http:\/\/flokardinal.org\/wp-content\/uploads\/2023\/08\/IMG_20230619_110830-771x1024.jpg\" alt=\"\" class=\"wp-image-9244\" style=\"width:771px;height:1024px\" srcset=\"http:\/\/flokardinal.org\/wp-content\/uploads\/2023\/08\/IMG_20230619_110830-771x1024.jpg 771w, http:\/\/flokardinal.org\/wp-content\/uploads\/2023\/08\/IMG_20230619_110830-226x300.jpg 226w, http:\/\/flokardinal.org\/wp-content\/uploads\/2023\/08\/IMG_20230619_110830-768x1020.jpg 768w, http:\/\/flokardinal.org\/wp-content\/uploads\/2023\/08\/IMG_20230619_110830-1157x1536.jpg 1157w, http:\/\/flokardinal.org\/wp-content\/uploads\/2023\/08\/IMG_20230619_110830-1542x2048.jpg 1542w, http:\/\/flokardinal.org\/wp-content\/uploads\/2023\/08\/IMG_20230619_110830-scaled.jpg 1928w\" sizes=\"auto, (max-width: 771px) 100vw, 771px\" \/><\/a><\/figure>\n\n\n\n<p class=\"has-small-font-size\">photo prise dans le cadre de l&rsquo;Exp\u00e9rience Mongole\u00ae\u2122\/Cie Tir Group\u00e9\/2023 <\/p>\n\n\n\n<p class=\"has-cool-to-warm-spectrum-gradient-background has-background has-medium-font-size\">               <strong>Origines de la rencontre avec Flo kardinal <\/strong><\/p>\n\n\n\n<p class=\"has-medium-font-size\">Je suis revenue retrouver mon initiatrice en 2022 et \u00e0 cette occasion j&rsquo;ai rencontr\u00e9 Myagaa et son espace sacr\u00e9 , sa relation \u00e0 la nature , sa grande expertise chamanique et son ouverture d&rsquo;esprit .Nous avons d\u00e9cid\u00e9 de continuer l&rsquo;aventure sur les terres fran\u00e7aises et \u00e0 cette occasion d&rsquo;initier \u00e0 sa tradition ancestrale un groupe venu en Mongolie cet \u00e9t\u00e9 et pr\u00e9par\u00e9 en amont pour pouvoir traverser l&rsquo;exp\u00e9rience par Flo . C&rsquo;est un accord \u00e0 4 mains qui sera jou\u00e9 entre l&rsquo;expertise de Myagaa et la connaissance dans les transes de Flo .Une exp\u00e9rience unique. <\/p>\n\n\n\n<p class=\"has-medium-font-size\">Flo Kardinal alias Flo White Wolf est chor\u00e9graphe et travaille autour des transes et de la roue m\u00e9decine depuis une vingtaine d\u2019ann\u00e9es, elle rencontre le chamanisme mongol en 2015, \u00e0 cette occasion elle sera enseign\u00e9e par la chamane tsataan Enkhtuya Ragchaa .Elle a retrouv\u00e9 son initiatrice et tiss\u00e9 des liens entre sa connaissance du monde chamanique, son enseignement Les danses de la chamane \u00ae\u2122 et l\u2019acc\u00e8s \u00e0 la tradition ancestrale mongole avec ses partenaires mongols.<\/p>\n\n\n\n<p>Photo : Flo Kardinal et sa tuchee-chamane Magali giudice \/Mongolie 2023 photo@Dembe Ganzorigt <\/p>\n\n\n\n<figure class=\"wp-block-image size-large\"><a href=\"http:\/\/flokardinal.org\/wp-content\/uploads\/2023\/08\/IMG_20230618_125350-scaled.jpg\"><img loading=\"lazy\" decoding=\"async\" width=\"1024\" height=\"771\" src=\"http:\/\/flokardinal.org\/wp-content\/uploads\/2023\/08\/IMG_20230618_125350-1024x771.jpg\" alt=\"\" class=\"wp-image-9237\" srcset=\"http:\/\/flokardinal.org\/wp-content\/uploads\/2023\/08\/IMG_20230618_125350-1024x771.jpg 1024w, http:\/\/flokardinal.org\/wp-content\/uploads\/2023\/08\/IMG_20230618_125350-300x226.jpg 300w, http:\/\/flokardinal.org\/wp-content\/uploads\/2023\/08\/IMG_20230618_125350-768x578.jpg 768w, http:\/\/flokardinal.org\/wp-content\/uploads\/2023\/08\/IMG_20230618_125350-1536x1157.jpg 1536w, http:\/\/flokardinal.org\/wp-content\/uploads\/2023\/08\/IMG_20230618_125350-2048x1542.jpg 2048w\" sizes=\"auto, (max-width: 1024px) 100vw, 1024px\" \/><\/a><\/figure>\n\n\n\n<figure class=\"wp-block-image size-full\"><a href=\"http:\/\/flokardinal.org\/wp-content\/uploads\/2023\/08\/294763307_611546283724744_6571029817656001993_n-1024x576-1.jpg\"><img loading=\"lazy\" decoding=\"async\" width=\"1024\" height=\"576\" src=\"http:\/\/flokardinal.org\/wp-content\/uploads\/2023\/08\/294763307_611546283724744_6571029817656001993_n-1024x576-1.jpg\" alt=\"\" class=\"wp-image-9235\" srcset=\"http:\/\/flokardinal.org\/wp-content\/uploads\/2023\/08\/294763307_611546283724744_6571029817656001993_n-1024x576-1.jpg 1024w, http:\/\/flokardinal.org\/wp-content\/uploads\/2023\/08\/294763307_611546283724744_6571029817656001993_n-1024x576-1-300x169.jpg 300w, http:\/\/flokardinal.org\/wp-content\/uploads\/2023\/08\/294763307_611546283724744_6571029817656001993_n-1024x576-1-768x432.jpg 768w\" sizes=\"auto, (max-width: 1024px) 100vw, 1024px\" \/><\/a><\/figure>\n\n\n\n<figure class=\"wp-block-image size-full\"><a href=\"http:\/\/flokardinal.org\/wp-content\/uploads\/2023\/08\/P7020022-1024x768-1.jpg\"><img loading=\"lazy\" decoding=\"async\" width=\"1024\" height=\"768\" src=\"http:\/\/flokardinal.org\/wp-content\/uploads\/2023\/08\/P7020022-1024x768-1.jpg\" alt=\"\" class=\"wp-image-9245\" srcset=\"http:\/\/flokardinal.org\/wp-content\/uploads\/2023\/08\/P7020022-1024x768-1.jpg 1024w, http:\/\/flokardinal.org\/wp-content\/uploads\/2023\/08\/P7020022-1024x768-1-300x225.jpg 300w, http:\/\/flokardinal.org\/wp-content\/uploads\/2023\/08\/P7020022-1024x768-1-768x576.jpg 768w\" sizes=\"auto, (max-width: 1024px) 100vw, 1024px\" \/><\/a><figcaption class=\"wp-element-caption\">Flo Kardinal au lieu sacr\u00e9 de Myagaa \/Mongolie <\/figcaption><\/figure>\n\n\n\n<p class=\"has-pale-ocean-gradient-background has-background has-medium-font-size\"><strong> Une initiation avec le zairan Myagaa et Flo Kardinal  aura lieu \u00e0 Faragous du 25 au 31 Mars 2024 , elle est  produite par la Cie Tir Group\u00e9<\/strong><\/p>\n\n\n\n<figure class=\"wp-block-image size-large\"><a href=\"http:\/\/flokardinal.org\/wp-content\/uploads\/2023\/09\/IMG_2132-scaled.jpeg\"><img loading=\"lazy\" decoding=\"async\" width=\"1024\" height=\"768\" src=\"http:\/\/flokardinal.org\/wp-content\/uploads\/2023\/09\/IMG_2132-1024x768.jpeg\" alt=\"\" class=\"wp-image-9350\" srcset=\"http:\/\/flokardinal.org\/wp-content\/uploads\/2023\/09\/IMG_2132-1024x768.jpeg 1024w, http:\/\/flokardinal.org\/wp-content\/uploads\/2023\/09\/IMG_2132-300x225.jpeg 300w, http:\/\/flokardinal.org\/wp-content\/uploads\/2023\/09\/IMG_2132-768x576.jpeg 768w, http:\/\/flokardinal.org\/wp-content\/uploads\/2023\/09\/IMG_2132-1536x1152.jpeg 1536w, http:\/\/flokardinal.org\/wp-content\/uploads\/2023\/09\/IMG_2132-2048x1536.jpeg 2048w\" sizes=\"auto, (max-width: 1024px) 100vw, 1024px\" \/><\/a><\/figure>\n\n\n\n<p class=\"has-medium-font-size\"><\/p>\n\n\n\n<p class=\"has-cool-to-warm-spectrum-gradient-background has-background has-medium-font-size\"><strong>MAIL DE CONTACT <a href=\"lexperiencemongole@gmail.com\">lexperiencemongole@gmail.com <\/a><\/strong><\/p>\n\n\n\n<p class=\"has-medium-font-size\">Renseignement autour du cursus d\u2019enseignement Les Danses de La Chamane\u00ae\u2122<strong> <\/strong><a href=\"mailto:flowhitewolf@gmail.com\">flowhitewolf@gmail.com<\/a><\/p>\n\n\n\n<pre class=\"wp-block-preformatted has-very-light-gray-to-cyan-bluish-gray-gradient-background has-background has-medium-font-size\"><strong>QUI EST FLO KARDINAL ?<\/strong>\n\nFlo kardinal chor\u00e9graphe,femme m\u00e9decine et enseignante, elle  travaille depuis 30 ans autour de la transe, du corps, du potentiel cr\u00e9ateur et des outils d'\u00e9mancipation de l'\u00eatre. Elle vous transmet les outils pour cr\u00e9er votre Roue M\u00e9decine et votre cartographie afin de voyager dans les mondes pluriels .\n\nDes terres d'Afrique, en passant par l'enseignement des Native am\u00e9rindiens pour rejoindre l'esprit des Chamanes mongoles, Flo Kardinal de son nom de femme m\u00e9decine Flo White Wolf&nbsp;a travers\u00e9 l'initiation. Elle vous guidera sur le chemin de la voie des gu\u00e9risseurs et de la m\u00e9decine de l'\u00e2me avec l'esprit ouvert d'\u00eatre fid\u00e8le \u00e0 votre r\u00e9alit\u00e9.\n\n\u00ab&nbsp;<em>Je m'appelle Flo Kardinal. Je suis chor\u00e9graphe. Ma particularit\u00e9 est d'\u00eatre une artiste autodidacte, j'ai cherch\u00e9 les outils qui me permettraient de cr\u00e9er au niveau de mon imaginaire. Je les ai trouv\u00e9s sur mon chemin d'exploration, ils m'ont permis de cr\u00e9er au plus proche de ma Nature et donc librement. Ce sont Les outils de ma transformation en tant qu'artiste et en tant qu'\u00eatre humain. Aujourd'hui j'ai trouv\u00e9 et pens\u00e9 l'espace pour vous les r\u00e9v\u00e9ler<\/em>\u00bb\u00a9Flo Kardinal\n<\/pre>\n\n\n\n<p class=\"has-medium-font-size\">Zairan Myagaa , m\u00e9ditation en Mongolie L&rsquo;Exp\u00e9rience Mongole \u00ae\u2122 \/2023 Photo Corinne Parmentier<\/p>\n\n\n\n<figure class=\"wp-block-image size-large\"><a href=\"http:\/\/flokardinal.org\/wp-content\/uploads\/2023\/09\/IMG_2111-scaled.jpeg\"><img loading=\"lazy\" decoding=\"async\" width=\"1024\" height=\"768\" src=\"http:\/\/flokardinal.org\/wp-content\/uploads\/2023\/09\/IMG_2111-1024x768.jpeg\" alt=\"\" class=\"wp-image-9441\" srcset=\"http:\/\/flokardinal.org\/wp-content\/uploads\/2023\/09\/IMG_2111-1024x768.jpeg 1024w, http:\/\/flokardinal.org\/wp-content\/uploads\/2023\/09\/IMG_2111-300x225.jpeg 300w, http:\/\/flokardinal.org\/wp-content\/uploads\/2023\/09\/IMG_2111-768x576.jpeg 768w, http:\/\/flokardinal.org\/wp-content\/uploads\/2023\/09\/IMG_2111-1536x1152.jpeg 1536w, http:\/\/flokardinal.org\/wp-content\/uploads\/2023\/09\/IMG_2111-2048x1536.jpeg 2048w\" sizes=\"auto, (max-width: 1024px) 100vw, 1024px\" \/><\/a><\/figure>\n\n\n\n<pre id=\"block-d19bc463-e895-4974-a061-da2463e153c2\" class=\"wp-block-preformatted has-small-font-size\"><em><strong>Les Danses de La Chamane\u00ae\u2122<\/strong>&nbsp;, <\/em><strong><em>l'Initiation Mongole <\/em>\u00ae\u2122<\/strong><em> et <strong>l'Exp\u00e9rience Mongole<\/strong> <\/em>\u00ae\u2122<em>\/ \u0153uvre, concept et m\u00e9thode sont d\u00e9pos\u00e9s \/ Tous droits r\u00e9serv\u00e9s Cie Tir Group\u00e9 \/ Flo kardinal\/2012<\/em>-2015-2018-2022<\/pre>\n\n\n\n<p class=\"has-medium-font-size\"><\/p>\n","protected":false},"excerpt":{"rendered":"<p>photo prise dans le cadre de l&rsquo;Exp\u00e9rience Mongole\u00ae\u2122\/Cie Tir Group\u00e9\/2023 Origines de la rencontre avec Flo kardinal Je suis revenue retrouver mon initiatrice en 2022 et \u00e0 cette occasion j&rsquo;ai rencontr\u00e9 Myagaa et son espace sacr\u00e9 , sa relation \u00e0 la nature , sa grande expertise chamanique et son ouverture d&rsquo;esprit .Nous avons d\u00e9cid\u00e9 de &hellip; <a href=\"http:\/\/flokardinal.org\/?page_id=9231\" class=\"more-link\">Continuer la lecture de <span class=\"screen-reader-text\">Mongolie Mon Amour \u00ae\u2122  \/un programme de la Cie Tir Group\u00e9<\/span>  <span class=\"meta-nav\">&rarr;<\/span><\/a><\/p>\n","protected":false},"author":1,"featured_media":9232,"parent":8032,"menu_order":4,"comment_status":"closed","ping_status":"closed","template":"","meta":{"footnotes":""},"class_list":["post-9231","page","type-page","status-publish","has-post-thumbnail","hentry"],"yoast_head":"<!-- This site is optimized with the Yoast SEO plugin v27.4 - https:\/\/yoast.com\/product\/yoast-seo-wordpress\/ -->\n<title>Mongolie Mon Amour \u00ae\u2122 \/un programme de la Cie Tir Group\u00e9 - Les danses de la chamane<\/title>\n<meta name=\"robots\" content=\"index, follow, max-snippet:-1, max-image-preview:large, max-video-preview:-1\" \/>\n<link rel=\"canonical\" href=\"http:\/\/flokardinal.org\/?page_id=9231\" \/>\n<meta property=\"og:locale\" content=\"fr_FR\" \/>\n<meta property=\"og:type\" content=\"article\" \/>\n<meta property=\"og:title\" content=\"Mongolie Mon Amour \u00ae\u2122 \/un programme de la Cie Tir Group\u00e9 - Les danses de la chamane\" \/>\n<meta property=\"og:description\" content=\"photo prise dans le cadre de l&rsquo;Exp\u00e9rience Mongole\u00ae\u2122\/Cie Tir Group\u00e9\/2023 Origines de la rencontre avec Flo kardinal Je suis revenue retrouver mon initiatrice en 2022 et \u00e0 cette occasion j&rsquo;ai rencontr\u00e9 Myagaa et son espace sacr\u00e9 , sa relation \u00e0 la nature , sa grande expertise chamanique et son ouverture d&rsquo;esprit .Nous avons d\u00e9cid\u00e9 de &hellip; Continuer la lecture de Mongolie Mon Amour \u00ae\u2122 \/un programme de la Cie Tir Group\u00e9 &rarr;\" \/>\n<meta property=\"og:url\" content=\"http:\/\/flokardinal.org\/?page_id=9231\" \/>\n<meta property=\"og:site_name\" content=\"Les danses de la chamane\" \/>\n<meta property=\"article:modified_time\" content=\"2024-04-30T11:44:33+00:00\" \/>\n<meta property=\"og:image\" content=\"http:\/\/flokardinal.org\/wp-content\/uploads\/2023\/08\/IMG_20230619_110604-scaled.jpg\" \/>\n\t<meta property=\"og:image:width\" content=\"1928\" \/>\n\t<meta property=\"og:image:height\" content=\"2560\" \/>\n\t<meta property=\"og:image:type\" content=\"image\/jpeg\" \/>\n<meta name=\"twitter:card\" content=\"summary_large_image\" \/>\n<meta name=\"twitter:site\" content=\"@kardinal93\" \/>\n<meta name=\"twitter:label1\" content=\"Dur\u00e9e de lecture estim\u00e9e\" \/>\n\t<meta name=\"twitter:data1\" content=\"3 minutes\" \/>\n<script type=\"application\/ld+json\" class=\"yoast-schema-graph\">{\"@context\":\"https:\\\/\\\/schema.org\",\"@graph\":[{\"@type\":\"WebPage\",\"@id\":\"http:\\\/\\\/flokardinal.org\\\/?page_id=9231\",\"url\":\"http:\\\/\\\/flokardinal.org\\\/?page_id=9231\",\"name\":\"Mongolie Mon Amour \u00ae\u2122 \\\/un programme de la Cie Tir Group\u00e9 - Les danses de la chamane\",\"isPartOf\":{\"@id\":\"https:\\\/\\\/flokardinal.org\\\/#website\"},\"primaryImageOfPage\":{\"@id\":\"http:\\\/\\\/flokardinal.org\\\/?page_id=9231#primaryimage\"},\"image\":{\"@id\":\"http:\\\/\\\/flokardinal.org\\\/?page_id=9231#primaryimage\"},\"thumbnailUrl\":\"http:\\\/\\\/flokardinal.org\\\/wp-content\\\/uploads\\\/2023\\\/08\\\/IMG_20230619_110604-scaled.jpg\",\"datePublished\":\"2023-08-24T13:39:38+00:00\",\"dateModified\":\"2024-04-30T11:44:33+00:00\",\"breadcrumb\":{\"@id\":\"http:\\\/\\\/flokardinal.org\\\/?page_id=9231#breadcrumb\"},\"inLanguage\":\"fr-FR\",\"potentialAction\":[{\"@type\":\"ReadAction\",\"target\":[\"http:\\\/\\\/flokardinal.org\\\/?page_id=9231\"]}]},{\"@type\":\"ImageObject\",\"inLanguage\":\"fr-FR\",\"@id\":\"http:\\\/\\\/flokardinal.org\\\/?page_id=9231#primaryimage\",\"url\":\"http:\\\/\\\/flokardinal.org\\\/wp-content\\\/uploads\\\/2023\\\/08\\\/IMG_20230619_110604-scaled.jpg\",\"contentUrl\":\"http:\\\/\\\/flokardinal.org\\\/wp-content\\\/uploads\\\/2023\\\/08\\\/IMG_20230619_110604-scaled.jpg\",\"width\":1928,\"height\":2560,\"caption\":\"Zairan Myagaa\"},{\"@type\":\"BreadcrumbList\",\"@id\":\"http:\\\/\\\/flokardinal.org\\\/?page_id=9231#breadcrumb\",\"itemListElement\":[{\"@type\":\"ListItem\",\"position\":1,\"name\":\"Accueil\",\"item\":\"https:\\\/\\\/flokardinal.org\\\/\"},{\"@type\":\"ListItem\",\"position\":2,\"name\":\"Les Grandes Travers\u00e9es\",\"item\":\"https:\\\/\\\/flokardinal.org\\\/?page_id=8032\"},{\"@type\":\"ListItem\",\"position\":3,\"name\":\"Mongolie Mon Amour \u00ae\u2122 \\\/un programme de la Cie Tir Group\u00e9\"}]},{\"@type\":\"WebSite\",\"@id\":\"https:\\\/\\\/flokardinal.org\\\/#website\",\"url\":\"https:\\\/\\\/flokardinal.org\\\/\",\"name\":\"Les danses de la chamane\",\"description\":\"Le corps cr\u00e9ateur gu\u00e9risseur salvateur\",\"potentialAction\":[{\"@type\":\"SearchAction\",\"target\":{\"@type\":\"EntryPoint\",\"urlTemplate\":\"https:\\\/\\\/flokardinal.org\\\/?s={search_term_string}\"},\"query-input\":{\"@type\":\"PropertyValueSpecification\",\"valueRequired\":true,\"valueName\":\"search_term_string\"}}],\"inLanguage\":\"fr-FR\"}]}<\/script>\n<!-- \/ Yoast SEO plugin. -->","yoast_head_json":{"title":"Mongolie Mon Amour \u00ae\u2122 \/un programme de la Cie Tir Group\u00e9 - Les danses de la chamane","robots":{"index":"index","follow":"follow","max-snippet":"max-snippet:-1","max-image-preview":"max-image-preview:large","max-video-preview":"max-video-preview:-1"},"canonical":"http:\/\/flokardinal.org\/?page_id=9231","og_locale":"fr_FR","og_type":"article","og_title":"Mongolie Mon Amour \u00ae\u2122 \/un programme de la Cie Tir Group\u00e9 - Les danses de la chamane","og_description":"photo prise dans le cadre de l&rsquo;Exp\u00e9rience Mongole\u00ae\u2122\/Cie Tir Group\u00e9\/2023 Origines de la rencontre avec Flo kardinal Je suis revenue retrouver mon initiatrice en 2022 et \u00e0 cette occasion j&rsquo;ai rencontr\u00e9 Myagaa et son espace sacr\u00e9 , sa relation \u00e0 la nature , sa grande expertise chamanique et son ouverture d&rsquo;esprit .Nous avons d\u00e9cid\u00e9 de &hellip; Continuer la lecture de Mongolie Mon Amour \u00ae\u2122 \/un programme de la Cie Tir Group\u00e9 &rarr;","og_url":"http:\/\/flokardinal.org\/?page_id=9231","og_site_name":"Les danses de la chamane","article_modified_time":"2024-04-30T11:44:33+00:00","og_image":[{"width":1928,"height":2560,"url":"http:\/\/flokardinal.org\/wp-content\/uploads\/2023\/08\/IMG_20230619_110604-scaled.jpg","type":"image\/jpeg"}],"twitter_card":"summary_large_image","twitter_site":"@kardinal93","twitter_misc":{"Dur\u00e9e de lecture estim\u00e9e":"3 minutes"},"schema":{"@context":"https:\/\/schema.org","@graph":[{"@type":"WebPage","@id":"http:\/\/flokardinal.org\/?page_id=9231","url":"http:\/\/flokardinal.org\/?page_id=9231","name":"Mongolie Mon Amour \u00ae\u2122 \/un programme de la Cie Tir Group\u00e9 - Les danses de la chamane","isPartOf":{"@id":"https:\/\/flokardinal.org\/#website"},"primaryImageOfPage":{"@id":"http:\/\/flokardinal.org\/?page_id=9231#primaryimage"},"image":{"@id":"http:\/\/flokardinal.org\/?page_id=9231#primaryimage"},"thumbnailUrl":"http:\/\/flokardinal.org\/wp-content\/uploads\/2023\/08\/IMG_20230619_110604-scaled.jpg","datePublished":"2023-08-24T13:39:38+00:00","dateModified":"2024-04-30T11:44:33+00:00","breadcrumb":{"@id":"http:\/\/flokardinal.org\/?page_id=9231#breadcrumb"},"inLanguage":"fr-FR","potentialAction":[{"@type":"ReadAction","target":["http:\/\/flokardinal.org\/?page_id=9231"]}]},{"@type":"ImageObject","inLanguage":"fr-FR","@id":"http:\/\/flokardinal.org\/?page_id=9231#primaryimage","url":"http:\/\/flokardinal.org\/wp-content\/uploads\/2023\/08\/IMG_20230619_110604-scaled.jpg","contentUrl":"http:\/\/flokardinal.org\/wp-content\/uploads\/2023\/08\/IMG_20230619_110604-scaled.jpg","width":1928,"height":2560,"caption":"Zairan Myagaa"},{"@type":"BreadcrumbList","@id":"http:\/\/flokardinal.org\/?page_id=9231#breadcrumb","itemListElement":[{"@type":"ListItem","position":1,"name":"Accueil","item":"https:\/\/flokardinal.org\/"},{"@type":"ListItem","position":2,"name":"Les Grandes Travers\u00e9es","item":"https:\/\/flokardinal.org\/?page_id=8032"},{"@type":"ListItem","position":3,"name":"Mongolie Mon Amour \u00ae\u2122 \/un programme de la Cie Tir Group\u00e9"}]},{"@type":"WebSite","@id":"https:\/\/flokardinal.org\/#website","url":"https:\/\/flokardinal.org\/","name":"Les danses de la chamane","description":"Le corps cr\u00e9ateur gu\u00e9risseur salvateur","potentialAction":[{"@type":"SearchAction","target":{"@type":"EntryPoint","urlTemplate":"https:\/\/flokardinal.org\/?s={search_term_string}"},"query-input":{"@type":"PropertyValueSpecification","valueRequired":true,"valueName":"search_term_string"}}],"inLanguage":"fr-FR"}]}},"_links":{"self":[{"href":"http:\/\/flokardinal.org\/index.php?rest_route=\/wp\/v2\/pages\/9231","targetHints":{"allow":["GET"]}}],"collection":[{"href":"http:\/\/flokardinal.org\/index.php?rest_route=\/wp\/v2\/pages"}],"about":[{"href":"http:\/\/flokardinal.org\/index.php?rest_route=\/wp\/v2\/types\/page"}],"author":[{"embeddable":true,"href":"http:\/\/flokardinal.org\/index.php?rest_route=\/wp\/v2\/users\/1"}],"replies":[{"embeddable":true,"href":"http:\/\/flokardinal.org\/index.php?rest_route=%2Fwp%2Fv2%2Fcomments&post=9231"}],"version-history":[{"count":41,"href":"http:\/\/flokardinal.org\/index.php?rest_route=\/wp\/v2\/pages\/9231\/revisions"}],"predecessor-version":[{"id":9710,"href":"http:\/\/flokardinal.org\/index.php?rest_route=\/wp\/v2\/pages\/9231\/revisions\/9710"}],"up":[{"embeddable":true,"href":"http:\/\/flokardinal.org\/index.php?rest_route=\/wp\/v2\/pages\/8032"}],"wp:featuredmedia":[{"embeddable":true,"href":"http:\/\/flokardinal.org\/index.php?rest_route=\/wp\/v2\/media\/9232"}],"wp:attachment":[{"href":"http:\/\/flokardinal.org\/index.php?rest_route=%2Fwp%2Fv2%2Fmedia&parent=9231"}],"curies":[{"name":"wp","href":"https:\/\/api.w.org\/{rel}","templated":true}]}}