{"id":7475,"date":"2020-09-11T20:00:27","date_gmt":"2020-09-11T19:00:27","guid":{"rendered":"http:\/\/flokardinal.org\/wordpress\/?page_id=7475"},"modified":"2025-06-12T16:29:33","modified_gmt":"2025-06-12T15:29:33","slug":"les-danses-de-la-chamane","status":"publish","type":"page","link":"http:\/\/flokardinal.org\/?page_id=7475","title":{"rendered":"Les Danses de La Chamane"},"content":{"rendered":"\n<p>Le programme cr\u00e9atif Art et Chamanisme 2025 par Flo Kardinal pour vous permettre de \u00ab\u00a0Se rassembler pour Agir\u00a0\u00bb :<\/p>\n\n\n\n<figure class=\"wp-block-embed is-type-wp-embed is-provider-les-danses-de-la-chamane wp-block-embed-les-danses-de-la-chamane\"><div class=\"wp-block-embed__wrapper\">\n<blockquote class=\"wp-embedded-content\" data-secret=\"9emlrkY19v\"><a href=\"https:\/\/flokardinal.org\/?page_id=7066\">Programme 2024<\/a><\/blockquote><iframe loading=\"lazy\" class=\"wp-embedded-content\" sandbox=\"allow-scripts\" security=\"restricted\" style=\"position: absolute; clip: rect(1px, 1px, 1px, 1px);\" title=\"\u00ab\u00a0Programme 2024\u00a0\u00bb &#8212; Les danses de la chamane\" src=\"https:\/\/flokardinal.org\/?page_id=7066&#038;embed=true#?secret=Ta57q7cXaW#?secret=9emlrkY19v\" data-secret=\"9emlrkY19v\" width=\"474\" height=\"267\" frameborder=\"0\" marginwidth=\"0\" marginheight=\"0\" scrolling=\"no\"><\/iframe>\n<\/div><\/figure>\n\n\n\n<p><strong>LA SECOUSSE LIBRE<\/strong> Un processus cr\u00e9atif somatique en mouvement <\/p>\n\n\n\n<figure class=\"wp-block-embed is-type-wp-embed is-provider-les-danses-de-la-chamane wp-block-embed-les-danses-de-la-chamane\"><div class=\"wp-block-embed__wrapper\">\n<blockquote class=\"wp-embedded-content\" data-secret=\"aiGhQGQiRq\"><a href=\"https:\/\/flokardinal.org\/?page_id=7001\">LA PRATIQUE CORPORELLE :La Secousse Libre<\/a><\/blockquote><iframe loading=\"lazy\" class=\"wp-embedded-content\" sandbox=\"allow-scripts\" security=\"restricted\" style=\"position: absolute; clip: rect(1px, 1px, 1px, 1px);\" title=\"\u00ab\u00a0LA PRATIQUE CORPORELLE :La Secousse Libre\u00a0\u00bb &#8212; Les danses de la chamane\" src=\"https:\/\/flokardinal.org\/?page_id=7001&#038;embed=true#?secret=jzKxFqD45E#?secret=aiGhQGQiRq\" data-secret=\"aiGhQGQiRq\" width=\"474\" height=\"267\" frameborder=\"0\" marginwidth=\"0\" marginheight=\"0\" scrolling=\"no\"><\/iframe>\n<\/div><\/figure>\n\n\n\n<p>La Formation de praticiens en chamanisme en 3 cycles LES DANSES DE LA CHAMANE :Art et Chamanisme .<\/p>\n\n\n\n<figure class=\"wp-block-embed is-type-wp-embed is-provider-les-danses-de-la-chamane wp-block-embed-les-danses-de-la-chamane\"><div class=\"wp-block-embed__wrapper\">\n<blockquote class=\"wp-embedded-content\" data-secret=\"1Kt4Gn8Yvx\"><a href=\"https:\/\/flokardinal.org\/?page_id=4468\">LES  DANSES DE LA CHAMANE @ 2024<\/a><\/blockquote><iframe loading=\"lazy\" class=\"wp-embedded-content\" sandbox=\"allow-scripts\" security=\"restricted\" style=\"position: absolute; clip: rect(1px, 1px, 1px, 1px);\" title=\"\u00ab\u00a0LES  DANSES DE LA CHAMANE @ 2024\u00a0\u00bb &#8212; Les danses de la chamane\" src=\"https:\/\/flokardinal.org\/?page_id=4468&#038;embed=true#?secret=fsHJb4pN2B#?secret=1Kt4Gn8Yvx\" data-secret=\"1Kt4Gn8Yvx\" width=\"474\" height=\"267\" frameborder=\"0\" marginwidth=\"0\" marginheight=\"0\" scrolling=\"no\"><\/iframe>\n<\/div><\/figure>\n\n\n\n<p>L&rsquo;Exp\u00e9rience Mongole un parcours initiatique de la Cie Tir Group\u00e9 autour de la ROUE DES ANCETRES.<\/p>\n\n\n\n<figure class=\"wp-block-embed is-type-wp-embed is-provider-les-danses-de-la-chamane wp-block-embed-les-danses-de-la-chamane\"><div class=\"wp-block-embed__wrapper\">\n<blockquote class=\"wp-embedded-content\" data-secret=\"ANj2b79kBf\"><a href=\"https:\/\/flokardinal.org\/?page_id=5416\">L&rsquo;EXPERIENCE MONGOLE@du 19 juin au 03 Juillet 2023<\/a><\/blockquote><iframe loading=\"lazy\" class=\"wp-embedded-content\" sandbox=\"allow-scripts\" security=\"restricted\" style=\"position: absolute; clip: rect(1px, 1px, 1px, 1px);\" title=\"\u00ab\u00a0L&rsquo;EXPERIENCE MONGOLE@du 19 juin au 03 Juillet 2023\u00a0\u00bb &#8212; Les danses de la chamane\" src=\"https:\/\/flokardinal.org\/?page_id=5416&#038;embed=true#?secret=HIccvsHfaM#?secret=ANj2b79kBf\" data-secret=\"ANj2b79kBf\" width=\"474\" height=\"267\" frameborder=\"0\" marginwidth=\"0\" marginheight=\"0\" scrolling=\"no\"><\/iframe>\n<\/div><\/figure>\n\n\n\n<p>La Qu\u00eate Cosmique Une initiation chamanique dans le d\u00e9sert  guid\u00e9e par la m\u00e9moire et les traces des Berb\u00e8res.<\/p>\n\n\n\n<p><a href=\"http:\/\/www.flokardinal.org\/wordpress\/?page_id=5407\">http:\/\/www.flokardinal.org\/wordpress\/?page_id=5407<\/a><\/p>\n\n\n\n<p>L&rsquo;accompagnement personnalis\u00e9 : le Ressourcement Cr\u00e9atif une sp\u00e9cificit\u00e9 de l&rsquo;artiste Flo Kardinal pour vous retrouver votre instinct cr\u00e9ateur et votre pouvoir de gu\u00e9rison <\/p>\n\n\n\n<figure class=\"wp-block-image\"><img loading=\"lazy\" decoding=\"async\" width=\"1024\" height=\"730\" src=\"http:\/\/flokardinal.org\/wordpress\/wp-content\/uploads\/2021\/07\/depliant-RECTO-MEDIUM1-1024x730.jpg\" alt=\"\" class=\"wp-image-8075\" srcset=\"http:\/\/flokardinal.org\/wp-content\/uploads\/2021\/07\/depliant-RECTO-MEDIUM1-1024x730.jpg 1024w, http:\/\/flokardinal.org\/wp-content\/uploads\/2021\/07\/depliant-RECTO-MEDIUM1-300x214.jpg 300w, http:\/\/flokardinal.org\/wp-content\/uploads\/2021\/07\/depliant-RECTO-MEDIUM1-768x547.jpg 768w, http:\/\/flokardinal.org\/wp-content\/uploads\/2021\/07\/depliant-RECTO-MEDIUM1.jpg 1559w\" sizes=\"auto, (max-width: 1024px) 100vw, 1024px\" \/><\/figure>\n\n\n\n<p>.<\/p>\n\n\n\n<p><\/p>\n\n\n\n<p><a href=\"http:\/\/www.flokardinal.org\/wordpress\/?page_id=7001 \"> <\/a><\/p>\n","protected":false},"excerpt":{"rendered":"<p>Le programme cr\u00e9atif Art et Chamanisme 2025 par Flo Kardinal pour vous permettre de \u00ab\u00a0Se rassembler pour Agir\u00a0\u00bb : LA SECOUSSE LIBRE Un processus cr\u00e9atif somatique en mouvement La Formation de praticiens en chamanisme en 3 cycles LES DANSES DE LA CHAMANE :Art et Chamanisme . L&rsquo;Exp\u00e9rience Mongole un parcours initiatique de la Cie Tir &hellip; <a href=\"http:\/\/flokardinal.org\/?page_id=7475\" class=\"more-link\">Continuer la lecture de <span class=\"screen-reader-text\">Les Danses de La Chamane<\/span>  <span class=\"meta-nav\">&rarr;<\/span><\/a><\/p>\n","protected":false},"author":1,"featured_media":6052,"parent":0,"menu_order":0,"comment_status":"closed","ping_status":"closed","template":"","meta":{"footnotes":""},"class_list":["post-7475","page","type-page","status-publish","has-post-thumbnail","hentry"],"yoast_head":"<!-- This site is optimized with the Yoast SEO plugin v27.4 - https:\/\/yoast.com\/product\/yoast-seo-wordpress\/ -->\n<title>Les Danses de La Chamane - Les danses de la chamane<\/title>\n<meta name=\"robots\" content=\"index, follow, max-snippet:-1, max-image-preview:large, max-video-preview:-1\" \/>\n<link rel=\"canonical\" href=\"http:\/\/flokardinal.org\/?page_id=7475\" \/>\n<meta property=\"og:locale\" content=\"fr_FR\" \/>\n<meta property=\"og:type\" content=\"article\" \/>\n<meta property=\"og:title\" content=\"Les Danses de La Chamane - Les danses de la chamane\" \/>\n<meta property=\"og:description\" content=\"Le programme cr\u00e9atif Art et Chamanisme 2025 par Flo Kardinal pour vous permettre de \u00ab\u00a0Se rassembler pour Agir\u00a0\u00bb : LA SECOUSSE LIBRE Un processus cr\u00e9atif somatique en mouvement La Formation de praticiens en chamanisme en 3 cycles LES DANSES DE LA CHAMANE :Art et Chamanisme . L&rsquo;Exp\u00e9rience Mongole un parcours initiatique de la Cie Tir &hellip; Continuer la lecture de Les Danses de La Chamane &rarr;\" \/>\n<meta property=\"og:url\" content=\"http:\/\/flokardinal.org\/?page_id=7475\" \/>\n<meta property=\"og:site_name\" content=\"Les danses de la chamane\" \/>\n<meta property=\"article:modified_time\" content=\"2025-06-12T15:29:33+00:00\" \/>\n<meta property=\"og:image\" content=\"http:\/\/flokardinal.org\/wp-content\/uploads\/2019\/10\/6ebd7fa7772a8ce99fb89d0b49f3b863.jpg\" \/>\n\t<meta property=\"og:image:width\" content=\"768\" \/>\n\t<meta property=\"og:image:height\" content=\"768\" \/>\n\t<meta property=\"og:image:type\" content=\"image\/jpeg\" \/>\n<meta name=\"twitter:card\" content=\"summary_large_image\" \/>\n<meta name=\"twitter:site\" content=\"@kardinal93\" \/>\n<meta name=\"twitter:label1\" content=\"Dur\u00e9e de lecture estim\u00e9e\" \/>\n\t<meta name=\"twitter:data1\" content=\"1 minute\" \/>\n<script type=\"application\/ld+json\" class=\"yoast-schema-graph\">{\"@context\":\"https:\\\/\\\/schema.org\",\"@graph\":[{\"@type\":\"WebPage\",\"@id\":\"http:\\\/\\\/flokardinal.org\\\/?page_id=7475\",\"url\":\"http:\\\/\\\/flokardinal.org\\\/?page_id=7475\",\"name\":\"Les Danses de La Chamane - Les danses de la chamane\",\"isPartOf\":{\"@id\":\"https:\\\/\\\/flokardinal.org\\\/#website\"},\"primaryImageOfPage\":{\"@id\":\"http:\\\/\\\/flokardinal.org\\\/?page_id=7475#primaryimage\"},\"image\":{\"@id\":\"http:\\\/\\\/flokardinal.org\\\/?page_id=7475#primaryimage\"},\"thumbnailUrl\":\"http:\\\/\\\/flokardinal.org\\\/wp-content\\\/uploads\\\/2019\\\/10\\\/6ebd7fa7772a8ce99fb89d0b49f3b863.jpg\",\"datePublished\":\"2020-09-11T19:00:27+00:00\",\"dateModified\":\"2025-06-12T15:29:33+00:00\",\"breadcrumb\":{\"@id\":\"http:\\\/\\\/flokardinal.org\\\/?page_id=7475#breadcrumb\"},\"inLanguage\":\"fr-FR\",\"potentialAction\":[{\"@type\":\"ReadAction\",\"target\":[\"http:\\\/\\\/flokardinal.org\\\/?page_id=7475\"]}]},{\"@type\":\"ImageObject\",\"inLanguage\":\"fr-FR\",\"@id\":\"http:\\\/\\\/flokardinal.org\\\/?page_id=7475#primaryimage\",\"url\":\"http:\\\/\\\/flokardinal.org\\\/wp-content\\\/uploads\\\/2019\\\/10\\\/6ebd7fa7772a8ce99fb89d0b49f3b863.jpg\",\"contentUrl\":\"http:\\\/\\\/flokardinal.org\\\/wp-content\\\/uploads\\\/2019\\\/10\\\/6ebd7fa7772a8ce99fb89d0b49f3b863.jpg\",\"width\":768,\"height\":768},{\"@type\":\"BreadcrumbList\",\"@id\":\"http:\\\/\\\/flokardinal.org\\\/?page_id=7475#breadcrumb\",\"itemListElement\":[{\"@type\":\"ListItem\",\"position\":1,\"name\":\"Accueil\",\"item\":\"https:\\\/\\\/flokardinal.org\\\/\"},{\"@type\":\"ListItem\",\"position\":2,\"name\":\"Les Danses de La Chamane\"}]},{\"@type\":\"WebSite\",\"@id\":\"https:\\\/\\\/flokardinal.org\\\/#website\",\"url\":\"https:\\\/\\\/flokardinal.org\\\/\",\"name\":\"Les danses de la chamane\",\"description\":\"Le corps cr\u00e9ateur gu\u00e9risseur salvateur\",\"potentialAction\":[{\"@type\":\"SearchAction\",\"target\":{\"@type\":\"EntryPoint\",\"urlTemplate\":\"https:\\\/\\\/flokardinal.org\\\/?s={search_term_string}\"},\"query-input\":{\"@type\":\"PropertyValueSpecification\",\"valueRequired\":true,\"valueName\":\"search_term_string\"}}],\"inLanguage\":\"fr-FR\"}]}<\/script>\n<!-- \/ Yoast SEO plugin. -->","yoast_head_json":{"title":"Les Danses de La Chamane - Les danses de la chamane","robots":{"index":"index","follow":"follow","max-snippet":"max-snippet:-1","max-image-preview":"max-image-preview:large","max-video-preview":"max-video-preview:-1"},"canonical":"http:\/\/flokardinal.org\/?page_id=7475","og_locale":"fr_FR","og_type":"article","og_title":"Les Danses de La Chamane - Les danses de la chamane","og_description":"Le programme cr\u00e9atif Art et Chamanisme 2025 par Flo Kardinal pour vous permettre de \u00ab\u00a0Se rassembler pour Agir\u00a0\u00bb : LA SECOUSSE LIBRE Un processus cr\u00e9atif somatique en mouvement La Formation de praticiens en chamanisme en 3 cycles LES DANSES DE LA CHAMANE :Art et Chamanisme . L&rsquo;Exp\u00e9rience Mongole un parcours initiatique de la Cie Tir &hellip; Continuer la lecture de Les Danses de La Chamane &rarr;","og_url":"http:\/\/flokardinal.org\/?page_id=7475","og_site_name":"Les danses de la chamane","article_modified_time":"2025-06-12T15:29:33+00:00","og_image":[{"width":768,"height":768,"url":"http:\/\/flokardinal.org\/wp-content\/uploads\/2019\/10\/6ebd7fa7772a8ce99fb89d0b49f3b863.jpg","type":"image\/jpeg"}],"twitter_card":"summary_large_image","twitter_site":"@kardinal93","twitter_misc":{"Dur\u00e9e de lecture estim\u00e9e":"1 minute"},"schema":{"@context":"https:\/\/schema.org","@graph":[{"@type":"WebPage","@id":"http:\/\/flokardinal.org\/?page_id=7475","url":"http:\/\/flokardinal.org\/?page_id=7475","name":"Les Danses de La Chamane - Les danses de la chamane","isPartOf":{"@id":"https:\/\/flokardinal.org\/#website"},"primaryImageOfPage":{"@id":"http:\/\/flokardinal.org\/?page_id=7475#primaryimage"},"image":{"@id":"http:\/\/flokardinal.org\/?page_id=7475#primaryimage"},"thumbnailUrl":"http:\/\/flokardinal.org\/wp-content\/uploads\/2019\/10\/6ebd7fa7772a8ce99fb89d0b49f3b863.jpg","datePublished":"2020-09-11T19:00:27+00:00","dateModified":"2025-06-12T15:29:33+00:00","breadcrumb":{"@id":"http:\/\/flokardinal.org\/?page_id=7475#breadcrumb"},"inLanguage":"fr-FR","potentialAction":[{"@type":"ReadAction","target":["http:\/\/flokardinal.org\/?page_id=7475"]}]},{"@type":"ImageObject","inLanguage":"fr-FR","@id":"http:\/\/flokardinal.org\/?page_id=7475#primaryimage","url":"http:\/\/flokardinal.org\/wp-content\/uploads\/2019\/10\/6ebd7fa7772a8ce99fb89d0b49f3b863.jpg","contentUrl":"http:\/\/flokardinal.org\/wp-content\/uploads\/2019\/10\/6ebd7fa7772a8ce99fb89d0b49f3b863.jpg","width":768,"height":768},{"@type":"BreadcrumbList","@id":"http:\/\/flokardinal.org\/?page_id=7475#breadcrumb","itemListElement":[{"@type":"ListItem","position":1,"name":"Accueil","item":"https:\/\/flokardinal.org\/"},{"@type":"ListItem","position":2,"name":"Les Danses de La Chamane"}]},{"@type":"WebSite","@id":"https:\/\/flokardinal.org\/#website","url":"https:\/\/flokardinal.org\/","name":"Les danses de la chamane","description":"Le corps cr\u00e9ateur gu\u00e9risseur salvateur","potentialAction":[{"@type":"SearchAction","target":{"@type":"EntryPoint","urlTemplate":"https:\/\/flokardinal.org\/?s={search_term_string}"},"query-input":{"@type":"PropertyValueSpecification","valueRequired":true,"valueName":"search_term_string"}}],"inLanguage":"fr-FR"}]}},"_links":{"self":[{"href":"http:\/\/flokardinal.org\/index.php?rest_route=\/wp\/v2\/pages\/7475","targetHints":{"allow":["GET"]}}],"collection":[{"href":"http:\/\/flokardinal.org\/index.php?rest_route=\/wp\/v2\/pages"}],"about":[{"href":"http:\/\/flokardinal.org\/index.php?rest_route=\/wp\/v2\/types\/page"}],"author":[{"embeddable":true,"href":"http:\/\/flokardinal.org\/index.php?rest_route=\/wp\/v2\/users\/1"}],"replies":[{"embeddable":true,"href":"http:\/\/flokardinal.org\/index.php?rest_route=%2Fwp%2Fv2%2Fcomments&post=7475"}],"version-history":[{"count":10,"href":"http:\/\/flokardinal.org\/index.php?rest_route=\/wp\/v2\/pages\/7475\/revisions"}],"predecessor-version":[{"id":9938,"href":"http:\/\/flokardinal.org\/index.php?rest_route=\/wp\/v2\/pages\/7475\/revisions\/9938"}],"wp:featuredmedia":[{"embeddable":true,"href":"http:\/\/flokardinal.org\/index.php?rest_route=\/wp\/v2\/media\/6052"}],"wp:attachment":[{"href":"http:\/\/flokardinal.org\/index.php?rest_route=%2Fwp%2Fv2%2Fmedia&parent=7475"}],"curies":[{"name":"wp","href":"https:\/\/api.w.org\/{rel}","templated":true}]}}