{"id":3596,"date":"2018-10-07T19:57:43","date_gmt":"2018-10-07T18:57:43","guid":{"rendered":"http:\/\/flokardinal.org\/wordpress\/?page_id=3596"},"modified":"2018-10-07T19:58:42","modified_gmt":"2018-10-07T18:58:42","slug":"deep-blu-trance","status":"publish","type":"page","link":"http:\/\/flokardinal.org\/?page_id=3596","title":{"rendered":"DEEP BLU TRANCE"},"content":{"rendered":"<figure id=\"attachment_3597\" aria-describedby=\"caption-attachment-3597\" style=\"width: 300px\" class=\"wp-caption alignnone\"><a href=\"http:\/\/flokardinal.org\/wordpress\/wp-content\/uploads\/2018\/10\/10097892.jpg\"><img loading=\"lazy\" decoding=\"async\" class=\"size-medium wp-image-3597\" src=\"http:\/\/flokardinal.org\/wordpress\/wp-content\/uploads\/2018\/10\/10097892-300x225.jpg\" alt=\"\" width=\"300\" height=\"225\" srcset=\"http:\/\/flokardinal.org\/wp-content\/uploads\/2018\/10\/10097892-300x225.jpg 300w, http:\/\/flokardinal.org\/wp-content\/uploads\/2018\/10\/10097892-768x576.jpg 768w, http:\/\/flokardinal.org\/wp-content\/uploads\/2018\/10\/10097892-1024x768.jpg 1024w, http:\/\/flokardinal.org\/wp-content\/uploads\/2018\/10\/10097892.jpg 1240w\" sizes=\"auto, (max-width: 300px) 100vw, 300px\" \/><\/a><figcaption id=\"caption-attachment-3597\" class=\"wp-caption-text\">DEEP BLU TRANCE<\/figcaption><\/figure>\n<p><iframe loading=\"lazy\" title=\"DEEP BLU TRANCE 2018 HD\" src=\"https:\/\/player.vimeo.com\/video\/293745089?dnt=1&amp;app_id=122963\" width=\"474\" height=\"356\" frameborder=\"0\" allow=\"autoplay; fullscreen; picture-in-picture; clipboard-write\"><\/iframe><\/p>\n<p>DEEP BLU TRANCE \u00a9\/Improvisation One Shot sans retouche \/S\u00e9rie COLORS\/2018\/Cie Tir group\u00e9\u00a9tous droits r\u00e9serv\u00e9s<\/p>\n<p>Rituel improvis\u00e9 sans pr\u00e9paration ni retouche , obtenu gr\u00e2ce aux outils DE LA TRANSE A LA PERFORMANCE\u00a9 prodigu\u00e9s par Flo Kardinal \/2018<\/p>\n<p>&nbsp;<\/p>\n","protected":false},"excerpt":{"rendered":"<p>DEEP BLU TRANCE \u00a9\/Improvisation One Shot sans retouche \/S\u00e9rie COLORS\/2018\/Cie Tir group\u00e9\u00a9tous droits r\u00e9serv\u00e9s Rituel improvis\u00e9 sans pr\u00e9paration ni retouche , obtenu gr\u00e2ce aux outils DE LA TRANSE A LA PERFORMANCE\u00a9 prodigu\u00e9s par Flo Kardinal \/2018 &nbsp;<\/p>\n","protected":false},"author":1,"featured_media":0,"parent":18,"menu_order":7,"comment_status":"closed","ping_status":"closed","template":"","meta":{"footnotes":""},"class_list":["post-3596","page","type-page","status-publish","hentry"],"yoast_head":"<!-- This site is optimized with the Yoast SEO plugin v27.4 - https:\/\/yoast.com\/product\/yoast-seo-wordpress\/ -->\n<title>DEEP BLU TRANCE - Les danses de la chamane<\/title>\n<meta name=\"robots\" content=\"index, follow, max-snippet:-1, max-image-preview:large, max-video-preview:-1\" \/>\n<link rel=\"canonical\" href=\"https:\/\/flokardinal.org\/?page_id=3596\" \/>\n<meta property=\"og:locale\" content=\"fr_FR\" \/>\n<meta property=\"og:type\" content=\"article\" \/>\n<meta property=\"og:title\" content=\"DEEP BLU TRANCE - Les danses de la chamane\" \/>\n<meta property=\"og:description\" content=\"DEEP BLU TRANCE \u00a9\/Improvisation One Shot sans retouche \/S\u00e9rie COLORS\/2018\/Cie Tir group\u00e9\u00a9tous droits r\u00e9serv\u00e9s Rituel improvis\u00e9 sans pr\u00e9paration ni retouche , obtenu gr\u00e2ce aux outils DE LA TRANSE A LA PERFORMANCE\u00a9 prodigu\u00e9s par Flo Kardinal \/2018 &nbsp;\" \/>\n<meta property=\"og:url\" content=\"https:\/\/flokardinal.org\/?page_id=3596\" \/>\n<meta property=\"og:site_name\" content=\"Les danses de la chamane\" \/>\n<meta property=\"article:modified_time\" content=\"2018-10-07T18:58:42+00:00\" \/>\n<meta property=\"og:image\" content=\"http:\/\/flokardinal.org\/wordpress\/wp-content\/uploads\/2018\/10\/10097892-300x225.jpg\" \/>\n<meta name=\"twitter:card\" content=\"summary_large_image\" \/>\n<meta name=\"twitter:site\" content=\"@kardinal93\" \/>\n<script type=\"application\/ld+json\" class=\"yoast-schema-graph\">{\"@context\":\"https:\\\/\\\/schema.org\",\"@graph\":[{\"@type\":\"WebPage\",\"@id\":\"https:\\\/\\\/flokardinal.org\\\/?page_id=3596\",\"url\":\"https:\\\/\\\/flokardinal.org\\\/?page_id=3596\",\"name\":\"DEEP BLU TRANCE - Les danses de la chamane\",\"isPartOf\":{\"@id\":\"https:\\\/\\\/flokardinal.org\\\/#website\"},\"primaryImageOfPage\":{\"@id\":\"https:\\\/\\\/flokardinal.org\\\/?page_id=3596#primaryimage\"},\"image\":{\"@id\":\"https:\\\/\\\/flokardinal.org\\\/?page_id=3596#primaryimage\"},\"thumbnailUrl\":\"http:\\\/\\\/flokardinal.org\\\/wordpress\\\/wp-content\\\/uploads\\\/2018\\\/10\\\/10097892-300x225.jpg\",\"datePublished\":\"2018-10-07T18:57:43+00:00\",\"dateModified\":\"2018-10-07T18:58:42+00:00\",\"breadcrumb\":{\"@id\":\"https:\\\/\\\/flokardinal.org\\\/?page_id=3596#breadcrumb\"},\"inLanguage\":\"fr-FR\",\"potentialAction\":[{\"@type\":\"ReadAction\",\"target\":[\"https:\\\/\\\/flokardinal.org\\\/?page_id=3596\"]}]},{\"@type\":\"ImageObject\",\"inLanguage\":\"fr-FR\",\"@id\":\"https:\\\/\\\/flokardinal.org\\\/?page_id=3596#primaryimage\",\"url\":\"http:\\\/\\\/flokardinal.org\\\/wordpress\\\/wp-content\\\/uploads\\\/2018\\\/10\\\/10097892-300x225.jpg\",\"contentUrl\":\"http:\\\/\\\/flokardinal.org\\\/wordpress\\\/wp-content\\\/uploads\\\/2018\\\/10\\\/10097892-300x225.jpg\"},{\"@type\":\"BreadcrumbList\",\"@id\":\"https:\\\/\\\/flokardinal.org\\\/?page_id=3596#breadcrumb\",\"itemListElement\":[{\"@type\":\"ListItem\",\"position\":1,\"name\":\"Accueil\",\"item\":\"https:\\\/\\\/flokardinal.org\\\/\"},{\"@type\":\"ListItem\",\"position\":2,\"name\":\"Inspirations\",\"item\":\"https:\\\/\\\/flokardinal.org\\\/?page_id=18\"},{\"@type\":\"ListItem\",\"position\":3,\"name\":\"DEEP BLU TRANCE\"}]},{\"@type\":\"WebSite\",\"@id\":\"https:\\\/\\\/flokardinal.org\\\/#website\",\"url\":\"https:\\\/\\\/flokardinal.org\\\/\",\"name\":\"Les danses de la chamane\",\"description\":\"Le corps cr\u00e9ateur gu\u00e9risseur salvateur\",\"potentialAction\":[{\"@type\":\"SearchAction\",\"target\":{\"@type\":\"EntryPoint\",\"urlTemplate\":\"https:\\\/\\\/flokardinal.org\\\/?s={search_term_string}\"},\"query-input\":{\"@type\":\"PropertyValueSpecification\",\"valueRequired\":true,\"valueName\":\"search_term_string\"}}],\"inLanguage\":\"fr-FR\"}]}<\/script>\n<!-- \/ Yoast SEO plugin. -->","yoast_head_json":{"title":"DEEP BLU TRANCE - Les danses de la chamane","robots":{"index":"index","follow":"follow","max-snippet":"max-snippet:-1","max-image-preview":"max-image-preview:large","max-video-preview":"max-video-preview:-1"},"canonical":"https:\/\/flokardinal.org\/?page_id=3596","og_locale":"fr_FR","og_type":"article","og_title":"DEEP BLU TRANCE - Les danses de la chamane","og_description":"DEEP BLU TRANCE \u00a9\/Improvisation One Shot sans retouche \/S\u00e9rie COLORS\/2018\/Cie Tir group\u00e9\u00a9tous droits r\u00e9serv\u00e9s Rituel improvis\u00e9 sans pr\u00e9paration ni retouche , obtenu gr\u00e2ce aux outils DE LA TRANSE A LA PERFORMANCE\u00a9 prodigu\u00e9s par Flo Kardinal \/2018 &nbsp;","og_url":"https:\/\/flokardinal.org\/?page_id=3596","og_site_name":"Les danses de la chamane","article_modified_time":"2018-10-07T18:58:42+00:00","og_image":[{"url":"http:\/\/flokardinal.org\/wordpress\/wp-content\/uploads\/2018\/10\/10097892-300x225.jpg","type":"","width":"","height":""}],"twitter_card":"summary_large_image","twitter_site":"@kardinal93","schema":{"@context":"https:\/\/schema.org","@graph":[{"@type":"WebPage","@id":"https:\/\/flokardinal.org\/?page_id=3596","url":"https:\/\/flokardinal.org\/?page_id=3596","name":"DEEP BLU TRANCE - Les danses de la chamane","isPartOf":{"@id":"https:\/\/flokardinal.org\/#website"},"primaryImageOfPage":{"@id":"https:\/\/flokardinal.org\/?page_id=3596#primaryimage"},"image":{"@id":"https:\/\/flokardinal.org\/?page_id=3596#primaryimage"},"thumbnailUrl":"http:\/\/flokardinal.org\/wordpress\/wp-content\/uploads\/2018\/10\/10097892-300x225.jpg","datePublished":"2018-10-07T18:57:43+00:00","dateModified":"2018-10-07T18:58:42+00:00","breadcrumb":{"@id":"https:\/\/flokardinal.org\/?page_id=3596#breadcrumb"},"inLanguage":"fr-FR","potentialAction":[{"@type":"ReadAction","target":["https:\/\/flokardinal.org\/?page_id=3596"]}]},{"@type":"ImageObject","inLanguage":"fr-FR","@id":"https:\/\/flokardinal.org\/?page_id=3596#primaryimage","url":"http:\/\/flokardinal.org\/wordpress\/wp-content\/uploads\/2018\/10\/10097892-300x225.jpg","contentUrl":"http:\/\/flokardinal.org\/wordpress\/wp-content\/uploads\/2018\/10\/10097892-300x225.jpg"},{"@type":"BreadcrumbList","@id":"https:\/\/flokardinal.org\/?page_id=3596#breadcrumb","itemListElement":[{"@type":"ListItem","position":1,"name":"Accueil","item":"https:\/\/flokardinal.org\/"},{"@type":"ListItem","position":2,"name":"Inspirations","item":"https:\/\/flokardinal.org\/?page_id=18"},{"@type":"ListItem","position":3,"name":"DEEP BLU TRANCE"}]},{"@type":"WebSite","@id":"https:\/\/flokardinal.org\/#website","url":"https:\/\/flokardinal.org\/","name":"Les danses de la chamane","description":"Le corps cr\u00e9ateur gu\u00e9risseur salvateur","potentialAction":[{"@type":"SearchAction","target":{"@type":"EntryPoint","urlTemplate":"https:\/\/flokardinal.org\/?s={search_term_string}"},"query-input":{"@type":"PropertyValueSpecification","valueRequired":true,"valueName":"search_term_string"}}],"inLanguage":"fr-FR"}]}},"_links":{"self":[{"href":"http:\/\/flokardinal.org\/index.php?rest_route=\/wp\/v2\/pages\/3596","targetHints":{"allow":["GET"]}}],"collection":[{"href":"http:\/\/flokardinal.org\/index.php?rest_route=\/wp\/v2\/pages"}],"about":[{"href":"http:\/\/flokardinal.org\/index.php?rest_route=\/wp\/v2\/types\/page"}],"author":[{"embeddable":true,"href":"http:\/\/flokardinal.org\/index.php?rest_route=\/wp\/v2\/users\/1"}],"replies":[{"embeddable":true,"href":"http:\/\/flokardinal.org\/index.php?rest_route=%2Fwp%2Fv2%2Fcomments&post=3596"}],"version-history":[{"count":1,"href":"http:\/\/flokardinal.org\/index.php?rest_route=\/wp\/v2\/pages\/3596\/revisions"}],"predecessor-version":[{"id":3599,"href":"http:\/\/flokardinal.org\/index.php?rest_route=\/wp\/v2\/pages\/3596\/revisions\/3599"}],"up":[{"embeddable":true,"href":"http:\/\/flokardinal.org\/index.php?rest_route=\/wp\/v2\/pages\/18"}],"wp:attachment":[{"href":"http:\/\/flokardinal.org\/index.php?rest_route=%2Fwp%2Fv2%2Fmedia&parent=3596"}],"curies":[{"name":"wp","href":"https:\/\/api.w.org\/{rel}","templated":true}]}}