{"id":33,"date":"2015-04-14T15:23:40","date_gmt":"2015-04-14T14:23:40","guid":{"rendered":"http:\/\/flokardinal.org\/wordpress\/?page_id=33"},"modified":"2020-08-19T13:59:40","modified_gmt":"2020-08-19T12:59:40","slug":"vegetal","status":"publish","type":"page","link":"http:\/\/flokardinal.org\/?page_id=33","title":{"rendered":"V\u00e9g\u00e9tal Performance Sous le signe de l&rsquo;exploration"},"content":{"rendered":"<h3><a href=\"http:\/\/flokardinal.org\/wordpress\/wp-content\/uploads\/2015\/04\/Flyer-Vegetal-copie.jpg\"><img loading=\"lazy\" decoding=\"async\" class=\"alignnone size-large wp-image-299\" src=\"http:\/\/flokardinal.org\/wordpress\/wp-content\/uploads\/2015\/04\/Flyer-Vegetal-copie-734x1024.jpg\" alt=\"Flyer Vegetal copie\" width=\"474\" height=\"661\" srcset=\"http:\/\/flokardinal.org\/wp-content\/uploads\/2015\/04\/Flyer-Vegetal-copie-734x1024.jpg 734w, http:\/\/flokardinal.org\/wp-content\/uploads\/2015\/04\/Flyer-Vegetal-copie-215x300.jpg 215w, http:\/\/flokardinal.org\/wp-content\/uploads\/2015\/04\/Flyer-Vegetal-copie.jpg 1287w\" sizes=\"auto, (max-width: 474px) 100vw, 474px\" \/><\/a><\/h3>\n<h3><span style=\"color: #000000;\"><strong>&nbsp;<\/strong><strong>La performance<\/strong><\/span><\/h3>\n<p>Le projet&nbsp; \u00ab&nbsp;<strong>VEGETAL<\/strong>&nbsp;\u00bb est un espace exp\u00e9rimental n\u00e9 des &nbsp;investigations et recherches de l\u2019artiste Flo Kardinal.<\/p>\n<p>Elle propose l\u2019exploration d\u2019un espace participatif , intuitif et \u00e9mouvant&nbsp;\u00e0 l\u2019image des circonstances fondatrices de l\u2019existence de la performance.&nbsp;L&rsquo;artiste en amont exp\u00e9rimente un travail sur le mot, le rythme,le son . Ainsi le projet se pr\u00e9sente sous l&rsquo;intitul\u00e9:<\/p>\n<p><strong>Performance VEGETAL<\/strong>&nbsp;: \u00ab\u00a0une lecture sensible , une contemplation active\u00a0\u00bb\u00ae\u2122 .<\/p>\n<pre>Tous les projets et cr\u00e9ations de l'artiste Flo Kardinal et de la Cie Tir Group\u00e9 sont prot\u00e9g\u00e9s et d\u00e9pos\u00e9s dans leurs &nbsp;\u00e9laborations,formulations,concepts.<\/pre>\n<p>&nbsp;<\/p>\n<p>&nbsp;<\/p>\n<p>&nbsp;<\/p>\n<p>&nbsp;<\/p>\n","protected":false},"excerpt":{"rendered":"<p>&nbsp;La performance Le projet&nbsp; \u00ab&nbsp;VEGETAL&nbsp;\u00bb est un espace exp\u00e9rimental n\u00e9 des &nbsp;investigations et recherches de l\u2019artiste Flo Kardinal. Elle propose l\u2019exploration d\u2019un espace participatif , intuitif et \u00e9mouvant&nbsp;\u00e0 l\u2019image des circonstances fondatrices de l\u2019existence de la performance.&nbsp;L&rsquo;artiste en amont exp\u00e9rimente un travail sur le mot, le rythme,le son . Ainsi le projet se pr\u00e9sente sous &hellip; <a href=\"http:\/\/flokardinal.org\/?page_id=33\" class=\"more-link\">Continuer la lecture de <span class=\"screen-reader-text\">V\u00e9g\u00e9tal Performance Sous le signe de l&rsquo;exploration<\/span>  <span class=\"meta-nav\">&rarr;<\/span><\/a><\/p>\n","protected":false},"author":1,"featured_media":319,"parent":1423,"menu_order":8,"comment_status":"open","ping_status":"open","template":"","meta":{"footnotes":""},"class_list":["post-33","page","type-page","status-publish","has-post-thumbnail","hentry"],"yoast_head":"<!-- This site is optimized with the Yoast SEO plugin v27.4 - https:\/\/yoast.com\/product\/yoast-seo-wordpress\/ -->\n<title>V\u00e9g\u00e9tal Performance Sous le signe de l&#039;exploration - Les danses de la chamane<\/title>\n<meta name=\"description\" content=\"V\u00e9g\u00e9tal Performance Flo Kardinal Les danses de la chamane Cie TIR GROUP\u00e9 Antoine Savalski\" \/>\n<meta name=\"robots\" content=\"index, follow, max-snippet:-1, max-image-preview:large, max-video-preview:-1\" \/>\n<link rel=\"canonical\" href=\"https:\/\/flokardinal.org\/?page_id=33\" \/>\n<meta property=\"og:locale\" content=\"fr_FR\" \/>\n<meta property=\"og:type\" content=\"article\" \/>\n<meta property=\"og:title\" content=\"V\u00e9g\u00e9tal Performance Sous le signe de l&#039;exploration - Les danses de la chamane\" \/>\n<meta property=\"og:description\" content=\"V\u00e9g\u00e9tal Performance Flo Kardinal Les danses de la chamane Cie TIR GROUP\u00e9 Antoine Savalski\" \/>\n<meta property=\"og:url\" content=\"https:\/\/flokardinal.org\/?page_id=33\" \/>\n<meta property=\"og:site_name\" content=\"Les danses de la chamane\" \/>\n<meta property=\"article:modified_time\" content=\"2020-08-19T12:59:40+00:00\" \/>\n<meta property=\"og:image\" content=\"https:\/\/flokardinal.org\/wp-content\/uploads\/2015\/04\/DSC0866-web.jpg\" \/>\n\t<meta property=\"og:image:width\" content=\"680\" \/>\n\t<meta property=\"og:image:height\" content=\"1021\" \/>\n\t<meta property=\"og:image:type\" content=\"image\/jpeg\" \/>\n<meta name=\"twitter:card\" content=\"summary_large_image\" \/>\n<meta name=\"twitter:site\" content=\"@kardinal93\" \/>\n<meta name=\"twitter:label1\" content=\"Dur\u00e9e de lecture estim\u00e9e\" \/>\n\t<meta name=\"twitter:data1\" content=\"1 minute\" \/>\n<script type=\"application\/ld+json\" class=\"yoast-schema-graph\">{\"@context\":\"https:\\\/\\\/schema.org\",\"@graph\":[{\"@type\":\"WebPage\",\"@id\":\"https:\\\/\\\/flokardinal.org\\\/?page_id=33\",\"url\":\"https:\\\/\\\/flokardinal.org\\\/?page_id=33\",\"name\":\"V\u00e9g\u00e9tal Performance Sous le signe de l'exploration - Les danses de la chamane\",\"isPartOf\":{\"@id\":\"https:\\\/\\\/flokardinal.org\\\/#website\"},\"primaryImageOfPage\":{\"@id\":\"https:\\\/\\\/flokardinal.org\\\/?page_id=33#primaryimage\"},\"image\":{\"@id\":\"https:\\\/\\\/flokardinal.org\\\/?page_id=33#primaryimage\"},\"thumbnailUrl\":\"http:\\\/\\\/flokardinal.org\\\/wp-content\\\/uploads\\\/2015\\\/04\\\/DSC0866-web.jpg\",\"datePublished\":\"2015-04-14T14:23:40+00:00\",\"dateModified\":\"2020-08-19T12:59:40+00:00\",\"description\":\"V\u00e9g\u00e9tal Performance Flo Kardinal Les danses de la chamane Cie TIR GROUP\u00e9 Antoine Savalski\",\"breadcrumb\":{\"@id\":\"https:\\\/\\\/flokardinal.org\\\/?page_id=33#breadcrumb\"},\"inLanguage\":\"fr-FR\",\"potentialAction\":[{\"@type\":\"ReadAction\",\"target\":[\"https:\\\/\\\/flokardinal.org\\\/?page_id=33\"]}]},{\"@type\":\"ImageObject\",\"inLanguage\":\"fr-FR\",\"@id\":\"https:\\\/\\\/flokardinal.org\\\/?page_id=33#primaryimage\",\"url\":\"http:\\\/\\\/flokardinal.org\\\/wp-content\\\/uploads\\\/2015\\\/04\\\/DSC0866-web.jpg\",\"contentUrl\":\"http:\\\/\\\/flokardinal.org\\\/wp-content\\\/uploads\\\/2015\\\/04\\\/DSC0866-web.jpg\",\"width\":680,\"height\":1021,\"caption\":\"VEGETAL PERFORMANCE\"},{\"@type\":\"BreadcrumbList\",\"@id\":\"https:\\\/\\\/flokardinal.org\\\/?page_id=33#breadcrumb\",\"itemListElement\":[{\"@type\":\"ListItem\",\"position\":1,\"name\":\"Accueil\",\"item\":\"https:\\\/\\\/flokardinal.org\\\/\"},{\"@type\":\"ListItem\",\"position\":2,\"name\":\"L&rsquo;ACTUALIT\u00e9 CREATIVE DE LA Cie Tir Group\u00e9\",\"item\":\"http:\\\/\\\/flokardinal.org\\\/?page_id=1423\"},{\"@type\":\"ListItem\",\"position\":3,\"name\":\"V\u00e9g\u00e9tal Performance Sous le signe de l&rsquo;exploration\"}]},{\"@type\":\"WebSite\",\"@id\":\"https:\\\/\\\/flokardinal.org\\\/#website\",\"url\":\"https:\\\/\\\/flokardinal.org\\\/\",\"name\":\"Les danses de la chamane\",\"description\":\"Le corps cr\u00e9ateur gu\u00e9risseur salvateur\",\"potentialAction\":[{\"@type\":\"SearchAction\",\"target\":{\"@type\":\"EntryPoint\",\"urlTemplate\":\"https:\\\/\\\/flokardinal.org\\\/?s={search_term_string}\"},\"query-input\":{\"@type\":\"PropertyValueSpecification\",\"valueRequired\":true,\"valueName\":\"search_term_string\"}}],\"inLanguage\":\"fr-FR\"}]}<\/script>\n<!-- \/ Yoast SEO plugin. -->","yoast_head_json":{"title":"V\u00e9g\u00e9tal Performance Sous le signe de l'exploration - Les danses de la chamane","description":"V\u00e9g\u00e9tal Performance Flo Kardinal Les danses de la chamane Cie TIR GROUP\u00e9 Antoine Savalski","robots":{"index":"index","follow":"follow","max-snippet":"max-snippet:-1","max-image-preview":"max-image-preview:large","max-video-preview":"max-video-preview:-1"},"canonical":"https:\/\/flokardinal.org\/?page_id=33","og_locale":"fr_FR","og_type":"article","og_title":"V\u00e9g\u00e9tal Performance Sous le signe de l'exploration - Les danses de la chamane","og_description":"V\u00e9g\u00e9tal Performance Flo Kardinal Les danses de la chamane Cie TIR GROUP\u00e9 Antoine Savalski","og_url":"https:\/\/flokardinal.org\/?page_id=33","og_site_name":"Les danses de la chamane","article_modified_time":"2020-08-19T12:59:40+00:00","og_image":[{"width":680,"height":1021,"url":"https:\/\/flokardinal.org\/wp-content\/uploads\/2015\/04\/DSC0866-web.jpg","type":"image\/jpeg"}],"twitter_card":"summary_large_image","twitter_site":"@kardinal93","twitter_misc":{"Dur\u00e9e de lecture estim\u00e9e":"1 minute"},"schema":{"@context":"https:\/\/schema.org","@graph":[{"@type":"WebPage","@id":"https:\/\/flokardinal.org\/?page_id=33","url":"https:\/\/flokardinal.org\/?page_id=33","name":"V\u00e9g\u00e9tal Performance Sous le signe de l'exploration - Les danses de la chamane","isPartOf":{"@id":"https:\/\/flokardinal.org\/#website"},"primaryImageOfPage":{"@id":"https:\/\/flokardinal.org\/?page_id=33#primaryimage"},"image":{"@id":"https:\/\/flokardinal.org\/?page_id=33#primaryimage"},"thumbnailUrl":"http:\/\/flokardinal.org\/wp-content\/uploads\/2015\/04\/DSC0866-web.jpg","datePublished":"2015-04-14T14:23:40+00:00","dateModified":"2020-08-19T12:59:40+00:00","description":"V\u00e9g\u00e9tal Performance Flo Kardinal Les danses de la chamane Cie TIR GROUP\u00e9 Antoine Savalski","breadcrumb":{"@id":"https:\/\/flokardinal.org\/?page_id=33#breadcrumb"},"inLanguage":"fr-FR","potentialAction":[{"@type":"ReadAction","target":["https:\/\/flokardinal.org\/?page_id=33"]}]},{"@type":"ImageObject","inLanguage":"fr-FR","@id":"https:\/\/flokardinal.org\/?page_id=33#primaryimage","url":"http:\/\/flokardinal.org\/wp-content\/uploads\/2015\/04\/DSC0866-web.jpg","contentUrl":"http:\/\/flokardinal.org\/wp-content\/uploads\/2015\/04\/DSC0866-web.jpg","width":680,"height":1021,"caption":"VEGETAL PERFORMANCE"},{"@type":"BreadcrumbList","@id":"https:\/\/flokardinal.org\/?page_id=33#breadcrumb","itemListElement":[{"@type":"ListItem","position":1,"name":"Accueil","item":"https:\/\/flokardinal.org\/"},{"@type":"ListItem","position":2,"name":"L&rsquo;ACTUALIT\u00e9 CREATIVE DE LA Cie Tir Group\u00e9","item":"http:\/\/flokardinal.org\/?page_id=1423"},{"@type":"ListItem","position":3,"name":"V\u00e9g\u00e9tal Performance Sous le signe de l&rsquo;exploration"}]},{"@type":"WebSite","@id":"https:\/\/flokardinal.org\/#website","url":"https:\/\/flokardinal.org\/","name":"Les danses de la chamane","description":"Le corps cr\u00e9ateur gu\u00e9risseur salvateur","potentialAction":[{"@type":"SearchAction","target":{"@type":"EntryPoint","urlTemplate":"https:\/\/flokardinal.org\/?s={search_term_string}"},"query-input":{"@type":"PropertyValueSpecification","valueRequired":true,"valueName":"search_term_string"}}],"inLanguage":"fr-FR"}]}},"_links":{"self":[{"href":"http:\/\/flokardinal.org\/index.php?rest_route=\/wp\/v2\/pages\/33","targetHints":{"allow":["GET"]}}],"collection":[{"href":"http:\/\/flokardinal.org\/index.php?rest_route=\/wp\/v2\/pages"}],"about":[{"href":"http:\/\/flokardinal.org\/index.php?rest_route=\/wp\/v2\/types\/page"}],"author":[{"embeddable":true,"href":"http:\/\/flokardinal.org\/index.php?rest_route=\/wp\/v2\/users\/1"}],"replies":[{"embeddable":true,"href":"http:\/\/flokardinal.org\/index.php?rest_route=%2Fwp%2Fv2%2Fcomments&post=33"}],"version-history":[{"count":12,"href":"http:\/\/flokardinal.org\/index.php?rest_route=\/wp\/v2\/pages\/33\/revisions"}],"predecessor-version":[{"id":7401,"href":"http:\/\/flokardinal.org\/index.php?rest_route=\/wp\/v2\/pages\/33\/revisions\/7401"}],"up":[{"embeddable":true,"href":"http:\/\/flokardinal.org\/index.php?rest_route=\/wp\/v2\/pages\/1423"}],"wp:featuredmedia":[{"embeddable":true,"href":"http:\/\/flokardinal.org\/index.php?rest_route=\/wp\/v2\/media\/319"}],"wp:attachment":[{"href":"http:\/\/flokardinal.org\/index.php?rest_route=%2Fwp%2Fv2%2Fmedia&parent=33"}],"curies":[{"name":"wp","href":"https:\/\/api.w.org\/{rel}","templated":true}]}}