{"id":3202,"date":"2018-06-27T20:56:36","date_gmt":"2018-06-27T19:56:36","guid":{"rendered":"http:\/\/flokardinal.org\/wordpress\/?page_id=3202"},"modified":"2022-09-02T10:46:10","modified_gmt":"2022-09-02T09:46:10","slug":"teaser-de-la-transe-a-la-performance","status":"publish","type":"page","link":"http:\/\/flokardinal.org\/?page_id=3202","title":{"rendered":"Teaser La Secousse Libre une exploration"},"content":{"rendered":"<figure id=\"attachment_3203\" aria-describedby=\"caption-attachment-3203\" style=\"width: 150px\" class=\"wp-caption alignnone\"><a href=\"http:\/\/flokardinal.org\/wordpress\/wp-content\/uploads\/2018\/06\/IMG_6528s.jpg\"><img loading=\"lazy\" decoding=\"async\" class=\"size-thumbnail wp-image-3203\" src=\"http:\/\/flokardinal.org\/wordpress\/wp-content\/uploads\/2018\/06\/IMG_6528s-150x150.jpg\" alt=\"\" width=\"150\" height=\"150\"><\/a><figcaption id=\"caption-attachment-3203\" class=\"wp-caption-text\">De La Transe \u00e0 La Performance Cie Tir Group\u00e9<\/figcaption><\/figure>\n<p>Teaser de \u00ab\u00a0De la transe \u00e0 La Performance\u00a0\u00bb&nbsp;\u00a9 une exploration act\u00e9e dans le cadre du Festival Faits \u00e0 La maison Micadances 2018 : travers\u00e9e des outils La Secousse Libre&nbsp;\u00ae\u2122<\/p>\n<p><iframe loading=\"lazy\" title=\"DE LA TRANSE A LA PERFORMANCE Cie Tir Group\u00e9 teaser\" src=\"https:\/\/player.vimeo.com\/video\/277354185?dnt=1&amp;app_id=122963\" width=\"474\" height=\"356\" frameborder=\"0\" allow=\"autoplay; fullscreen; picture-in-picture; clipboard-write\"><\/iframe><\/p>\n","protected":false},"excerpt":{"rendered":"<p>Teaser de \u00ab\u00a0De la transe \u00e0 La Performance\u00a0\u00bb&nbsp;\u00a9 une exploration act\u00e9e dans le cadre du Festival Faits \u00e0 La maison Micadances 2018 : travers\u00e9e des outils La Secousse Libre&nbsp;\u00ae\u2122<\/p>\n","protected":false},"author":1,"featured_media":0,"parent":7001,"menu_order":2,"comment_status":"closed","ping_status":"closed","template":"","meta":{"footnotes":""},"class_list":["post-3202","page","type-page","status-publish","hentry"],"yoast_head":"<!-- This site is optimized with the Yoast SEO plugin v27.3 - https:\/\/yoast.com\/product\/yoast-seo-wordpress\/ -->\n<title>Teaser La Secousse Libre une exploration - Les danses de la chamane<\/title>\n<meta name=\"robots\" content=\"index, follow, max-snippet:-1, max-image-preview:large, max-video-preview:-1\" \/>\n<link rel=\"canonical\" href=\"http:\/\/flokardinal.org\/?page_id=3202\" \/>\n<meta property=\"og:locale\" content=\"fr_FR\" \/>\n<meta property=\"og:type\" content=\"article\" \/>\n<meta property=\"og:title\" content=\"Teaser La Secousse Libre une exploration - Les danses de la chamane\" \/>\n<meta property=\"og:description\" content=\"Teaser de \u00ab\u00a0De la transe \u00e0 La Performance\u00a0\u00bb&nbsp;\u00a9 une exploration act\u00e9e dans le cadre du Festival Faits \u00e0 La maison Micadances 2018 : travers\u00e9e des outils La Secousse Libre&nbsp;\u00ae\u2122\" \/>\n<meta property=\"og:url\" content=\"http:\/\/flokardinal.org\/?page_id=3202\" \/>\n<meta property=\"og:site_name\" content=\"Les danses de la chamane\" \/>\n<meta property=\"article:modified_time\" content=\"2022-09-02T09:46:10+00:00\" \/>\n<meta property=\"og:image\" content=\"http:\/\/flokardinal.org\/wordpress\/wp-content\/uploads\/2018\/06\/IMG_6528s-150x150.jpg\" \/>\n<meta name=\"twitter:card\" content=\"summary_large_image\" \/>\n<meta name=\"twitter:site\" content=\"@kardinal93\" \/>\n<script type=\"application\/ld+json\" class=\"yoast-schema-graph\">{\"@context\":\"https:\\\/\\\/schema.org\",\"@graph\":[{\"@type\":\"WebPage\",\"@id\":\"http:\\\/\\\/flokardinal.org\\\/?page_id=3202\",\"url\":\"http:\\\/\\\/flokardinal.org\\\/?page_id=3202\",\"name\":\"Teaser La Secousse Libre une exploration - Les danses de la chamane\",\"isPartOf\":{\"@id\":\"http:\\\/\\\/flokardinal.org\\\/#website\"},\"primaryImageOfPage\":{\"@id\":\"http:\\\/\\\/flokardinal.org\\\/?page_id=3202#primaryimage\"},\"image\":{\"@id\":\"http:\\\/\\\/flokardinal.org\\\/?page_id=3202#primaryimage\"},\"thumbnailUrl\":\"http:\\\/\\\/flokardinal.org\\\/wordpress\\\/wp-content\\\/uploads\\\/2018\\\/06\\\/IMG_6528s-150x150.jpg\",\"datePublished\":\"2018-06-27T19:56:36+00:00\",\"dateModified\":\"2022-09-02T09:46:10+00:00\",\"breadcrumb\":{\"@id\":\"http:\\\/\\\/flokardinal.org\\\/?page_id=3202#breadcrumb\"},\"inLanguage\":\"fr-FR\",\"potentialAction\":[{\"@type\":\"ReadAction\",\"target\":[\"http:\\\/\\\/flokardinal.org\\\/?page_id=3202\"]}]},{\"@type\":\"ImageObject\",\"inLanguage\":\"fr-FR\",\"@id\":\"http:\\\/\\\/flokardinal.org\\\/?page_id=3202#primaryimage\",\"url\":\"http:\\\/\\\/flokardinal.org\\\/wordpress\\\/wp-content\\\/uploads\\\/2018\\\/06\\\/IMG_6528s-150x150.jpg\",\"contentUrl\":\"http:\\\/\\\/flokardinal.org\\\/wordpress\\\/wp-content\\\/uploads\\\/2018\\\/06\\\/IMG_6528s-150x150.jpg\"},{\"@type\":\"BreadcrumbList\",\"@id\":\"http:\\\/\\\/flokardinal.org\\\/?page_id=3202#breadcrumb\",\"itemListElement\":[{\"@type\":\"ListItem\",\"position\":1,\"name\":\"Accueil\",\"item\":\"http:\\\/\\\/flokardinal.org\\\/\"},{\"@type\":\"ListItem\",\"position\":2,\"name\":\"LA PRATIQUE CORPORELLE :La Secousse Libre\",\"item\":\"http:\\\/\\\/flokardinal.org\\\/?page_id=7001\"},{\"@type\":\"ListItem\",\"position\":3,\"name\":\"Teaser La Secousse Libre une exploration\"}]},{\"@type\":\"WebSite\",\"@id\":\"http:\\\/\\\/flokardinal.org\\\/#website\",\"url\":\"http:\\\/\\\/flokardinal.org\\\/\",\"name\":\"Les danses de la chamane\",\"description\":\"Le corps cr\u00e9ateur gu\u00e9risseur salvateur\",\"potentialAction\":[{\"@type\":\"SearchAction\",\"target\":{\"@type\":\"EntryPoint\",\"urlTemplate\":\"http:\\\/\\\/flokardinal.org\\\/?s={search_term_string}\"},\"query-input\":{\"@type\":\"PropertyValueSpecification\",\"valueRequired\":true,\"valueName\":\"search_term_string\"}}],\"inLanguage\":\"fr-FR\"}]}<\/script>\n<!-- \/ Yoast SEO plugin. -->","yoast_head_json":{"title":"Teaser La Secousse Libre une exploration - Les danses de la chamane","robots":{"index":"index","follow":"follow","max-snippet":"max-snippet:-1","max-image-preview":"max-image-preview:large","max-video-preview":"max-video-preview:-1"},"canonical":"http:\/\/flokardinal.org\/?page_id=3202","og_locale":"fr_FR","og_type":"article","og_title":"Teaser La Secousse Libre une exploration - Les danses de la chamane","og_description":"Teaser de \u00ab\u00a0De la transe \u00e0 La Performance\u00a0\u00bb&nbsp;\u00a9 une exploration act\u00e9e dans le cadre du Festival Faits \u00e0 La maison Micadances 2018 : travers\u00e9e des outils La Secousse Libre&nbsp;\u00ae\u2122","og_url":"http:\/\/flokardinal.org\/?page_id=3202","og_site_name":"Les danses de la chamane","article_modified_time":"2022-09-02T09:46:10+00:00","og_image":[{"url":"http:\/\/flokardinal.org\/wordpress\/wp-content\/uploads\/2018\/06\/IMG_6528s-150x150.jpg","type":"","width":"","height":""}],"twitter_card":"summary_large_image","twitter_site":"@kardinal93","schema":{"@context":"https:\/\/schema.org","@graph":[{"@type":"WebPage","@id":"http:\/\/flokardinal.org\/?page_id=3202","url":"http:\/\/flokardinal.org\/?page_id=3202","name":"Teaser La Secousse Libre une exploration - Les danses de la chamane","isPartOf":{"@id":"http:\/\/flokardinal.org\/#website"},"primaryImageOfPage":{"@id":"http:\/\/flokardinal.org\/?page_id=3202#primaryimage"},"image":{"@id":"http:\/\/flokardinal.org\/?page_id=3202#primaryimage"},"thumbnailUrl":"http:\/\/flokardinal.org\/wordpress\/wp-content\/uploads\/2018\/06\/IMG_6528s-150x150.jpg","datePublished":"2018-06-27T19:56:36+00:00","dateModified":"2022-09-02T09:46:10+00:00","breadcrumb":{"@id":"http:\/\/flokardinal.org\/?page_id=3202#breadcrumb"},"inLanguage":"fr-FR","potentialAction":[{"@type":"ReadAction","target":["http:\/\/flokardinal.org\/?page_id=3202"]}]},{"@type":"ImageObject","inLanguage":"fr-FR","@id":"http:\/\/flokardinal.org\/?page_id=3202#primaryimage","url":"http:\/\/flokardinal.org\/wordpress\/wp-content\/uploads\/2018\/06\/IMG_6528s-150x150.jpg","contentUrl":"http:\/\/flokardinal.org\/wordpress\/wp-content\/uploads\/2018\/06\/IMG_6528s-150x150.jpg"},{"@type":"BreadcrumbList","@id":"http:\/\/flokardinal.org\/?page_id=3202#breadcrumb","itemListElement":[{"@type":"ListItem","position":1,"name":"Accueil","item":"http:\/\/flokardinal.org\/"},{"@type":"ListItem","position":2,"name":"LA PRATIQUE CORPORELLE :La Secousse Libre","item":"http:\/\/flokardinal.org\/?page_id=7001"},{"@type":"ListItem","position":3,"name":"Teaser La Secousse Libre une exploration"}]},{"@type":"WebSite","@id":"http:\/\/flokardinal.org\/#website","url":"http:\/\/flokardinal.org\/","name":"Les danses de la chamane","description":"Le corps cr\u00e9ateur gu\u00e9risseur salvateur","potentialAction":[{"@type":"SearchAction","target":{"@type":"EntryPoint","urlTemplate":"http:\/\/flokardinal.org\/?s={search_term_string}"},"query-input":{"@type":"PropertyValueSpecification","valueRequired":true,"valueName":"search_term_string"}}],"inLanguage":"fr-FR"}]}},"_links":{"self":[{"href":"http:\/\/flokardinal.org\/index.php?rest_route=\/wp\/v2\/pages\/3202","targetHints":{"allow":["GET"]}}],"collection":[{"href":"http:\/\/flokardinal.org\/index.php?rest_route=\/wp\/v2\/pages"}],"about":[{"href":"http:\/\/flokardinal.org\/index.php?rest_route=\/wp\/v2\/types\/page"}],"author":[{"embeddable":true,"href":"http:\/\/flokardinal.org\/index.php?rest_route=\/wp\/v2\/users\/1"}],"replies":[{"embeddable":true,"href":"http:\/\/flokardinal.org\/index.php?rest_route=%2Fwp%2Fv2%2Fcomments&post=3202"}],"version-history":[{"count":5,"href":"http:\/\/flokardinal.org\/index.php?rest_route=\/wp\/v2\/pages\/3202\/revisions"}],"predecessor-version":[{"id":8397,"href":"http:\/\/flokardinal.org\/index.php?rest_route=\/wp\/v2\/pages\/3202\/revisions\/8397"}],"up":[{"embeddable":true,"href":"http:\/\/flokardinal.org\/index.php?rest_route=\/wp\/v2\/pages\/7001"}],"wp:attachment":[{"href":"http:\/\/flokardinal.org\/index.php?rest_route=%2Fwp%2Fv2%2Fmedia&parent=3202"}],"curies":[{"name":"wp","href":"https:\/\/api.w.org\/{rel}","templated":true}]}}